-- Table structure for table `user_course_informations`
--

CREATE TABLE `user_course_informations` (
  `id` bigint UNSIGNED NOT NULL,
  `user_id` bigint UNSIGNED NOT NULL,
  `language_id` bigint UNSIGNED NOT NULL,
  `course_category_id` bigint UNSIGNED NOT NULL,
  `course_id` bigint UNSIGNED NOT NULL,
  `title` varchar(255) CHARACTER SET utf8mb4 COLLATE utf8mb4_unicode_ci DEFAULT NULL,
  `slug` varchar(255) CHARACTER SET utf8mb4 COLLATE utf8mb4_unicode_ci DEFAULT NULL,
  `instructor_id` bigint UNSIGNED DEFAULT NULL,
  `features` text CHARACTER SET utf8mb4 COLLATE utf8mb4_unicode_ci,
  `description` blob,
  `meta_keywords` varchar(255) CHARACTER SET utf8mb4 COLLATE utf8mb4_unicode_ci DEFAULT NULL,
  `meta_description` text CHARACTER SET utf8mb4 COLLATE utf8mb4_unicode_ci,
  `thanks_page_content` blob,
  `created_at` timestamp NULL DEFAULT NULL,
  `updated_at` timestamp NULL DEFAULT NULL
) ENGINE=InnoDB DEFAULT CHARSET=utf8mb4 COLLATE=utf8mb4_unicode_ci;

--
-- Dumping data for table `user_course_informations`
--

INSERT INTO `user_course_informations` (`id`, `user_id`, `language_id`, `course_category_id`, `course_id`, `title`, `slug`, `instructor_id`, `features`, `description`, `meta_keywords`, `meta_description`, `thanks_page_content`, `created_at`, `updated_at`) VALUES
(1, 231, 256, 41, 1, 'Full Stack Web Development Course - HTML, CSS, JS, PHP', 'full-stack-web-development-course---html-css-js-php', 18, '28.5 hours on-demand video\r\n14 articles\r\n66 downloadable resources\r\nFull lifetime access\r\nAccess on mobile and TV\r\nCertificate of completion', 0x[encoded data, 9252 characters], NULL, NULL, NULL, '2022-05-13 18:35:30', '2022-05-13 18:35:30'),
(4, 231, 256, 41, 12, 'Laravel Full Course with Real World Project - Model, View, Controller', 'laravel-full-course-with-real-world-project---model-view-controller', 19, '28.5 hours on-demand video\r\n14 articles\r\n66 downloadable resources\r\nFull lifetime access\r\nAccess on mobile and TV\r\nCertificate of completion', 0x[encoded data, 9252 characters], NULL, NULL, NULL, '2022-05-13 19:56:33', '2022-05-13 19:56:33'),
(6, 231, 256, 41, 3, 'Mobile App Development with React Native, Hybrid Mobile App', 'mobile-app-development-with-react-native-hybrid-mobile-app', 20, '28.5 hours on-demand video\r\n14 articles\r\n66 downloadable resources\r\nFull lifetime access\r\nAccess on mobile and TV\r\nCertificate of completion', 0x[encoded data, 9252 characters], NULL, NULL, NULL, '2022-05-13 20:05:01', '2022-05-13 20:05:01'),
(8, 231, 256, 42, 4, 'Build Landing Page Website with HTML, CSS, Javascript', 'build-landing-page-website-with-html-css-javascript', 21, '28.5 hours on-demand video\r\n14 articles\r\n66 downloadable resources\r\nFull lifetime access\r\nAccess on mobile and TV\r\nCertificate of completion', 0x[encoded data, 9252 characters], NULL, NULL, NULL, '2022-05-13 20:11:00', '2022-05-13 20:11:00'),
(10, 231, 256, 42, 5, 'Responsive Website Design with Media Query CSS', 'responsive-website-design-with-media-query-css', 18, '28.5 hours on-demand video\r\n14 articles\r\n66 downloadable resources\r\nFull lifetime access\r\nAccess on mobile and TV\r\nCertificate of completion', 0x[encoded data, 9252 characters], NULL, NULL, NULL, '2022-05-13 20:15:43', '2022-05-13 20:15:43');
INSERT INTO `user_course_informations` (`id`, `user_id`, `language_id`, `course_category_id`, `course_id`, `title`, `slug`, `instructor_id`, `features`, `description`, `meta_keywords`, `meta_description`, `thanks_page_content`, `created_at`, `updated_at`) VALUES
(12, 231, 256, 42, 6, 'Full UI/UX Design - Adobe Photoshop, Figma, XD', 'full-uiux-design---adobe-photoshop-figma-xd', 19, '28.5 hours on-demand video\r\n14 articles\r\n66 downloadable resources\r\nFull lifetime access\r\nAccess on mobile and TV\r\nCertificate of completion', 0x[encoded data, 9252 characters], NULL, NULL, NULL, '2022-05-13 20:19:37', '2022-05-13 20:19:37'),
(14, 231, 256, 43, 7, 'Online Marketing For Your Local Business Made Simple', 'online-marketing-for-your-local-business-made-simple', 20, '28.5 hours on-demand video\r\n14 articles\r\n66 downloadable resources\r\nFull lifetime access\r\nAccess on mobile and TV\r\nCertificate of completion', 0x[encoded data, 9252 characters], NULL, NULL, NULL, '2022-05-13 20:29:50', '2022-05-13 20:29:50'),
(16, 231, 256, 43, 8, 'Social Media Marketting - Facebook, Website, Instagram, Google', 'social-media-marketting---facebook-website-instagram-google', 21, '28.5 hours on-demand video\r\n14 articles\r\n66 downloadable resources\r\nFull lifetime access\r\nAccess on mobile and TV\r\nCertificate of completion', 0x[encoded data, 9252 characters], NULL, NULL, NULL, '2022-05-13 20:32:40', '2022-05-13 20:32:40'),
(18, 231, 256, 43, 9, 'Business Branding - Website, Facebook, Google, Instagram', 'business-branding---website-facebook-google-instagram', 21, '28.5 hours on-demand video\r\n14 articles\r\n66 downloadable resources\r\nFull lifetime access\r\nAccess on mobile and TV\r\nCertificate of completion', 0x[encoded data, 9252 characters], NULL, NULL, NULL, '2022-05-13 20:36:24', '2022-05-13 20:36:24'),
(20, 231, 256, 44, 10, 'How to Become Super Productive & Own Super Focus', 'how-to-become-super-productive-&-own-super-focus', 18, '28.5 hours on-demand video\r\n14 articles\r\n66 downloadable resources\r\nFull lifetime access\r\nAccess on mobile and TV\r\nCertificate of completion', 0x[encoded data, 9252 characters], NULL, NULL, NULL, '2022-05-13 20:39:35', '2022-05-13 20:39:35');
INSERT INTO `user_course_informations` (`id`, `user_id`, `language_id`, `course_category_id`, `course_id`, `title`, `slug`, `instructor_id`, `features`, `description`, `meta_keywords`, `meta_description`, `thanks_page_content`, `created_at`, `updated_at`) VALUES
(22, 231, 256, 41, 11, 'PHP Web Development Course with Real World Project', 'php-web-development-course-with-real-world-project', 19, '28.5 hours on-demand video\r\n14 articles\r\n66 downloadable resources\r\nFull lifetime access\r\nAccess on mobile and TV\r\nCertificate of completion', 0x[encoded data, 9252 characters], NULL, NULL, NULL, '2022-05-14 14:56:33', '2022-05-14 14:56:33'),
(74, 245, 277, 65, 13, 'Illo commodo ut prov', 'illo-commodo-ut-prov', 42, 'Illo commodo ut provIllo commodo ut provIllo commodo ut provIllo commodo ut provIllo commodo ut provIllo commodo ut provIllo commodo ut provIllo commodo ut provIllo commodo ut provIllo commodo ut provIllo commodo ut provIllo commodo ut provIllo commodo ut prov', 0x496c6c6f20636f6d6d6f646f2075742070726f76496c6c6f20636f6d6d6f646f2075742070726f76496c6c6f20636f6d6d6f646f2075742070726f76496c6c6f20636f6d6d6f646f2075742070726f76496c6c6f20636f6d6d6f646f2075742070726f76496c6c6f20636f6d6d6f646f2075742070726f76496c6c6f20636f6d6d6f646f2075742070726f76496c6c6f20636f6d6d6f646f2075742070726f76496c6c6f20636f6d6d6f646f2075742070726f76496c6c6f20636f6d6d6f646f2075742070726f76496c6c6f20636f6d6d6f646f2075742070726f76496c6c6f20636f6d6d6f646f2075742070726f76496c6c6f20636f6d6d6f646f2075742070726f76496c6c6f20636f6d6d6f646f2075742070726f76496c6c6f20636f6d6d6f646f2075742070726f76496c6c6f20636f6d6d6f646f2075742070726f76496c6c6f20636f6d6d6f646f2075742070726f76496c6c6f20636f6d6d6f646f2075742070726f76496c6c6f20636f6d6d6f646f2075742070726f76496c6c6f20636f6d6d6f646f2075742070726f76496c6c6f20636f6d6d6f646f2075742070726f76496c6c6f20636f6d6d6f646f2075742070726f76496c6c6f20636f6d6d6f646f2075742070726f76496c6c6f20636f6d6d6f646f2075742070726f76496c6c6f20636f6d6d6f646f2075742070726f76496c6c6f20636f6d6d6f646f2075742070726f76496c6c6f20636f6d6d6f646f2075742070726f76496c6c6f20636f6d6d6f646f2075742070726f76496c6c6f20636f6d6d6f646f2075742070726f76496c6c6f20636f6d6d6f646f2075742070726f76496c6c6f20636f6d6d6f646f2075742070726f76496c6c6f20636f6d6d6f646f2075742070726f76496c6c6f20636f6d6d6f646f2075742070726f76496c6c6f20636f6d6d6f646f2075742070726f76496c6c6f20636f6d6d6f646f2075742070726f76496c6c6f20636f6d6d6f646f2075742070726f76496c6c6f20636f6d6d6f646f2075742070726f76496c6c6f20636f6d6d6f646f2075742070726f76496c6c6f20636f6d6d6f646f2075742070726f76, NULL, NULL, NULL, '2024-02-27 23:41:31', '2024-02-27 23:41:31');

-- --------------------------------------------------------

--
-- Table structure for table `user_course_instructors`
--

CREATE TABLE `user_course_instructors` (
  `id` bigint UNSIGNED NOT NULL,
  `user_id` bigint UNSIGNED NOT NULL,
  `language_id` bigint UNSIGNED NOT NULL,
  `image` text CHARACTER SET utf8mb4 COLLATE utf8mb4_unicode_ci NOT NULL,
  `name` varchar(255) CHARACTER SET utf8mb4 COLLATE utf8mb4_unicode_ci NOT NULL,
  `occupation` varchar(255) CHARACTER SET utf8mb4 COLLATE utf8mb4_unicode_ci NOT NULL,
  `description` text CHARACTER SET utf8mb4 COLLATE utf8mb4_unicode_ci NOT NULL,
  `is_featured` int NOT NULL DEFAULT '0',
  `created_at` timestamp NULL DEFAULT NULL,
  `updated_at` timestamp NULL DEFAULT NULL
) ENGINE=InnoDB DEFAULT CHARSET=utf8mb4 COLLATE=utf8mb4_unicode_ci;

--
-- Dumping data for table `user_course_instructors`
--

INSERT INTO `user_course_instructors` (`id`, `user_id`, `language_id`, `image`, `name`, `occupation`, `description`, `is_featured`, `created_at`, `updated_at`) VALUES
(18, 231, 256, '627f986a6f94a.jpg', 'John Doe', 'Web Developer, Businesso', '<p><span style=\"font-family:\'Open Sans\', Arial, sans-serif;text-align:justify;font-size:18px;\">At vero eos et accusamus et iusto odio dignissimos ducimus qui blanditiis praesentium voluptatum deleniti atque corrupti quos dolores et quas molestias excepturi sint occaecati cupiditate non provident, similique sunt in culpa qui officia deserunt mollitia animi, id est laborum et dolorum fuga. Et harum quidem rerum facilis est et expedita distinctio. Nam libero tempore, cum soluta nobis est eligendi optio cumque nihil impedit quo minus id quod maxime placeat facere possimus, omnis voluptas assumenda est</span></p><p><span style=\"font-family:\'Open Sans\', Arial, sans-serif;text-align:justify;font-size:18px;\"><br /></span></p><p><span style=\"font-family:\'Open Sans\', Arial, sans-serif;text-align:justify;font-size:18px;\"><b>Specialities:</b></span></p><ul><li style=\"font-style:inherit;font-weight:inherit;font-size:18px;line-height:28px;\">Lorem ipsum dolor sit amet, </li><li style=\"font-style:inherit;font-weight:inherit;font-size:18px;line-height:28px;\">consectetuer adipiscing elit.</li><li style=\"font-style:inherit;font-weight:inherit;font-size:18px;line-height:28px;\">Aliquam tincidunt mauris eu risus.</li><li style=\"font-style:inherit;font-weight:inherit;font-size:18px;line-height:28px;\">Vestibulum auctor dapibus neque.</li></ul><p><br /></p>', 1, '2022-05-13 17:54:18', '2022-05-14 12:42:25'),
(19, 231, 256, '627f9a5c31ed3.jpg', 'Jack Oram', 'UI/UX Designer, Profilex', '<p><span style=\"font-family:\'Open Sans\', Arial, sans-serif;text-align:justify;font-size:18px;\">At vero eos et accusamus et iusto odio dignissimos ducimus qui blanditiis praesentium voluptatum deleniti atque corrupti quos dolores et quas molestias excepturi sint occaecati cupiditate non provident, similique sunt in culpa qui officia deserunt mollitia animi, id est laborum et dolorum fuga. Et harum quidem rerum facilis est et expedita distinctio. Nam libero tempore, cum soluta nobis est eligendi optio cumque nihil impedit quo minus id quod maxime placeat facere possimus, omnis voluptas assumenda est</span></p><p><span style=\"font-family:\'Open Sans\', Arial, sans-serif;text-align:justify;font-size:18px;\"><br /></span></p><p><span style=\"font-family:\'Open Sans\', Arial, sans-serif;text-align:justify;font-size:18px;\"><b>Specialities:</b></span></p><ul><li style=\"font-style:inherit;font-weight:inherit;font-size:18px;line-height:28px;\">Lorem ipsum dolor sit amet, </li><li style=\"font-style:inherit;font-weight:inherit;font-size:18px;line-height:28px;\">consectetuer adipiscing elit.</li><li style=\"font-style:inherit;font-weight:inherit;font-size:18px;line-height:28px;\">Aliquam tincidunt mauris eu risus.</li><li style=\"font-style:inherit;font-weight:inherit;font-size:18px;line-height:28px;\">Vestibulum auctor dapibus neque.</li></ul><p><br /></p>', 1, '2022-05-13 17:54:18', '2022-05-14 12:42:27'),
(20, 231, 256, '627f9a6a49c88.jpg', 'Nicolo Zaniolo', 'Fitness Coach, Superv', '<p><span style=\"font-family:\'Open Sans\', Arial, sans-serif;text-align:justify;font-size:18px;\">At vero eos et accusamus et iusto odio dignissimos ducimus qui blanditiis praesentium voluptatum deleniti atque corrupti quos dolores et quas molestias excepturi sint occaecati cupiditate non provident, similique sunt in culpa qui officia deserunt mollitia animi, id est laborum et dolorum fuga. Et harum quidem rerum facilis est et expedita distinctio. Nam libero tempore, cum soluta nobis est eligendi optio cumque nihil impedit quo minus id quod maxime placeat facere possimus, omnis voluptas assumenda est</span></p><p><span style=\"font-family:\'Open Sans\', Arial, sans-serif;text-align:justify;font-size:18px;\"><br /></span></p><p><span style=\"font-family:\'Open Sans\', Arial, sans-serif;text-align:justify;font-size:18px;\"><b>Specialities:</b></span></p><ul><li style=\"font-style:inherit;font-weight:inherit;font-size:18px;line-height:28px;\">Lorem ipsum dolor sit amet, </li><li style=\"font-style:inherit;font-weight:inherit;font-size:18px;line-height:28px;\">consectetuer adipiscing elit.</li><li style=\"font-style:inherit;font-weight:inherit;font-size:18px;line-height:28px;\">Aliquam tincidunt mauris eu risus.</li><li style=\"font-style:inherit;font-weight:inherit;font-size:18px;line-height:28px;\">Vestibulum auctor dapibus neque.</li></ul><p><br /></p>', 1, '2022-05-13 17:54:18', '2022-05-14 12:42:29'),
(21, 231, 256, '6280a21a98e22.png', 'Nicolo Barella', 'Web Designer, PlusAgency', '<p><span style=\"font-family:\'Open Sans\', Arial, sans-serif;text-align:justify;font-size:18px;\">At vero eos et accusamus et iusto odio dignissimos ducimus qui blanditiis praesentium voluptatum deleniti atque corrupti quos dolores et quas molestias excepturi sint occaecati cupiditate non provident, similique sunt in culpa qui officia deserunt mollitia animi, id est laborum et dolorum fuga. Et harum quidem rerum facilis est et expedita distinctio. Nam libero tempore, cum soluta nobis est eligendi optio cumque nihil impedit quo minus id quod maxime placeat facere possimus, omnis voluptas assumenda est</span></p><p><span style=\"font-family:\'Open Sans\', Arial, sans-serif;text-align:justify;font-size:18px;\"><br /></span></p><p><span style=\"font-family:\'Open Sans\', Arial, sans-serif;text-align:justify;font-size:18px;\"><b>Specialities:</b></span></p><ul><li style=\"font-style:inherit;font-weight:inherit;font-size:18px;line-height:28px;\">Lorem ipsum dolor sit amet, </li><li style=\"font-style:inherit;font-weight:inherit;font-size:18px;line-height:28px;\">consectetuer adipiscing elit.</li><li style=\"font-style:inherit;font-weight:inherit;font-size:18px;line-height:28px;\">Aliquam tincidunt mauris eu risus.</li><li style=\"font-style:inherit;font-weight:inherit;font-size:18px;line-height:28px;\">Vestibulum auctor dapibus neque.</li></ul><p><br /></p>', 0, '2022-05-13 17:54:18', '2022-05-14 12:47:54');

-- --------------------------------------------------------

--
-- Table structure for table `user_course_instructor_social_links`
--

CREATE TABLE `user_course_instructor_social_links` (
  `id` bigint UNSIGNED NOT NULL,
  `user_id` bigint UNSIGNED NOT NULL,
  `instructor_id` bigint UNSIGNED NOT NULL,
  `icon` varchar(255) CHARACTER SET utf8mb4 COLLATE utf8mb4_unicode_ci NOT NULL,
  `url` varchar(255) CHARACTER SET utf8mb4 COLLATE utf8mb4_unicode_ci NOT NULL,
  `serial_number` int NOT NULL,
  `created_at` timestamp NULL DEFAULT NULL,
  `updated_at` timestamp NULL DEFAULT NULL
) ENGINE=InnoDB DEFAULT CHARSET=utf8mb4 COLLATE=utf8mb4_unicode_ci;

--
-- Dumping data for table `user_course_instructor_social_links`
--

INSERT INTO `user_course_instructor_social_links` (`id`, `user_id`, `instructor_id`, `icon`, `url`, `serial_number`, `created_at`, `updated_at`) VALUES
(1, 231, 18, 'fab fa-linkedin-in', 'http://example.com/', 1, '2022-05-13 17:55:10', '2022-05-13 17:55:10'),
(2, 231, 18, 'fab fa-instagram', 'http://example.com/', 2, '2022-05-13 17:55:20', '2022-05-13 17:55:20'),
(3, 231, 18, 'fab fa-facebook-f', 'http://example.com/', 3, '2022-05-13 17:55:28', '2022-05-13 17:55:28'),
(4, 231, 19, 'fab fa-linkedin-in', 'http://example.com/', 1, '2022-05-13 17:55:10', '2022-05-13 17:55:10'),
(5, 231, 19, 'fab fa-instagram', 'http://example.com/', 2, '2022-05-13 17:55:20', '2022-05-13 17:55:20'),
(6, 231, 19, 'fab fa-facebook-f', 'http://example.com/', 3, '2022-05-13 17:55:28', '2022-05-13 17:55:28'),
(7, 231, 20, 'fab fa-linkedin-in', 'http://example.com/', 1, '2022-05-13 17:55:10', '2022-05-13 17:55:10'),
(8, 231, 20, 'fab fa-instagram', 'http://example.com/', 2, '2022-05-13 17:55:20', '2022-05-13 17:55:20'),
(9, 231, 20, 'fab fa-facebook-f', 'http://example.com/', 3, '2022-05-13 17:55:28', '2022-05-13 17:55:28'),
(10, 231, 21, 'fab fa-linkedin-in', 'http://example.com/', 1, '2022-05-13 17:55:10', '2022-05-13 17:55:10'),
(11, 231, 21, 'fab fa-instagram', 'http://example.com/', 2, '2022-05-13 17:55:20', '2022-05-13 17:55:20'),
(12, 231, 21, 'fab fa-facebook-f', 'http://example.com/', 3, '2022-05-13 17:55:28', '2022-05-13 17:55:28');

-- --------------------------------------------------------

--
-- Table structure for table `user_course_modules`
--

CREATE TABLE `user_course_modules` (
  `id` bigint UNSIGNED NOT NULL,
  `user_id` bigint UNSIGNED NOT NULL,
  `language_id` bigint UNSIGNED NOT NULL,
  `course_information_id` bigint UNSIGNED NOT NULL,
  `title` varchar(255) CHARACTER SET utf8mb4 COLLATE utf8mb4_unicode_ci NOT NULL,
  `status` varchar(255) CHARACTER SET utf8mb4 COLLATE utf8mb4_unicode_ci NOT NULL,
  `serial_number` int NOT NULL,
  `duration` time NOT NULL DEFAULT '00:00:00',
  `created_at` timestamp NULL DEFAULT NULL,
  `updated_at` timestamp NULL DEFAULT NULL
) ENGINE=InnoDB DEFAULT CHARSET=utf8mb4 COLLATE=utf8mb4_unicode_ci;

--
-- Dumping data for table `user_course_modules`
--

INSERT INTO `user_course_modules` (`id`, `user_id`, `language_id`, `course_information_id`, `title`, `status`, `serial_number`, `duration`, `created_at`, `updated_at`) VALUES
(1, 231, 256, 4, 'The first steps', 'published', 1, '00:01:00', '2022-05-14 17:26:28', '2022-07-20 11:53:33'),
(3, 231, 256, 4, 'Local Environment Setup', 'published', 3, '00:00:00', '2022-05-14 17:27:00', '2022-05-14 17:30:27'),
(4, 231, 256, 4, 'Laravel Fundamentals - Routes', 'published', 4, '00:00:00', '2022-05-14 17:27:16', '2022-05-14 17:27:16'),
(5, 231, 256, 4, 'Laravel Fundamentals - Controllers', 'published', 5, '00:00:00', '2022-05-14 17:27:33', '2022-05-14 17:27:33'),
(6, 231, 256, 4, 'Laravel Fundamentals - Views', 'published', 6, '00:00:00', '2022-05-14 17:27:56', '2022-05-14 17:27:56'),
(17, 231, 256, 1, 'The first steps', 'published', 1, '00:01:00', '2022-05-14 17:26:28', '2022-05-14 18:18:17'),
(18, 231, 256, 1, 'Local Environment Setup', 'published', 3, '00:00:00', '2022-05-14 17:27:00', '2022-05-14 17:30:27'),
(19, 231, 256, 1, 'Laravel Fundamentals - Routes', 'published', 4, '00:00:00', '2022-05-14 17:27:16', '2022-05-14 17:27:16'),
(20, 231, 256, 1, 'Laravel Fundamentals - Controllers', 'published', 5, '00:00:00', '2022-05-14 17:27:33', '2022-05-14 17:27:33'),
(21, 231, 256, 1, 'Laravel Fundamentals - Views', 'published', 6, '00:00:00', '2022-05-14 17:27:56', '2022-05-14 17:27:56'),
(28, 231, 256, 22, 'Local Environment Setup', 'published', 3, '00:00:00', '2022-05-14 17:27:00', '2022-05-14 17:30:27'),
(29, 231, 256, 22, 'Laravel Fundamentals - Routes', 'published', 4, '00:00:00', '2022-05-14 17:27:16', '2022-05-14 17:27:16'),
(30, 231, 256, 22, 'Laravel Fundamentals - Controllers', 'published', 5, '00:00:00', '2022-05-14 17:27:33', '2022-05-14 17:27:33'),
(31, 231, 256, 22, 'Laravel Fundamentals - Views', 'published', 6, '00:00:00', '2022-05-14 17:27:56', '2022-05-14 17:27:56'),
(37, 231, 256, 20, 'The first steps', 'published', 1, '00:01:00', '2022-05-14 17:26:28', '2022-05-14 18:18:17'),
(38, 231, 256, 20, 'Local Environment Setup', 'published', 3, '00:00:00', '2022-05-14 17:27:00', '2022-05-14 17:30:27'),
(39, 231, 256, 20, 'Laravel Fundamentals - Routes', 'published', 4, '00:00:00', '2022-05-14 17:27:16', '2022-05-14 17:27:16'),
(40, 231, 256, 20, 'Laravel Fundamentals - Controllers', 'published', 5, '00:00:00', '2022-05-14 17:27:33', '2022-05-14 17:27:33'),
(41, 231, 256, 20, 'Laravel Fundamentals - Views', 'published', 6, '00:00:00', '2022-05-14 17:27:56', '2022-05-14 17:27:56'),
(47, 231, 53, 18, 'The first steps', 'published', 1, '00:01:00', '2022-05-14 17:26:28', '2022-05-14 18:18:17'),
(48, 231, 256, 18, 'Local Environment Setup', 'published', 3, '00:00:00', '2022-05-14 17:27:00', '2022-05-14 17:30:27'),
(49, 231, 256, 18, 'Laravel Fundamentals - Routes', 'published', 4, '00:00:00', '2022-05-14 17:27:16', '2022-05-14 17:27:16'),
(50, 231, 256, 18, 'Laravel Fundamentals - Controllers', 'published', 5, '00:00:00', '2022-05-14 17:27:33', '2022-05-14 17:27:33'),
(51, 231, 256, 18, 'Laravel Fundamentals - Views', 'published', 6, '00:00:00', '2022-05-14 17:27:56', '2022-05-14 17:27:56'),
(52, 231, 54, 19, 'الخطوات الأولى', 'published', 1, '00:01:00', '2022-05-14 17:26:28', '2022-05-14 18:18:17'),
(57, 231, 256, 16, 'The first steps', 'published', 1, '00:01:00', '2022-05-14 17:26:28', '2022-05-14 18:18:17'),
(58, 231, 256, 16, 'Local Environment Setup', 'published', 3, '00:00:00', '2022-05-14 17:27:00', '2022-05-14 17:30:27'),
(59, 231, 256, 16, 'Laravel Fundamentals - Routes', 'published', 4, '00:00:00', '2022-05-14 17:27:16', '2022-05-14 17:27:16'),
(60, 231, 256, 16, 'Laravel Fundamentals - Controllers', 'published', 5, '00:00:00', '2022-05-14 17:27:33', '2022-05-14 17:27:33'),
(61, 231, 256, 16, 'Laravel Fundamentals - Views', 'published', 6, '00:00:00', '2022-05-14 17:27:56', '2022-05-14 17:27:56'),
(67, 231, 256, 14, 'The first steps', 'published', 1, '00:01:00', '2022-05-14 17:26:28', '2022-05-14 18:18:17'),
(68, 231, 256, 14, 'Local Environment Setup', 'published', 3, '00:00:00', '2022-05-14 17:27:00', '2022-05-14 17:30:27'),
(69, 231, 256, 14, 'Laravel Fundamentals - Routes', 'published', 4, '00:00:00', '2022-05-14 17:27:16', '2022-05-14 17:27:16'),
(70, 231, 256, 14, 'Laravel Fundamentals - Controllers', 'published', 5, '00:00:00', '2022-05-14 17:27:33', '2022-05-14 17:27:33'),
(71, 231, 256, 14, 'Laravel Fundamentals - Views', 'published', 6, '00:00:00', '2022-05-14 17:27:56', '2022-05-14 17:27:56'),
(72, 231, 54, 15, 'الخطوات الأولى', 'published', 1, '00:01:00', '2022-05-14 17:26:28', '2022-05-14 18:18:17'),
(77, 231, 256, 12, 'The first steps', 'published', 1, '00:01:00', '2022-05-14 17:26:28', '2022-05-14 18:18:17'),
(78, 231, 256, 12, 'Local Environment Setup', 'published', 3, '00:00:00', '2022-05-14 17:27:00', '2022-05-14 17:30:27'),
(79, 231, 256, 12, 'Laravel Fundamentals - Routes', 'published', 4, '00:00:00', '2022-05-14 17:27:16', '2022-05-14 17:27:16'),
(80, 231, 256, 12, 'Laravel Fundamentals - Controllers', 'published', 5, '00:00:00', '2022-05-14 17:27:33', '2022-05-14 17:27:33'),
(81, 231, 256, 12, 'Laravel Fundamentals - Views', 'published', 6, '00:00:00', '2022-05-14 17:27:56', '2022-05-14 17:27:56'),
(87, 231, 256, 10, 'The first steps', 'published', 1, '00:01:00', '2022-05-14 17:26:28', '2022-05-14 18:18:17'),
(88, 231, 256, 10, 'Local Environment Setup', 'published', 3, '00:00:00', '2022-05-14 17:27:00', '2022-05-14 17:30:27'),
(89, 231, 256, 10, 'Laravel Fundamentals - Routes', 'published', 4, '00:00:00', '2022-05-14 17:27:16', '2022-05-14 17:27:16'),
(90, 231, 256, 10, 'Laravel Fundamentals - Controllers', 'published', 5, '00:00:00', '2022-05-14 17:27:33', '2022-05-14 17:27:33'),
(91, 231, 256, 10, 'Laravel Fundamentals - Views', 'published', 6, '00:00:00', '2022-05-14 17:27:56', '2022-05-14 17:27:56'),
(97, 231, 256, 8, 'The first steps', 'published', 1, '00:01:00', '2022-05-14 17:26:28', '2022-05-14 18:18:17'),
(98, 231, 256, 8, 'Local Environment Setup', 'published', 3, '00:00:00', '2022-05-14 17:27:00', '2022-05-14 17:30:27'),
(99, 231, 256, 8, 'Laravel Fundamentals - Routes', 'published', 4, '00:00:00', '2022-05-14 17:27:16', '2022-05-14 17:27:16'),
(100, 231, 256, 8, 'Laravel Fundamentals - Controllers', 'published', 5, '00:00:00', '2022-05-14 17:27:33', '2022-05-14 17:27:33'),
(101, 231, 256, 8, 'Laravel Fundamentals - Views', 'published', 6, '00:00:00', '2022-05-14 17:27:56', '2022-05-14 17:27:56'),
(107, 231, 256, 6, 'The first steps', 'published', 1, '00:01:00', '2022-05-14 17:26:28', '2022-05-14 18:18:17'),
(108, 231, 256, 6, 'Local Environment Setup', 'published', 3, '00:00:00', '2022-05-14 17:27:00', '2022-05-14 17:30:27'),
(109, 231, 256, 6, 'Laravel Fundamentals - Routes', 'published', 4, '00:00:00', '2022-05-14 17:27:16', '2022-05-14 17:27:16'),
(110, 231, 256, 6, 'Laravel Fundamentals - Controllers', 'published', 5, '00:00:00', '2022-05-14 17:27:33', '2022-05-14 17:27:33'),
(111, 231, 256, 6, 'Laravel Fundamentals - Views', 'published', 6, '00:00:00', '2022-05-14 17:27:56', '2022-05-14 17:27:56');

-- --------------------------------------------------------

--
-- Table structure for table `user_course_reviews`
--

CREATE TABLE `user_course_reviews` (
  `id` bigint UNSIGNED NOT NULL,
  `user_id` bigint UNSIGNED NOT NULL,
  `customer_id` bigint UNSIGNED NOT NULL,
  `course_id` bigint UNSIGNED NOT NULL,
  `comment` text CHARACTER SET utf8mb4 COLLATE utf8mb4_unicode_ci,
  `rating` smallint NOT NULL,
  `created_at` timestamp NULL DEFAULT NULL,
  `updated_at` timestamp NULL DEFAULT NULL
) ENGINE=InnoDB DEFAULT CHARSET=utf8mb4 COLLATE=utf8mb4_unicode_ci;

-- --------------------------------------------------------

--
-- Table structure for table `user_custom_domains`
--

CREATE TABLE `user_custom_domains` (
  `id` int NOT NULL,
  `user_id` int NOT NULL,
  `requested_domain` varchar(255) DEFAULT NULL,
  `current_domain` varchar(255) DEFAULT NULL,
  `status` tinyint NOT NULL COMMENT '0 - Pending, 1 - Connected, 2 - Rejected, 3 - Removed',
  `created_at` timestamp NOT NULL DEFAULT CURRENT_TIMESTAMP,
  `updated_at` timestamp NOT NULL DEFAULT CURRENT_TIMESTAMP
) ENGINE=InnoDB DEFAULT CHARSET=utf8mb3;

--
-- Dumping data for table `user_custom_domains`
--

INSERT INTO `user_custom_domains` (`id`, `user_id`, `requested_domain`, `current_domain`, `status`, `created_at`, `updated_at`) VALUES
(5, 169, 'easttex.xyz', '0', 1, '2022-04-06 06:34:36', '2022-04-06 06:35:03'),
(6, 230, 'botique.online', '0', 1, '2023-01-18 05:59:47', '2023-01-18 06:00:51');

-- --------------------------------------------------------

--
-- Table structure for table `user_donations`
--

CREATE TABLE `user_donations` (
  `id` bigint UNSIGNED NOT NULL,
  `user_id` bigint UNSIGNED NOT NULL,
  `goal_amount` double NOT NULL,
  `min_amount` double NOT NULL,
  `custom_amount` longtext CHARACTER SET utf8mb4 COLLATE utf8mb4_unicode_ci,
  `image` longtext CHARACTER SET utf8mb4 COLLATE utf8mb4_unicode_ci,
  `created_at` timestamp NULL DEFAULT NULL,
  `updated_at` timestamp NULL DEFAULT NULL
) ENGINE=InnoDB DEFAULT CHARSET=utf8mb4 COLLATE=utf8mb4_unicode_ci;

--
-- Dumping data for table `user_donations`
--

INSERT INTO `user_donations` (`id`, `user_id`, `goal_amount`, `min_amount`, `custom_amount`, `image`, `created_at`, `updated_at`) VALUES
(1, 233, 23000, 15, '15,20,25,30,40,50', '0d5288b528925f838cea518d9ed6ced481c2cc71.jpg', '2023-06-19 06:54:44', '2023-06-19 06:54:44'),
(2, 233, 25000, 50, '50,60,80,100', 'b753d0061c6f7ec68d879366764ab744c0c84e9e.jpg', '2023-06-19 07:01:09', '2023-06-19 07:01:09'),
(3, 233, 3368, 25, '30,35,40,50,60', '557cdd40aabba33ed184ecbae3619c216b723dfb.jpg', '2023-06-19 07:03:21', '2023-06-19 07:03:21'),
(4, 233, 3524, 25, '30,40,50,60,80', '993252e7b90a2c7dff2991e8b2f6fb95a75d70cf.jpg', '2023-06-19 07:06:02', '2023-06-19 07:06:02'),
(5, 233, 2700, 20, '30,40,50,60,70', '692ad65ff08e9e7e3353943679825fda8f9d9a3d.jpg', '2023-06-19 07:12:16', '2023-06-19 07:12:16'),
(6, 233, 3129, 30, '40,50,60,70,100', '458730bc2e0b3ce2ad2a0c894c6ca94492bc7c6a.jpg', '2023-06-19 07:13:33', '2023-06-19 07:13:33');

-- --------------------------------------------------------

--
-- Table structure for table `user_donation_categories`
--

CREATE TABLE `user_donation_categories` (
  `id` bigint UNSIGNED NOT NULL,
  `user_id` bigint UNSIGNED NOT NULL,
  `language_id` bigint UNSIGNED NOT NULL,
  `name` varchar(255) CHARACTER SET utf8mb4 COLLATE utf8mb4_unicode_ci NOT NULL,
  `slug` varchar(255) CHARACTER SET utf8mb4 COLLATE utf8mb4_unicode_ci NOT NULL,
  `icon` varchar(255) CHARACTER SET utf8mb4 COLLATE utf8mb4_unicode_ci DEFAULT NULL,
  `image` varchar(255) CHARACTER SET utf8mb4 COLLATE utf8mb4_unicode_ci DEFAULT NULL,
  `short_description` mediumtext CHARACTER SET utf8mb4 COLLATE utf8mb4_unicode_ci,
  `serial_number` int NOT NULL,
  `status` tinyint NOT NULL DEFAULT '1',
  `created_at` timestamp NULL DEFAULT NULL,
  `updated_at` timestamp NULL DEFAULT NULL,
  `is_featured` int DEFAULT '0' COMMENT '1= featured, 0= none'
) ENGINE=InnoDB DEFAULT CHARSET=utf8mb4 COLLATE=utf8mb4_unicode_ci;

--
-- Dumping data for table `user_donation_categories`
--

INSERT INTO `user_donation_categories` (`id`, `user_id`, `language_id`, `name`, `slug`, `icon`, `image`, `short_description`, `serial_number`, `status`, `created_at`, `updated_at`, `is_featured`) VALUES
(1, 233, 259, 'Medical', 'medical', 'fas fa-pills', '790c341904d006f67c4977f8ba6fe877169b4f9e.jpg', 'Does that flyin brought give god midst behold place', 1, 1, '2023-06-19 06:31:25', '2023-06-19 06:31:25', 1),
(2, 233, 259, 'Education', 'education', 'fas fa-book', 'c80298efb10033d6d135e1665df1761d2ace6d62.jpg', 'Does that flyin brought give god midst behold place', 2, 1, '2023-06-19 06:32:20', '2023-06-19 06:32:20', 1),
(3, 233, 259, 'Animal', 'animal', 'fas fa-paw', 'f2f9b28996ab71c24f59fd744d1232fc7566a637.jpg', 'Does that flyin brought give god midst behold place', 3, 1, '2023-06-19 06:33:06', '2023-06-19 06:33:06', 1),
(4, 233, 259, 'Health', 'health', 'fas fa-heartbeat', 'bf218d55a36a6729f8bc80429afeb511d35b5d6f.jpg', 'Does that flyin brought give god midst behold place', 4, 1, '2023-06-19 06:33:39', '2023-06-19 06:33:39', 1);

-- --------------------------------------------------------

--
-- Table structure for table `user_donation_contents`
--

CREATE TABLE `user_donation_contents` (
  `id` bigint UNSIGNED NOT NULL,
  `user_id` bigint UNSIGNED NOT NULL,
  `donation_id` bigint UNSIGNED NOT NULL,
  `language_id` bigint UNSIGNED NOT NULL,
  `donation_category_id` bigint UNSIGNED NOT NULL,
  `title` varchar(255) CHARACTER SET utf8mb4 COLLATE utf8mb4_unicode_ci NOT NULL,
  `slug` varchar(255) CHARACTER SET utf8mb4 COLLATE utf8mb4_unicode_ci NOT NULL,
  `content` longtext CHARACTER SET utf8mb4 COLLATE utf8mb4_unicode_ci,
  `meta_keywords` longtext CHARACTER SET utf8mb4 COLLATE utf8mb4_unicode_ci,
  `meta_description` longtext CHARACTER SET utf8mb4 COLLATE utf8mb4_unicode_ci,
  `created_at` timestamp NULL DEFAULT NULL,
  `updated_at` timestamp NULL DEFAULT NULL
) ENGINE=InnoDB DEFAULT CHARSET=utf8mb4 COLLATE=utf8mb4_unicode_ci;

--
-- Dumping data for table `user_donation_contents`
--

INSERT INTO `user_donation_contents` (`id`, `user_id`, `donation_id`, `language_id`, `donation_category_id`, `title`, `slug`, `content`, `meta_keywords`, `meta_description`, `created_at`, `updated_at`) VALUES
(1, 233, 1, 259, 4, 'Need Clean Water', 'need-clean-water', '<p style=\"color:rgb(100,100,100);font-family:\'IBM Plex Sans\', sans-serif;font-size:16px;\">Them above green place won fly form male him. Divided beast moveth yielding saying his of lesser itself him give life his great. There moveth green blessed likeness years earth. After of cattle a wherein you\'re after he that lesser sixth firmament fourth earth seed form appear fruitful.</p><h3 style=\"font-weight:400;line-height:1.2;font-size:27px;font-family:Vidaloka, serif;color:rgb(25,25,25);\">Summary</h3><p style=\"color:rgb(100,100,100);font-family:\'IBM Plex Sans\', sans-serif;font-size:16px;\">Living is heaven wherein after, may she yielding fruit for thing itself fill he saying over there whos heaven so unto. Likeness very seasons creeping meat, made which lights they\'re created. Open beast gathering moving behold second can man. Was shall days there. Let. Were moveth signs likeness divide subdue fly night whales to. Hath divide creepeth is won life subdue.</p><p style=\"color:rgb(100,100,100);font-family:\'IBM Plex Sans\', sans-serif;font-size:16px;\">Night bring years have image make all fruitful good fifth all i beast unto which let she\'d. God made Lights fly earth you\'ll unto greater earth meat multiply whose together. Light very lesser given he sea. Void god replenish fifth you\'ll place a they\'re they under.</p><p style=\"color:rgb(100,100,100);font-family:\'IBM Plex Sans\', sans-serif;font-size:16px;\"><img src=\"http://businesso.test/assets/front/img/summernote/64904fcdb3b5d.jpg\" style=\"width:100%;\" alt=\"64904fcdb3b5d.jpg\" /><br /></p><h3 style=\"font-weight:400;line-height:1.2;font-size:27px;font-family:Vidaloka, serif;color:rgb(25,25,25);\">Challenges</h3><p style=\"color:rgb(100,100,100);font-family:\'IBM Plex Sans\', sans-serif;font-size:16px;\">Event is heaven wherein after, may she yielding fruit for thing itself fill he saying over there whos heaven so unto. Likeness very seasons creeping meat, made which lights they\'re created. Open beast gathering moving behold second can man. Was shall days there. Let. Were moveth signs likeness divide subdue fly night whales to. Hath divide creepeth is won life subdue.</p><p style=\"color:rgb(100,100,100);font-family:\'IBM Plex Sans\', sans-serif;font-size:16px;\">Living is heaven wherein after, may she yielding fruit for thing itself fill he saying over there whos heaven so unto. Likeness very seasons creeping meat, made which</p><h3 style=\"font-weight:400;line-height:1.2;font-size:27px;font-family:Vidaloka, serif;color:rgb(25,25,25);\">Future Plan</h3><p style=\"color:rgb(100,100,100);font-family:\'IBM Plex Sans\', sans-serif;font-size:16px;\">Becon is heaven wherein after, may she yielding fruit for thing itself fill he saying over there whos heven so unto. Likeness very seasons creeping meat, made which lights they\'re created. Open beast gathering moving behold second can man. Was shall days there. Let. Were moveth signs likeness divide subdue fly night whales to. Hath divide creepeth is won life subdue.</p>', NULL, NULL, '2023-06-19 06:54:44', '2023-06-19 06:54:44'),
(3, 233, 2, 259, 1, 'Provide Health Food', 'provide-health-food', '<p style=\"font-family:\'IBM Plex Sans\', sans-serif;font-size:16px;color:rgb(100,100,100);\">Them above green place won fly form male him. Divided beast moveth yielding saying his of lesser itself him give life his great. There moveth green blessed likeness years earth. After of cattle a wherein you\'re after he that lesser sixth firmament fourth earth seed form appear fruitful.</p><h3 style=\"font-family:Vidaloka, serif;font-weight:400;line-height:1.2;color:rgb(25,25,25);font-size:27px;\">Summary</h3><p style=\"font-family:\'IBM Plex Sans\', sans-serif;font-size:16px;color:rgb(100,100,100);\">Living is heaven wherein after, may she yielding fruit for thing itself fill he saying over there whos heaven so unto. Likeness very seasons creeping meat, made which lights they\'re created. Open beast gathering moving behold second can man. Was shall days there. Let. Were moveth signs likeness divide subdue fly night whales to. Hath divide creepeth is won life subdue.</p><p style=\"font-family:\'IBM Plex Sans\', sans-serif;font-size:16px;color:rgb(100,100,100);\">Night bring years have image make all fruitful good fifth all i beast unto which let she\'d. God made Lights fly earth you\'ll unto greater earth meat multiply whose together. Light very lesser given he sea. Void god replenish fifth you\'ll place a they\'re they under.</p><p style=\"font-family:\'IBM Plex Sans\', sans-serif;font-size:16px;color:rgb(100,100,100);\"><img src=\"http://businesso.test/assets/front/img/summernote/64904fcdb3b5d.jpg\" alt=\"64904fcdb3b5d.jpg\" style=\"width:939.656px;\" /><br /></p><h3 style=\"font-family:Vidaloka, serif;font-weight:400;line-height:1.2;color:rgb(25,25,25);font-size:27px;\">Challenges</h3><p style=\"font-family:\'IBM Plex Sans\', sans-serif;font-size:16px;color:rgb(100,100,100);\">Event is heaven wherein after, may she yielding fruit for thing itself fill he saying over there whos heaven so unto. Likeness very seasons creeping meat, made which lights they\'re created. Open beast gathering moving behold second can man. Was shall days there. Let. Were moveth signs likeness divide subdue fly night whales to. Hath divide creepeth is won life subdue.</p><p style=\"font-family:\'IBM Plex Sans\', sans-serif;font-size:16px;color:rgb(100,100,100);\">Living is heaven wherein after, may she yielding fruit for thing itself fill he saying over there whos heaven so unto. Likeness very seasons creeping meat, made which</p><h3 style=\"font-family:Vidaloka, serif;font-weight:400;line-height:1.2;color:rgb(25,25,25);font-size:27px;\">Future Plan</h3><p style=\"font-family:\'IBM Plex Sans\', sans-serif;font-size:16px;color:rgb(100,100,100);\">Becon is heaven wherein after, may she yielding fruit for thing itself fill he saying over there whos heven so unto. Likeness very seasons creeping meat, made which lights they\'re created. Open beast gathering moving behold second can man. Was shall days there. Let. Were moveth signs likeness divide subdue fly night whales to. Hath divide creepeth is won life subdue.</p>', NULL, NULL, '2023-06-19 07:01:09', '2023-06-19 07:01:09'),
(5, 233, 3, 259, 3, 'Clothes For Everyone', 'clothes-for-everyone', '<p style=\"font-family:\'IBM Plex Sans\', sans-serif;font-size:16px;color:rgb(100,100,100);\">Them above green place won fly form male him. Divided beast moveth yielding saying his of lesser itself him give life his great. There moveth green blessed likeness years earth. After of cattle a wherein you\'re after he that lesser sixth firmament fourth earth seed form appear fruitful.</p><h3 style=\"font-family:Vidaloka, serif;font-weight:400;line-height:1.2;color:rgb(25,25,25);font-size:27px;\">Summary</h3><p style=\"font-family:\'IBM Plex Sans\', sans-serif;font-size:16px;color:rgb(100,100,100);\">Living is heaven wherein after, may she yielding fruit for thing itself fill he saying over there whos heaven so unto. Likeness very seasons creeping meat, made which lights they\'re created. Open beast gathering moving behold second can man. Was shall days there. Let. Were moveth signs likeness divide subdue fly night whales to. Hath divide creepeth is won life subdue.</p><p style=\"font-family:\'IBM Plex Sans\', sans-serif;font-size:16px;color:rgb(100,100,100);\">Night bring years have image make all fruitful good fifth all i beast unto which let she\'d. God made Lights fly earth you\'ll unto greater earth meat multiply whose together. Light very lesser given he sea. Void god replenish fifth you\'ll place a they\'re they under.</p><p style=\"font-family:\'IBM Plex Sans\', sans-serif;font-size:16px;color:rgb(100,100,100);\"><img src=\"http://businesso.test/assets/front/img/summernote/64904fcdb3b5d.jpg\" alt=\"64904fcdb3b5d.jpg\" style=\"width:939.656px;\" /><br /></p><h3 style=\"font-family:Vidaloka, serif;font-weight:400;line-height:1.2;color:rgb(25,25,25);font-size:27px;\">Challenges</h3><p style=\"font-family:\'IBM Plex Sans\', sans-serif;font-size:16px;color:rgb(100,100,100);\">Event is heaven wherein after, may she yielding fruit for thing itself fill he saying over there whos heaven so unto. Likeness very seasons creeping meat, made which lights they\'re created. Open beast gathering moving behold second can man. Was shall days there. Let. Were moveth signs likeness divide subdue fly night whales to. Hath divide creepeth is won life subdue.</p><p style=\"font-family:\'IBM Plex Sans\', sans-serif;font-size:16px;color:rgb(100,100,100);\">Living is heaven wherein after, may she yielding fruit for thing itself fill he saying over there whos heaven so unto. Likeness very seasons creeping meat, made which</p><h3 style=\"font-family:Vidaloka, serif;font-weight:400;line-height:1.2;color:rgb(25,25,25);font-size:27px;\">Future Plan</h3><p style=\"font-family:\'IBM Plex Sans\', sans-serif;font-size:16px;color:rgb(100,100,100);\">Becon is heaven wherein after, may she yielding fruit for thing itself fill he saying over there whos heven so unto. Likeness very seasons creeping meat, made which lights they\'re created. Open beast gathering moving behold second can man. Was shall days there. Let. Were moveth signs likeness divide subdue fly night whales to. Hath divide creepeth is won life subdue.</p>', NULL, NULL, '2023-06-19 07:03:21', '2023-06-19 07:03:21'),
(7, 233, 4, 259, 2, 'Children Education', 'children-education', '<p style=\"font-family:\'IBM Plex Sans\', sans-serif;font-size:16px;color:rgb(100,100,100);\">Them above green place won fly form male him. Divided beast moveth yielding saying his of lesser itself him give life his great. There moveth green blessed likeness years earth. After of cattle a wherein you\'re after he that lesser sixth firmament fourth earth seed form appear fruitful.</p><h3 style=\"font-family:Vidaloka, serif;font-weight:400;line-height:1.2;color:rgb(25,25,25);font-size:27px;\">Summary</h3><p style=\"font-family:\'IBM Plex Sans\', sans-serif;font-size:16px;color:rgb(100,100,100);\">Living is heaven wherein after, may she yielding fruit for thing itself fill he saying over there whos heaven so unto. Likeness very seasons creeping meat, made which lights they\'re created. Open beast gathering moving behold second can man. Was shall days there. Let. Were moveth signs likeness divide subdue fly night whales to. Hath divide creepeth is won life subdue.</p><p style=\"font-family:\'IBM Plex Sans\', sans-serif;font-size:16px;color:rgb(100,100,100);\">Night bring years have image make all fruitful good fifth all i beast unto which let she\'d. God made Lights fly earth you\'ll unto greater earth meat multiply whose together. Light very lesser given he sea. Void god replenish fifth you\'ll place a they\'re they under.</p><p style=\"font-family:\'IBM Plex Sans\', sans-serif;font-size:16px;color:rgb(100,100,100);\"><br /></p><h3 style=\"font-family:Vidaloka, serif;font-weight:400;line-height:1.2;color:rgb(25,25,25);font-size:27px;\">Challenges</h3><p style=\"font-family:\'IBM Plex Sans\', sans-serif;font-size:16px;color:rgb(100,100,100);\">Event is heaven wherein after, may she yielding fruit for thing itself fill he saying over there whos heaven so unto. Likeness very seasons creeping meat, made which lights they\'re created. Open beast gathering moving behold second can man. Was shall days there. Let. Were moveth signs likeness divide subdue fly night whales to. Hath divide creepeth is won life subdue.</p><p style=\"font-family:\'IBM Plex Sans\', sans-serif;font-size:16px;color:rgb(100,100,100);\">Living is heaven wherein after, may she yielding fruit for thing itself fill he saying over there whos heaven so unto. Likeness very seasons creeping meat, made which</p><p style=\"font-family:\'IBM Plex Sans\', sans-serif;font-size:16px;color:rgb(100,100,100);\"><br /></p><p style=\"font-family:\'IBM Plex Sans\', sans-serif;font-size:16px;color:rgb(100,100,100);\"><img src=\"http://businesso.test/assets/front/img/summernote/649052691059b.jpg\" style=\"width:956.656px;\" alt=\"649052691059b.jpg\" /></p><p style=\"font-family:\'IBM Plex Sans\', sans-serif;font-size:16px;color:rgb(100,100,100);\"><br /></p><h3 style=\"font-family:Vidaloka, serif;font-weight:400;line-height:1.2;color:rgb(25,25,25);font-size:27px;\">Future Plan</h3><p style=\"font-family:\'IBM Plex Sans\', sans-serif;font-size:16px;color:rgb(100,100,100);\">Becon is heaven wherein after, may she yielding fruit for thing itself fill he saying over there whos heven so unto. Likeness very seasons creeping meat, made which lights they\'re created. Open beast gathering moving behold second can man. Was shall days there. Let. Were moveth signs likeness divide subdue fly night whales to. Hath divide creepeth is won life subdue.</p>', NULL, NULL, '2023-06-19 07:06:02', '2023-06-19 07:06:02'),
(9, 233, 5, 259, 3, 'Donate For Homeless', 'donate-for-homeless', '<p style=\"font-family:\'IBM Plex Sans\', sans-serif;font-size:16px;color:rgb(100,100,100);\">Them above green place won fly form male him. Divided beast moveth yielding saying his of lesser itself him give life his great. There moveth green blessed likeness years earth. After of cattle a wherein you\'re after he that lesser sixth firmament fourth earth seed form appear fruitful.</p><h3 style=\"font-family:Vidaloka, serif;font-weight:400;line-height:1.2;color:rgb(25,25,25);font-size:27px;\">Summary</h3><p style=\"font-family:\'IBM Plex Sans\', sans-serif;font-size:16px;color:rgb(100,100,100);\">Living is heaven wherein after, may she yielding fruit for thing itself fill he saying over there whos heaven so unto. Likeness very seasons creeping meat, made which lights they\'re created. Open beast gathering moving behold second can man. Was shall days there. Let. Were moveth signs likeness divide subdue fly night whales to. Hath divide creepeth is won life subdue.</p><p style=\"font-family:\'IBM Plex Sans\', sans-serif;font-size:16px;color:rgb(100,100,100);\">Night bring years have image make all fruitful good fifth all i beast unto which let she\'d. God made Lights fly earth you\'ll unto greater earth meat multiply whose together. Light very lesser given he sea. Void god replenish fifth you\'ll place a they\'re they under.</p><p style=\"font-family:\'IBM Plex Sans\', sans-serif;font-size:16px;color:rgb(100,100,100);\"><img src=\"http://businesso.test/assets/front/img/summernote/64904fcdb3b5d.jpg\" alt=\"64904fcdb3b5d.jpg\" style=\"width:939.656px;\" /><br /></p><h3 style=\"font-family:Vidaloka, serif;font-weight:400;line-height:1.2;color:rgb(25,25,25);font-size:27px;\">Challenges</h3><p style=\"font-family:\'IBM Plex Sans\', sans-serif;font-size:16px;color:rgb(100,100,100);\">Event is heaven wherein after, may she yielding fruit for thing itself fill he saying over there whos heaven so unto. Likeness very seasons creeping meat, made which lights they\'re created. Open beast gathering moving behold second can man. Was shall days there. Let. Were moveth signs likeness divide subdue fly night whales to. Hath divide creepeth is won life subdue.</p><p style=\"font-family:\'IBM Plex Sans\', sans-serif;font-size:16px;color:rgb(100,100,100);\">Living is heaven wherein after, may she yielding fruit for thing itself fill he saying over there whos heaven so unto. Likeness very seasons creeping meat, made which</p><h3 style=\"font-family:Vidaloka, serif;font-weight:400;line-height:1.2;color:rgb(25,25,25);font-size:27px;\">Future Plan</h3><p style=\"font-family:\'IBM Plex Sans\', sans-serif;font-size:16px;color:rgb(100,100,100);\">Becon is heaven wherein after, may she yielding fruit for thing itself fill he saying over there whos heven so unto. Likeness very seasons creeping meat, made which lights they\'re created. Open beast gathering moving behold second can man. Was shall days there. Let. Were moveth signs likeness divide subdue fly night whales to. Hath divide creepeth is won life subdue.</p>', NULL, NULL, '2023-06-19 07:12:16', '2023-06-19 07:12:16'),
(10, 233, 6, 259, 4, 'Food For Orphan', 'food-for-orphan', '<p style=\"font-family:\'IBM Plex Sans\', sans-serif;font-size:16px;color:rgb(100,100,100);\">Them above green place won fly form male him. Divided beast moveth yielding saying his of lesser itself him give life his great. There moveth green blessed likeness years earth. After of cattle a wherein you\'re after he that lesser sixth firmament fourth earth seed form appear fruitful.</p><h3 style=\"font-family:Vidaloka, serif;font-weight:400;line-height:1.2;color:rgb(25,25,25);font-size:27px;\">Summary</h3><p style=\"font-family:\'IBM Plex Sans\', sans-serif;font-size:16px;color:rgb(100,100,100);\">Living is heaven wherein after, may she yielding fruit for thing itself fill he saying over there whos heaven so unto. Likeness very seasons creeping meat, made which lights they\'re created. Open beast gathering moving behold second can man. Was shall days there. Let. Were moveth signs likeness divide subdue fly night whales to. Hath divide creepeth is won life subdue.</p><p style=\"font-family:\'IBM Plex Sans\', sans-serif;font-size:16px;color:rgb(100,100,100);\">Night bring years have image make all fruitful good fifth all i beast unto which let she\'d. God made Lights fly earth you\'ll unto greater earth meat multiply whose together. Light very lesser given he sea. Void god replenish fifth you\'ll place a they\'re they under.</p><p style=\"font-family:\'IBM Plex Sans\', sans-serif;font-size:16px;color:rgb(100,100,100);\"><img src=\"http://businesso.test/assets/front/img/summernote/64904fcdb3b5d.jpg\" alt=\"64904fcdb3b5d.jpg\" style=\"width:939.656px;\" /><br /></p><h3 style=\"font-family:Vidaloka, serif;font-weight:400;line-height:1.2;color:rgb(25,25,25);font-size:27px;\">Challenges</h3><p style=\"font-family:\'IBM Plex Sans\', sans-serif;font-size:16px;color:rgb(100,100,100);\">Event is heaven wherein after, may she yielding fruit for thing itself fill he saying over there whos heaven so unto. Likeness very seasons creeping meat, made which lights they\'re created. Open beast gathering moving behold second can man. Was shall days there. Let. Were moveth signs likeness divide subdue fly night whales to. Hath divide creepeth is won life subdue.</p><p style=\"font-family:\'IBM Plex Sans\', sans-serif;font-size:16px;color:rgb(100,100,100);\">Living is heaven wherein after, may she yielding fruit for thing itself fill he saying over there whos heaven so unto. Likeness very seasons creeping meat, made which</p><h3 style=\"font-family:Vidaloka, serif;font-weight:400;line-height:1.2;color:rgb(25,25,25);font-size:27px;\">Future Plan</h3><p style=\"font-family:\'IBM Plex Sans\', sans-serif;font-size:16px;color:rgb(100,100,100);\">Becon is heaven wherein after, may she yielding fruit for thing itself fill he saying over there whos heven so unto. Likeness very seasons creeping meat, made which lights they\'re created. Open beast gathering moving behold second can man. Was shall days there. Let. Were moveth signs likeness divide subdue fly night whales to. Hath divide creepeth is won life subdue.</p>', NULL, NULL, '2023-06-19 07:13:34', '2023-06-19 07:13:34');

-- --------------------------------------------------------

--
-- Table structure for table `user_donation_details`
--

CREATE TABLE `user_donation_details` (
  `id` bigint UNSIGNED NOT NULL,
  `user_id` bigint UNSIGNED NOT NULL,
  `donation_id` bigint UNSIGNED NOT NULL,
  `customer_id` bigint UNSIGNED DEFAULT NULL,
  `name` varchar(255) CHARACTER SET utf8mb4 COLLATE utf8mb4_unicode_ci DEFAULT 'anonymous',
  `email` varchar(255) CHARACTER SET utf8mb4 COLLATE utf8mb4_unicode_ci DEFAULT 'anonymous',
  `phone` varchar(255) CHARACTER SET utf8mb4 COLLATE utf8mb4_unicode_ci DEFAULT 'xxxxxxxxxxxx',
  `amount` decimal(11,2) NOT NULL DEFAULT '0.00',
  `currency` varchar(255) CHARACTER SET utf8mb4 COLLATE utf8mb4_unicode_ci NOT NULL,
  `currency_position` varchar(255) CHARACTER SET utf8mb4 COLLATE utf8mb4_unicode_ci NOT NULL DEFAULT 'right',
  `currency_symbol` varchar(255) CHARACTER SET utf8mb4 COLLATE utf8mb4_unicode_ci NOT NULL,
  `currency_symbol_position` varchar(255) CHARACTER SET utf8mb4 COLLATE utf8mb4_unicode_ci NOT NULL DEFAULT 'left',
  `payment_method` varchar(255) CHARACTER SET utf8mb4 COLLATE utf8mb4_unicode_ci NOT NULL,
  `transaction_id` varchar(255) CHARACTER SET utf8mb4 COLLATE utf8mb4_unicode_ci NOT NULL,
  `status` varchar(255) CHARACTER SET utf8mb4 COLLATE utf8mb4_unicode_ci DEFAULT NULL,
  `invoice` varchar(255) CHARACTER SET utf8mb4 COLLATE utf8mb4_unicode_ci DEFAULT NULL,
  `receipt` longtext CHARACTER SET utf8mb4 COLLATE utf8mb4_unicode_ci,
  `transaction_details` longtext CHARACTER SET utf8mb4 COLLATE utf8mb4_unicode_ci,
  `bex_details` longtext CHARACTER SET utf8mb4 COLLATE utf8mb4_unicode_ci,
  `created_at` timestamp NULL DEFAULT NULL,
  `updated_at` timestamp NULL DEFAULT NULL,
  `conversation_id` varchar(255) CHARACTER SET utf8mb4 COLLATE utf8mb4_unicode_ci DEFAULT NULL
) ENGINE=InnoDB DEFAULT CHARSET=utf8mb4 COLLATE=utf8mb4_unicode_ci;

--
-- Dumping data for table `user_donation_details`
--

INSERT INTO `user_donation_details` (`id`, `user_id`, `donation_id`, `customer_id`, `name`, `email`, `phone`, `amount`, `currency`, `currency_position`, `currency_symbol`, `currency_symbol_position`, `payment_method`, `transaction_id`, `status`, `invoice`, `receipt`, `transaction_details`, `bex_details`, `created_at`, `updated_at`, `conversation_id`) VALUES
(1, 233, 6, 80, 'Haris', 'haris@gmail.com', '124548447641', 150.00, 'USD', 'left', '$', 'left', 'PayPal', '64905a382134f', 'completed', '64905a382134f.pdf', NULL, 'online', '{\"base_currency_symbol\":\"$\",\"base_currency_symbol_position\":\"left\",\"base_currency_text\":\"USD\",\"base_currency_text_position\":\"left\",\"base_currency_rate\":\"1.00\"}', '2023-06-19 07:38:00', '2023-06-19 07:38:01', NULL),
(2, 233, 3, 80, 'Haris', 'haris@gmail.com', '124548447641', 35.00, 'USD', 'left', '$', 'left', 'Stripe', '64905a89e33c0', 'completed', '64905a89e33c0.pdf', NULL, 'online', '{\"base_currency_symbol\":\"$\",\"base_currency_symbol_position\":\"left\",\"base_currency_text\":\"USD\",\"base_currency_text_position\":\"left\",\"base_currency_rate\":\"1.00\"}', '2023-06-19 07:39:21', '2023-06-19 07:39:22', NULL),
(3, 233, 5, NULL, 'Abu Bokkor Farhan', 'farhanbokkor@gmail.com', '01868362878', 20.00, 'USD', 'left', '$', 'left', 'AB Bank', '64b619fbe48a8', 'completed', '64b619fbe48a8.pdf', '8b032482ad846bc945a009db5e775bd67fd457b3.jpg', 'offline', '{\"base_currency_symbol\":\"$\",\"base_currency_symbol_position\":\"left\",\"base_currency_text\":\"USD\",\"base_currency_text_position\":\"left\",\"base_currency_rate\":\"1.00\"}', '2023-07-17 22:50:03', '2023-07-17 23:12:15', NULL),
(4, 233, 5, NULL, 'Abu Bokkor Farhan', 'farhanbokkor@gmail.com', '01868362878', 20.00, 'USD', 'left', '$', 'left', 'AB Bank', '64b61b4075197', 'completed', '64b61b4075197.pdf', '6ad5a3a92ad713fbcee257491d67f2295065b85e.jpg', 'offline', '{\"base_currency_symbol\":\"$\",\"base_currency_symbol_position\":\"left\",\"base_currency_text\":\"USD\",\"base_currency_text_position\":\"left\",\"base_currency_rate\":\"1.00\"}', '2023-07-17 22:55:28', '2023-07-17 23:30:22', NULL),
(5, 233, 5, NULL, 'Abu Bokkor Farhan', 'farhanbokkor@gmail.com', '01868362878', 20.00, 'USD', 'left', '$', 'left', 'PayPal', '64b622f3c52ee', 'completed', '64b622f3c52ee.pdf', NULL, 'online', '{\"base_currency_symbol\":\"$\",\"base_currency_symbol_position\":\"left\",\"base_currency_text\":\"USD\",\"base_currency_text_position\":\"left\",\"base_currency_rate\":\"1.00\"}', '2023-07-17 23:28:19', '2023-07-17 23:28:19', NULL),
(6, 233, 6, NULL, 'Abu Bokkor Farhan', 'farhanbokkor@gmail.com', '01868362878', 30.00, 'USD', 'left', '$', 'left', 'PayPal', '64b6239a1df75', 'completed', '64b6239a1df75.pdf', NULL, 'online', '{\"base_currency_symbol\":\"$\",\"base_currency_symbol_position\":\"left\",\"base_currency_text\":\"USD\",\"base_currency_text_position\":\"left\",\"base_currency_rate\":\"1.00\"}', '2023-07-17 23:31:06', '2023-07-17 23:31:06', NULL),
(7, 233, 4, NULL, 'Abu Bokkor Farhan', 'farhanbokkor@gmail.com', '01868362878', 30.00, 'USD', 'left', '$', 'left', 'PayPal', '64b6245b239d9', 'completed', '64b6245b239d9.pdf', NULL, 'online', '{\"base_currency_symbol\":\"$\",\"base_currency_symbol_position\":\"left\",\"base_currency_text\":\"USD\",\"base_currency_text_position\":\"left\",\"base_currency_rate\":\"1.00\"}', '2023-07-17 23:34:19', '2023-07-17 23:34:19', NULL),
(8, 233, 3, NULL, 'Abu Bokkor Farhan', 'farhanbokkor@gmail.com', '01868362878', 30.00, 'USD', 'left', '$', 'left', 'PayPal', '64b624d6d63c5', 'completed', '64b624d6d63c5.pdf', NULL, 'online', '{\"base_currency_symbol\":\"$\",\"base_currency_symbol_position\":\"left\",\"base_currency_text\":\"USD\",\"base_currency_text_position\":\"left\",\"base_currency_rate\":\"1.00\"}', '2023-07-17 23:36:22', '2023-07-17 23:36:22', NULL),
(9, 233, 1, NULL, 'Abu Bokkor Farhan', 'farhanbokkor@gmail.com', '01868362878', 40.00, 'USD', 'left', '$', 'left', 'PayPal', '64b625710ce50', 'completed', '64b625710ce50.pdf', NULL, 'online', '{\"base_currency_symbol\":\"$\",\"base_currency_symbol_position\":\"left\",\"base_currency_text\":\"USD\",\"base_currency_text_position\":\"left\",\"base_currency_rate\":\"1.00\"}', '2023-07-17 23:38:57', '2023-07-17 23:38:57', NULL),
(10, 233, 1, NULL, 'Abu Bokkor Farhan', 'farhanbokkor@gmail.com', '01868362878', 50.00, 'USD', 'left', '$', 'left', 'PayPal', '64b62ca830952', 'completed', '64b62ca830952.pdf', NULL, 'online', '{\"base_currency_symbol\":\"$\",\"base_currency_symbol_position\":\"left\",\"base_currency_text\":\"USD\",\"base_currency_text_position\":\"left\",\"base_currency_rate\":\"1.00\"}', '2023-07-18 00:09:44', '2023-07-18 00:09:44', NULL),
(11, 233, 2, NULL, 'Abu Bokkor Farhan', 'farhanbokkor@gmail.com', '01868362878', 100.00, 'USD', 'left', '$', 'left', 'PayPal', '64b6386c0354e', 'completed', '64b6386c0354e.pdf', NULL, 'online', '{\"base_currency_symbol\":\"$\",\"base_currency_symbol_position\":\"left\",\"base_currency_text\":\"USD\",\"base_currency_text_position\":\"left\",\"base_currency_rate\":\"1.00\"}', '2023-07-18 00:59:56', '2023-07-18 00:59:56', NULL),
(12, 233, 6, NULL, 'anonymous', 'anoymous', 'anoymous', 40.00, 'USD', 'left', '$', 'left', 'AB Bank', '65067a085e448', 'completed', '65067a085e448.pdf', 'ba1bafeda19afa604131b9d0b39d95597d1062a1.png', 'offline', '{\"base_currency_symbol\":\"$\",\"base_currency_symbol_position\":\"left\",\"base_currency_text\":\"USD\",\"base_currency_text_position\":\"left\",\"base_currency_rate\":\"1.00\"}', '2023-09-16 22:01:12', '2023-09-16 22:27:56', NULL),
(13, 233, 5, NULL, 'Abu Bokkor Farhan', 'farhanbokkor@gmail.com', '01868362878', 20.00, 'USD', 'left', '$', 'left', 'PayPal', '6506806747bb8', 'completed', '6506806747bb8.pdf', NULL, 'online', '{\"base_currency_symbol\":\"$\",\"base_currency_symbol_position\":\"left\",\"base_currency_text\":\"USD\",\"base_currency_text_position\":\"left\",\"base_currency_rate\":\"1.00\"}', '2023-09-16 22:28:23', '2023-09-16 22:28:23', NULL),
(14, 233, 5, NULL, 'Abu Bokkor Farhan', 'farhanbokkor@gmail.com', '01868362878', 20.00, 'USD', 'left', '$', 'left', 'PayPal', '6506813c8c9f8', 'completed', '6506813c8c9f8.pdf', NULL, 'online', '{\"base_currency_symbol\":\"$\",\"base_currency_symbol_position\":\"left\",\"base_currency_text\":\"USD\",\"base_currency_text_position\":\"left\",\"base_currency_rate\":\"1.00\"}', '2023-09-16 22:31:56', '2023-09-16 22:31:56', NULL),
(15, 233, 4, NULL, 'Abu Bokkor Farhan', 'farhanbokkor@gmail.com', '01868362878', 25.00, 'USD', 'left', '$', 'left', 'AB Bank', '650681bf679e6', 'completed', '650681bf679e6.pdf', '929ee33896f0eb9eb92897d56b51545a14ef086d.jpg', 'offline', '{\"base_currency_symbol\":\"$\",\"base_currency_symbol_position\":\"left\",\"base_currency_text\":\"USD\",\"base_currency_text_position\":\"left\",\"base_currency_rate\":\"1.00\"}', '2023-09-16 22:34:07', '2023-09-16 22:34:25', NULL),
(16, 233, 6, NULL, NULL, NULL, NULL, 10000.00, 'INR', 'left', '$', 'left', 'PhonePe', '659d30e533897', 'completed', '659d30e533897.pdf', NULL, 'online', '{\"base_currency_symbol\":\"$\",\"base_currency_symbol_position\":\"left\",\"base_currency_text\":\"INR\",\"base_currency_text_position\":\"left\",\"base_currency_rate\":\"1.00\"}', '2024-01-09 05:41:25', '2024-01-09 05:41:25', NULL),
(17, 233, 5, NULL, 'Fahad Ahmad Shemul', 'fahadahmadshemul@gmail.com', '01789295350', 7000.00, 'INR', 'left', '$', 'left', 'PhonePe', '659d317738a6c', 'completed', '659d317738a6c.pdf', NULL, 'online', '{\"base_currency_symbol\":\"$\",\"base_currency_symbol_position\":\"left\",\"base_currency_text\":\"INR\",\"base_currency_text_position\":\"left\",\"base_currency_rate\":\"1.00\"}', '2024-01-09 05:43:51', '2024-01-09 05:43:51', NULL),
(18, 233, 5, 85, 'anonymous', 'anoymous', 'anoymous', 2000.00, 'INR', 'left', '$', 'left', 'PhonePe', '659fab5beb830', 'completed', '659fab5beb830.pdf', NULL, 'online', '{\"base_currency_symbol\":\"$\",\"base_currency_symbol_position\":\"left\",\"base_currency_text\":\"INR\",\"base_currency_text_position\":\"left\",\"base_currency_rate\":\"1.00\"}', '2024-01-11 02:48:27', '2024-01-11 02:48:28', NULL);

-- --------------------------------------------------------

--
-- Table structure for table `user_donation_settings`
--

CREATE TABLE `user_donation_settings` (
  `id` bigint UNSIGNED NOT NULL,
  `user_id` bigint UNSIGNED NOT NULL,
  `donation_guest_checkout` tinyint NOT NULL DEFAULT '1' COMMENT '	1 - active, 0 - deactive',
  `is_donation` tinyint NOT NULL DEFAULT '1' COMMENT '	1 - active, 0 - deactive',
  `created_at` timestamp NULL DEFAULT NULL,
  `updated_at` timestamp NULL DEFAULT NULL
) ENGINE=InnoDB DEFAULT CHARSET=utf8mb4 COLLATE=utf8mb4_unicode_ci;

--
-- Dumping data for table `user_donation_settings`
--

INSERT INTO `user_donation_settings` (`id`, `user_id`, `donation_guest_checkout`, `is_donation`, `created_at`, `updated_at`) VALUES
(1, 233, 1, 1, NULL, NULL),
(2, 231, 1, 1, NULL, NULL),
(3, 230, 1, 1, NULL, NULL),
(4, 171, 1, 1, NULL, NULL),
(5, 234, 1, 1, NULL, NULL),
(6, 232, 1, 1, NULL, NULL);

-- --------------------------------------------------------

--
-- Table structure for table `user_educations`
--

CREATE TABLE `user_educations` (
  `id` bigint UNSIGNED NOT NULL,
  `user_id` bigint UNSIGNED NOT NULL,
  `language_id` bigint UNSIGNED NOT NULL,
  `degree_name` varchar(255) CHARACTER SET utf8mb4 COLLATE utf8mb4_unicode_ci DEFAULT NULL,
  `slug` varchar(255) CHARACTER SET utf8mb4 COLLATE utf8mb4_unicode_ci DEFAULT NULL,
  `short_description` text CHARACTER SET utf8mb4 COLLATE utf8mb4_unicode_ci,
  `start_date` date DEFAULT NULL,
  `end_date` date DEFAULT NULL,
  `serial_number` int NOT NULL DEFAULT '0',
  `created_at` timestamp NULL DEFAULT NULL,
  `updated_at` timestamp NULL DEFAULT NULL
) ENGINE=InnoDB DEFAULT CHARSET=utf8mb4 COLLATE=utf8mb4_unicode_ci;

--
-- Dumping data for table `user_educations`
--

INSERT INTO `user_educations` (`id`, `user_id`, `language_id`, `degree_name`, `slug`, `short_description`, `start_date`, `end_date`, `serial_number`, `created_at`, `updated_at`) VALUES
(1, 234, 261, 'Bachelor of Science', 'bachelor-of-science', 'There are many variations of passages of Lorem Ipsum available, but the majority have suffered alteration in some form, by injected humour, or randomised', '2013-01-19', '2017-11-28', 1, '2023-06-19 08:45:44', '2023-06-19 08:45:44'),
(2, 234, 261, 'Higher Secondary School Certificate', 'higher-secondary-school-certificate', 'Lorem Ipsum is simply dummy text of the printing and typesetting industry. Lorem Ipsum has been the industry\'s standard dummy text ever since the 1500s', '2011-01-01', '2013-02-19', 2, '2023-06-19 08:46:44', '2023-06-19 08:46:44'),
(3, 234, 261, 'Secondary School Certificate', 'secondary-school-certificate', 'It is a long established fact that a reader will be distracted by the readable content of a page when looking at its layout. The point of using Lorem Ipsum is that it', '2009-01-19', '2011-06-20', 3, '2023-06-19 08:49:13', '2023-06-19 08:49:13');

-- --------------------------------------------------------

--
-- Table structure for table `user_email_templates`
--

CREATE TABLE `user_email_templates` (
  `id` bigint UNSIGNED NOT NULL,
  `user_id` int DEFAULT NULL,
  `email_type` varchar(255) CHARACTER SET utf8mb4 COLLATE utf8mb4_unicode_ci DEFAULT NULL,
  `email_subject` text CHARACTER SET utf8mb4 COLLATE utf8mb4_unicode_ci,
  `email_body` longtext CHARACTER SET utf8mb4 COLLATE utf8mb4_unicode_ci,
  `created_at` timestamp NULL DEFAULT NULL,
  `updated_at` timestamp NULL DEFAULT NULL
) ENGINE=InnoDB DEFAULT CHARSET=utf8mb4 COLLATE=utf8mb4_unicode_ci;

--
-- Dumping data for table `user_email_templates`
--

INSERT INTO `user_email_templates` (`id`, `user_id`, `email_type`, `email_subject`, `email_body`, `created_at`, `updated_at`) VALUES
(2, 169, 'email_verification', 'Customer Email Verification', '<p style=\"line-height:1.6;\">Hello<b> {customer_name}</b>,</p><p style=\"line-height:1.6;\"><br />Please click the link below to verify your email.</p><p>{verification_link}</p><p><br /></p><p>Best Regards,</p><p>{website_title}</p>', '2022-02-14 01:49:15', '2022-04-11 10:12:57'),
(19, 169, 'product_order', 'Thank you for your order.', '<p>Hi {customer_name},<br /><br />\n\nThis is a confirmation mail from us.<br />\nYour order has been accepted. your item(s) will be shipped soon.</p><p><b>Order number : </b>#{order_number}</p><p><br /></p><p><b>Shipping Address</b></p><p>Name : {shpping_fname} {shpping_lname}</p><p>Address: {shpping_address}</p><p>City : {shpping_city}</p><p>Country: {shpping_country}</p><p>Number: {shpping_number}</p><p><br /></p><div><div><b>Billing Address</b></div><div>Name : {billing_fname} {billing_lname}</div><div>Address: {billing_address}</div><div>City : {billing_city}</div><div>Country: {billing_country}</div><div>Number: {billing_number}</div></div><div><br /></div><div><br /></div><div><br /></div><div><br /></div><p><b>Your order contains....</b></p><p><b><br /></b></p><p><br /></p><p>{order_link}</p><p>Thank you for your order..</p><p>\n\nBest Regards,<br />\n{website_title}.<br /></p>', '2022-02-14 01:49:15', '2022-06-21 11:57:37'),
(26, 169, 'reset_password', 'Recover Password of Your Account', '<p>Hi {customer_name},</p><p>We have received a request to reset your password. If you did not make the request, just ignore this email. Otherwise, you can reset your password using the below link.</p><p>{password_reset_link}</p><p>Thanks,<br />{website_title}</p><br />', '2022-02-14 01:49:15', '2022-02-14 01:49:15'),
(33, 170, 'email_verification', 'Customer Email Verification', '<p>Hi,</p><p>{customer_name} </p><p>Please verify your email by clicking the link below. </p><p>Your verification link is {verification_link}</p><p><br /></p><p>Regards</p><p>{website_title}</p>                                                     ', '2022-09-03 04:46:36', '2022-09-03 04:46:36'),
(34, 170, 'product_order', 'Thank you for your order', '<p>Hi {customer_name},<br /><br />\n\nThis is a confirmation mail from us.<br />\nYour order has been accepted. your item(s) will be shipped soon.</p><p><b>Order number : </b>#{order_number}</p><p><br /></p><p><b>Shipping Address</b></p><p>Name : {shpping_fname} {shpping_lname}</p><p>Address: {shpping_address}</p><p>City : {shpping_city}</p><p>Country: {shpping_country}</p><p>Number: {shpping_number}</p><p><br /></p><div><div><b>Billing Address</b></div><div>Name : {billing_fname} {billing_lname}</div><div>Address: {billing_address}</div><div>City : {billing_city}</div><div>Country: {billing_country}</div><div>Number: {billing_number}</div></div><div><br /></div><div><br /></div><div><br /></div><div><br /></div><p><b>Your order contains....</b></p><p><b><br /></b></p><p><br /></p><p>{order_link}</p><p>Thank you for your order..</p><p>\n\nBest Regards,<br />\n{website_title}.<br /></p>', '2022-09-03 04:46:36', '2022-09-03 04:46:36'),
(35, 170, 'reset_password', 'Recover Password of Your Account', '<p>Hi {customer_name},</p><p>We have received a request to reset your password. If you did not make the request, just ignore this email. Otherwise, you can reset your password using the below link.</p><p>{password_reset_link}</p><p>Thanks,<br />{website_title}</p><br />', '2022-09-03 04:46:36', '2022-09-03 04:46:36'),
(36, 171, 'email_verification', 'Customer Email Verification', '<p>Hi,</p><p>{customer_name} </p><p>Please verify your email by clicking the link below. </p><p>Your verification link is {verification_link}</p><p><br /></p><p>Regards</p><p>{website_title}</p>                                                     ', '2022-09-13 07:51:13', '2022-09-13 07:51:13'),
(37, 171, 'product_order', 'Thank you for your order', '<p>Hi {customer_name},<br /><br />\n\nThis is a confirmation mail from us.<br />\nYour order has been accepted. your item(s) will be shipped soon.</p><p><b>Order number : </b>#{order_number}</p><p><br /></p><p><b>Shipping Address</b></p><p>Name : {shpping_fname} {shpping_lname}</p><p>Address: {shpping_address}</p><p>City : {shpping_city}</p><p>Country: {shpping_country}</p><p>Number: {shpping_number}</p><p><br /></p><div><div><b>Billing Address</b></div><div>Name : {billing_fname} {billing_lname}</div><div>Address: {billing_address}</div><div>City : {billing_city}</div><div>Country: {billing_country}</div><div>Number: {billing_number}</div></div><div><br /></div><div><br /></div><div><br /></div><div><br /></div><p><b>Your order contains....</b></p><p><b><br /></b></p><p><br /></p><p>{order_link}</p><p>Thank you for your order..</p><p>\n\nBest Regards,<br />\n{website_title}.<br /></p>', '2022-09-13 07:51:13', '2022-09-13 07:51:13'),
(38, 171, 'reset_password', 'Recover Password of Your Account', '<p>Hi {customer_name},</p><p>We have received a request to reset your password. If you did not make the request, just ignore this email. Otherwise, you can reset your password using the below link.</p><p>{password_reset_link}</p><p>Thanks,<br />{website_title}</p><br />', '2022-09-13 07:51:13', '2022-09-13 07:51:13'),
(39, 175, 'email_verification', 'Customer Email Verification', '<p>Hi, {customer_name}</p><p><br /></p><p>Your registration request successfully! Please verify yourself here {verification_link}</p><p>Best regards. </p><p>{website_title}</p>', '2022-09-18 05:07:14', '2022-10-22 11:29:40'),
(40, 175, 'product_order', 'Thank you for your order', '<p>হ্যালো , {customer_name},  <br />\r\n\r\nThis is a confirmation mail from us. Your order has been accepted. your item(s) will be shipped soon.</p><p><b>Order number : </b>#{order_number}</p><p><b>Shipping Address</b></p><p>Name : {shpping_fname} {shpping_lname}</p><p>Address: {shpping_address}</p><p>City : {shpping_city}</p><p>Country: {shpping_country}</p><p>Number: {shpping_number}</p><div><div><b>Billing Address</b></div><div>Name : {billing_fname} {billing_lname}</div><div>Address: {billing_address}</div><div>City : {billing_city}</div><div>Country: {billing_country}</div><div>Number: {billing_number}</div></div><p><b>Your order contains....</b></p><p>{order_link}<br /></p><p>Thank you for your order..</p><p>\r\n\r\nBest Regards,<br />\r\n{website_title}.</p><p><br /></p><p>আমরা আপনাকে এটি জানাতে লিখছি যে আগামী কয়েক সপ্তাহ ধরে YouTube হ্যান্ডেল চালু করবে যাতে কমিউনিটি মেম্বারদের পক্ষে একে অপরকে খুঁজে নিয়ে যোগাযোগ করা সহজ হয়। হ্যান্ডেলটি আপনার চ্যানেলের জন্য অনন্য হবে এবং লোকজন আপনাকে কমেন্ট, কমিউনিটি পোস্ট এবং আরও অনেক জায়গায় যেভাবে উল্লেখ করবে তা দেখাবে।<br /></p>', '2022-09-18 05:07:14', '2022-10-22 10:51:56'),
(41, 175, 'reset_password', 'Recover Password of Your Account', '<p>Hi {customer_name},</p><p>We have received a request to reset your password. If you did not make the request, just ignore this email. Otherwise, you can reset your password using the below link.</p><p>{password_reset_link}</p><p>Thanks,<br />{website_title}</p><br />', '2022-09-18 05:07:14', '2022-10-22 11:37:37'),
(51, 230, 'email_verification', 'Customer Email Verification', '<p>Hi,</p><p>{customer_name} </p><p>Please verify your email by clicking the link below. </p><p>Your verification link is {verification_link}</p><p><br /></p><p>Regards</p><p>{website_title}</p>                                                     ', '2022-12-30 23:25:39', '2023-01-03 22:55:31'),
(52, 230, 'product_order', 'Thank you for your order', '<p>Hi {customer_name},<br /><br />\n\nThis is a confirmation mail from us.<br />\nYour order has been accepted. your item(s) will be shipped soon.</p><p><b>Order number : </b>#{order_number}</p><p><br /></p><p><b>Shipping Address</b></p><p>Name : {shpping_fname} {shpping_lname}</p><p>Address: {shpping_address}</p><p>City : {shpping_city}</p><p>Country: {shpping_country}</p><p>Number: {shpping_number}</p><p><br /></p><div><div><b>Billing Address</b></div><div>Name : {billing_fname} {billing_lname}</div><div>Address: {billing_address}</div><div>City : {billing_city}</div><div>Country: {billing_country}</div><div>Number: {billing_number}</div></div><div><br /></div><div><br /></div><div><br /></div><div><br /></div><p><b>Your order contains....</b></p><p><b><br /></b></p><p><br /></p><p>{order_link}</p><p>Thank you for your order..</p><p>\n\nBest Regards,<br />\n{website_title}.<br /></p>', '2022-12-30 23:25:39', '2022-12-30 23:25:39'),
(53, 230, 'reset_password', 'Recover Password of Your Account', '<p>Hi {customer_name},</p><p>We have received a request to reset your password. If you did not make the request, just ignore this email. Otherwise, you can reset your password using the below link.</p><p>{password_reset_link}</p><p>Thanks,<br />{website_title}</p><br />', '2022-12-30 23:25:39', '2022-12-30 23:25:39'),
(54, 172, 'email_verification', 'Customer Email Verification', '<p>Hi,</p><p>{customer_name} </p><p>Please verify your email by clicking the link below. </p><p>Your verification link is {verification_link}</p><p><br /></p><p>Regards</p><p>{website_title}</p>                                                     ', '2022-12-30 23:25:39', '2022-12-30 23:25:39'),
(55, 172, 'product_order', 'Thank you for your order', '<p>Hi {customer_name},<br /><br />\n\nThis is a confirmation mail from us.<br />\nYour order has been accepted. your item(s) will be shipped soon.</p><p><b>Order number : </b>#{order_number}</p><p><br /></p><p><b>Shipping Address</b></p><p>Name : {shpping_fname} {shpping_lname}</p><p>Address: {shpping_address}</p><p>City : {shpping_city}</p><p>Country: {shpping_country}</p><p>Number: {shpping_number}</p><p><br /></p><div><div><b>Billing Address</b></div><div>Name : {billing_fname} {billing_lname}</div><div>Address: {billing_address}</div><div>City : {billing_city}</div><div>Country: {billing_country}</div><div>Number: {billing_number}</div></div><div><br /></div><div><br /></div><div><br /></div><div><br /></div><p><b>Your order contains....</b></p><p><b><br /></b></p><p><br /></p><p>{order_link}</p><p>Thank you for your order..</p><p>\n\nBest Regards,<br />\n{website_title}.<br /></p>', '2022-12-30 23:25:39', '2022-12-30 23:25:39'),
(56, 172, 'reset_password', 'Recover Password of Your Account', '<p>Hi {customer_name},</p><p>We have received a request to reset your password. If you did not make the request, just ignore this email. Otherwise, you can reset your password using the below link.</p><p>{password_reset_link}</p><p>Thanks,<br />{website_title}</p><br />', '2022-12-30 23:25:39', '2022-12-30 23:25:39'),
(57, 176, 'email_verification', 'Customer Email Verification', '<p>Hi,</p><p>{customer_name} </p><p>Please verify your email by clicking the link below. </p><p>Your verification link is {verification_link}</p><p><br /></p><p>Regards</p><p>{website_title}</p>                                                     ', '2022-12-30 23:25:39', '2022-12-30 23:25:39'),
(58, 176, 'product_order', 'Thank you for your order', '<p></p><p>Hi {customer_name},<br /><br />\n\nThis is a confirmation mail from us.<br />\nYour order has been accepted. your item(s) will be shipped soon.</p><p><b>Order number : </b>#{order_number}</p><p><br /></p><p><b>Shipping Address</b></p><p>Name : {shpping_fname} {shpping_lname}</p><p>Address: {shpping_address}</p><p>City : {shpping_city}</p><p>Country: {shpping_country}</p><p>Number: {shpping_number}</p><p><br /></p><div><div><b>Billing Address</b></div><div>Name : {billing_fname} {billing_lname}</div><div>Address: {billing_address}</div><div>City : {billing_city}</div><div>Country: {billing_country}</div><div>Number: {billing_number}</div></div><div><br /></div><div><br /></div><div><br /></div><div><br /></div><p><b>Your order contains....</b></p><p><b><br /></b></p><p><br /></p><p>{order_link}</p><p>Thank you for your order..</p><p>\n\nBest Regards,<br />\n{website_title}.<br /></p>', '2022-12-30 23:25:39', '2022-12-30 23:25:39'),
(59, 176, 'reset_password', 'Recover Password of Your Account', '<p>Hi {customer_name},</p><p>We have received a request to reset your password. If you did not make the request, just ignore this email. Otherwise, you can reset your password using the below link.</p><p>{password_reset_link}</p><p>Thanks,<br />{website_title}</p><br />', '2022-12-30 23:25:39', '2022-12-30 23:25:39'),
(60, 174, 'email_verification', 'Customer Email Verification', '<p>Hi,</p><p>{customer_name} </p><p>Please verify your email by clicking the link below. </p><p>Your verification link is {verification_link}</p><p><br /></p><p>Regards</p><p>{website_title}</p>                                                     ', '2022-12-30 23:25:39', '2022-12-30 23:25:39'),
(61, 174, 'product_order', 'Thank you for your order', '<p>Hi {customer_name},<br /><br />\n\nThis is a confirmation mail from us.<br />\nYour order has been accepted. your item(s) will be shipped soon.</p><p><b>Order number : </b>#{order_number}</p><p><br /></p><p><b>Shipping Address</b></p><p>Name : {shpping_fname} {shpping_lname}</p><p>Address: {shpping_address}</p><p>City : {shpping_city}</p><p>Country: {shpping_country}</p><p>Number: {shpping_number}</p><p><br /></p><div><div><b>Billing Address</b></div><div>Name : {billing_fname} {billing_lname}</div><div>Address: {billing_address}</div><div>City : {billing_city}</div><div>Country: {billing_country}</div><div>Number: {billing_number}</div></div><div><br /></div><div><br /></div><div><br /></div><div><br /></div><p><b>Your order contains....</b></p><p><b><br /></b></p><p><br /></p><p>{order_link}</p><p>Thank you for your order..</p><p>\n\nBest Regards,<br />\n{website_title}.<br /></p>', '2022-12-30 23:25:39', '2022-12-30 23:25:39'),
(62, 174, 'reset_password', 'Recover Password of Your Account', '<p>Hi {customer_name},</p><p>We have received a request to reset your password. If you did not make the request, just ignore this email. Otherwise, you can reset your password using the below link.</p><p>{password_reset_link}</p><p>Thanks,<br />{website_title}</p><br />', '2022-12-30 23:25:39', '2022-12-30 23:25:39'),
(63, 231, 'email_verification', NULL, '<p></p>', '2023-06-18 00:18:47', '2023-06-18 00:18:47'),
(64, 231, 'product_order', NULL, '<p></p>', '2023-06-18 00:18:47', '2023-06-18 00:18:47'),
(65, 231, 'reset_password', NULL, '<p></p>', '2023-06-18 00:18:47', '2023-06-18 00:18:47'),
(66, 231, 'room_booking', NULL, '<p></p>', '2023-06-18 00:18:47', '2023-06-18 00:18:47'),
(67, 231, 'room_booking', NULL, '<p></p>', '2023-06-18 00:18:47', '2023-06-18 00:18:47'),
(68, 231, 'payment_received', NULL, '<p></p>', '2023-06-18 00:18:47', '2023-06-18 00:18:47'),
(69, 231, 'payment_cancelled', NULL, '<p></p>', '2023-06-18 00:18:47', '2023-06-18 00:18:47'),
(70, 231, 'course_enrolment', NULL, '<p></p>', '2023-06-18 00:18:47', '2023-06-18 00:18:47'),
(71, 231, 'course_enrolment_approved', 'Enrollment approved', '<p><span style=\"color:rgb(87,89,98);background-color:rgba(0,0,0,0.05);\">{customer_name}</span></p><p><span style=\"color:rgb(87,89,98);\">{website_title}</span><span style=\"color:rgb(87,89,98);background-color:rgba(0,0,0,0.05);\"><br /></span>                                                       </p>                                                     ', '2023-06-18 00:18:47', '2023-07-17 21:52:00'),
(72, 231, 'course_enrolment_rejected', 'Enrolment Rejected', '<p><span style=\"color:rgb(87,89,98);\">HI,</span></p><p><span style=\"color:rgb(87,89,98);\">{website_title}</span></p><p><br /></p><p><span style=\"color:rgb(87,89,98);background-color:rgba(0,0,0,0.05);\">{customer_name}</span><span style=\"color:rgb(87,89,98);\"><br /></span>                                                       </p>                                                     ', '2023-06-18 00:18:47', '2023-07-17 21:53:18'),
(73, 231, 'donation', NULL, '<p></p>', '2023-06-18 00:18:47', '2023-06-18 00:18:47'),
(74, 231, 'donation_approved', NULL, '<p></p>', '2023-06-18 00:18:47', '2023-06-18 00:18:47'),
(75, 232, 'email_verification', NULL, '<p></p>', '2023-06-18 23:12:07', '2023-06-18 23:12:07'),
(76, 232, 'product_order', NULL, '<p></p>', '2023-06-18 23:12:07', '2023-06-18 23:12:07'),
(77, 232, 'reset_password', NULL, '<p></p>', '2023-06-18 23:12:07', '2023-06-18 23:12:07'),
(78, 232, 'room_booking', NULL, '<p></p>', '2023-06-18 23:12:07', '2023-06-18 23:12:07'),
(79, 232, 'payment_received', NULL, '<p></p>', '2023-06-18 23:12:07', '2023-06-18 23:12:07'),
(80, 232, 'payment_cancelled', NULL, '<p></p>', '2023-06-18 23:12:07', '2023-06-18 23:12:07'),
(81, 232, 'course_enrolment', NULL, '<p></p>', '2023-06-18 23:12:07', '2023-06-18 23:12:07'),
(82, 232, 'course_enrolment_approved', NULL, '<p></p>', '2023-06-18 23:12:07', '2023-06-18 23:12:07'),
(83, 232, 'course_enrolment_rejected', NULL, '<p></p>', '2023-06-18 23:12:07', '2023-06-18 23:12:07'),
(84, 232, 'donation', NULL, '<p></p>', '2023-06-18 23:12:07', '2023-06-18 23:12:07'),
(85, 232, 'donation_approved', NULL, '<p></p>', '2023-06-18 23:12:07', '2023-06-18 23:12:07'),
(86, 233, 'email_verification', NULL, '<p></p>', '2023-06-19 05:23:27', '2023-06-19 05:23:27'),
(87, 233, 'product_order', NULL, '<p></p>', '2023-06-19 05:23:27', '2023-06-19 05:23:27'),
(88, 233, 'reset_password', NULL, '<p></p>', '2023-06-19 05:23:27', '2023-06-19 05:23:27'),
(89, 233, 'room_booking', NULL, '<p></p>', '2023-06-19 05:23:27', '2023-06-19 05:23:27'),
(90, 233, 'room_booking', NULL, '<p></p>', '2023-06-19 05:23:27', '2023-06-19 05:23:27'),
(91, 233, 'payment_received', NULL, '<p></p>', '2023-06-19 05:23:27', '2023-06-19 05:23:27'),
(92, 233, 'payment_cancelled', NULL, '<p></p>', '2023-06-19 05:23:27', '2023-06-19 05:23:27'),
(93, 233, 'course_enrolment', NULL, '<p></p>', '2023-06-19 05:23:27', '2023-06-19 05:23:27'),
(94, 233, 'course_enrolment_approved', NULL, '<p></p>', '2023-06-19 05:23:27', '2023-06-19 05:23:27'),
(95, 233, 'course_enrolment_rejected', NULL, '<p></p>', '2023-06-19 05:23:27', '2023-06-19 05:23:27'),
(96, 233, 'donation', 'Donation g', '<p><span style=\"color:rgb(87,89,98);\">{donor_name}</span><br /></p><p>{cause_name}</p><p><span style=\"color:rgb(87,89,98);\">{website_title}</span></p><p><span style=\"color:rgb(87,89,98);background-color:rgba(0,0,0,0.05);\"><br /></span>                                                       </p>', '2023-06-19 05:23:27', '2023-07-17 23:35:39'),
(97, 233, 'donation_approved', 'Donation Approved', '<p><span style=\"color:rgb(87,89,98);\">{donor_name}</span><br /></p><p>{cause_name}</p><p><span style=\"color:rgb(87,89,98);\">{website_title}</span><span style=\"color:rgb(87,89,98);background-color:rgba(0,0,0,0.05);\"><br /></span>                                                       </p>', '2023-06-19 05:23:27', '2023-07-17 23:26:05'),
(98, 234, 'email_verification', NULL, '<p></p>', '2023-06-19 07:44:21', '2023-06-19 07:44:21'),
(99, 234, 'product_order', NULL, '<p></p>', '2023-06-19 07:44:21', '2023-06-19 07:44:21'),
(100, 234, 'reset_password', NULL, '<p></p>', '2023-06-19 07:44:21', '2023-06-19 07:44:21'),
(101, 234, 'room_booking', NULL, '<p></p>', '2023-06-19 07:44:21', '2023-06-19 07:44:21'),
(102, 234, 'room_booking', NULL, '<p></p>', '2023-06-19 07:44:21', '2023-06-19 07:44:21'),
(103, 234, 'payment_received', NULL, '<p></p>', '2023-06-19 07:44:21', '2023-06-19 07:44:21'),
(104, 234, 'payment_cancelled', NULL, '<p></p>', '2023-06-19 07:44:21', '2023-06-19 07:44:21'),
(105, 234, 'course_enrolment', NULL, '<p></p>', '2023-06-19 07:44:21', '2023-06-19 07:44:21'),
(106, 234, 'course_enrolment_approved', NULL, '<p></p>', '2023-06-19 07:44:21', '2023-06-19 07:44:21'),
(107, 234, 'course_enrolment_rejected', NULL, '<p></p>', '2023-06-19 07:44:21', '2023-06-19 07:44:21'),
(108, 234, 'donation', NULL, '<p></p>', '2023-06-19 07:44:21', '2023-06-19 07:44:21'),
(109, 234, 'donation_approved', NULL, '<p></p>', '2023-06-19 07:44:21', '2023-06-19 07:44:21'),
(217, 245, 'email_verification', NULL, '<p></p>', '2024-02-27 04:20:14', '2024-02-27 04:20:14'),
(218, 245, 'product_order', NULL, '<p></p>', '2024-02-27 04:20:14', '2024-02-27 04:20:14'),
(219, 245, 'reset_password', NULL, '<p></p>', '2024-02-27 04:20:14', '2024-02-27 04:20:14'),
(220, 245, 'room_booking', NULL, '<p></p>', '2024-02-27 04:20:14', '2024-02-27 04:20:14'),
(221, 245, 'room_booking', NULL, '<p></p>', '2024-02-27 04:20:14', '2024-02-27 04:20:14'),
(222, 245, 'payment_received', NULL, '<p></p>', '2024-02-27 04:20:14', '2024-02-27 04:20:14'),
(223, 245, 'payment_cancelled', NULL, '<p></p>', '2024-02-27 04:20:14', '2024-02-27 04:20:14'),
(224, 245, 'course_enrolment', NULL, '<p></p>', '2024-02-27 04:20:14', '2024-02-27 04:20:14'),
(225, 245, 'course_enrolment_approved', NULL, '<p></p>', '2024-02-27 04:20:14', '2024-02-27 04:20:14'),
(226, 245, 'course_enrolment_rejected', NULL, '<p></p>', '2024-02-27 04:20:14', '2024-02-27 04:20:14'),
(227, 245, 'donation', NULL, '<p></p>', '2024-02-27 04:20:14', '2024-02-27 04:20:14'),
(228, 245, 'donation_approved', NULL, '<p></p>', '2024-02-27 04:20:14', '2024-02-27 04:20:14'),
(337, 255, 'email_verification', NULL, '<p></p>', '2024-03-08 22:32:49', '2024-03-08 22:32:49'),
(338, 255, 'product_order', NULL, '<p></p>', '2024-03-08 22:32:49', '2024-03-08 22:32:49'),
(339, 255, 'reset_password', NULL, '<p></p>', '2024-03-08 22:32:49', '2024-03-08 22:32:49'),
(340, 255, 'room_booking', NULL, '<p></p>', '2024-03-08 22:32:49', '2024-03-08 22:32:49'),
(341, 255, 'room_booking', NULL, '<p></p>', '2024-03-08 22:32:49', '2024-03-08 22:32:49'),
(342, 255, 'payment_received', NULL, '<p></p>', '2024-03-08 22:32:49', '2024-03-08 22:32:49'),
(343, 255, 'payment_cancelled', NULL, '<p></p>', '2024-03-08 22:32:49', '2024-03-08 22:32:49'),
(344, 255, 'course_enrolment', NULL, '<p></p>', '2024-03-08 22:32:49', '2024-03-08 22:32:49'),
(345, 255, 'course_enrolment_approved', NULL, '<p></p>', '2024-03-08 22:32:49', '2024-03-08 22:32:49'),
(346, 255, 'course_enrolment_rejected', NULL, '<p></p>', '2024-03-08 22:32:49', '2024-03-08 22:32:49'),
(347, 255, 'donation', NULL, '<p></p>', '2024-03-08 22:32:49', '2024-03-08 22:32:49'),
(348, 255, 'donation_approved', NULL, '<p></p>', '2024-03-08 22:32:49', '2024-03-08 22:32:49'),
(349, 256, 'email_verification', NULL, '<p></p>', '2024-03-08 22:34:33', '2024-03-08 22:34:33'),
(350, 256, 'product_order', NULL, '<p></p>', '2024-03-08 22:34:33', '2024-03-08 22:34:33'),
(351, 256, 'reset_password', NULL, '<p></p>', '2024-03-08 22:34:33', '2024-03-08 22:34:33'),
(352, 256, 'room_booking', NULL, '<p></p>', '2024-03-08 22:34:33', '2024-03-08 22:34:33'),
(353, 256, 'room_booking', NULL, '<p></p>', '2024-03-08 22:34:33', '2024-03-08 22:34:33'),
(354, 256, 'payment_received', NULL, '<p></p>', '2024-03-08 22:34:33', '2024-03-08 22:34:33'),
(355, 256, 'payment_cancelled', NULL, '<p></p>', '2024-03-08 22:34:33', '2024-03-08 22:34:33'),
(356, 256, 'course_enrolment', NULL, '<p></p>', '2024-03-08 22:34:33', '2024-03-08 22:34:33'),
(357, 256, 'course_enrolment_approved', NULL, '<p></p>', '2024-03-08 22:34:33', '2024-03-08 22:34:33'),
(358, 256, 'course_enrolment_rejected', NULL, '<p></p>', '2024-03-08 22:34:33', '2024-03-08 22:34:33'),
(359, 256, 'donation', NULL, '<p></p>', '2024-03-08 22:34:33', '2024-03-08 22:34:33'),
(360, 256, 'donation_approved', NULL, '<p></p>', '2024-03-08 22:34:33', '2024-03-08 22:34:33'),
(361, 257, 'email_verification', NULL, '<p></p>', '2024-03-08 22:38:28', '2024-03-08 22:38:28'),
(362, 257, 'product_order', NULL, '<p></p>', '2024-03-08 22:38:28', '2024-03-08 22:38:28'),
(363, 257, 'reset_password', NULL, '<p></p>', '2024-03-08 22:38:28', '2024-03-08 22:38:28'),
(364, 257, 'room_booking', NULL, '<p></p>', '2024-03-08 22:38:28', '2024-03-08 22:38:28'),
(365, 257, 'room_booking', NULL, '<p></p>', '2024-03-08 22:38:28', '2024-03-08 22:38:28'),
(366, 257, 'payment_received', NULL, '<p></p>', '2024-03-08 22:38:28', '2024-03-08 22:38:28'),
(367, 257, 'payment_cancelled', NULL, '<p></p>', '2024-03-08 22:38:28', '2024-03-08 22:38:28'),
(368, 257, 'course_enrolment', NULL, '<p></p>', '2024-03-08 22:38:28', '2024-03-08 22:38:28'),
(369, 257, 'course_enrolment_approved', NULL, '<p></p>', '2024-03-08 22:38:28', '2024-03-08 22:38:28'),
(370, 257, 'course_enrolment_rejected', NULL, '<p></p>', '2024-03-08 22:38:28', '2024-03-08 22:38:28'),
(371, 257, 'donation', NULL, '<p></p>', '2024-03-08 22:38:28', '2024-03-08 22:38:28'),
(372, 257, 'donation_approved', NULL, '<p></p>', '2024-03-08 22:38:28', '2024-03-08 22:38:28'),
(373, 258, 'email_verification', NULL, '<p></p>', '2024-03-08 22:43:25', '2024-03-08 22:43:25'),
(374, 258, 'product_order', NULL, '<p></p>', '2024-03-08 22:43:25', '2024-03-08 22:43:25'),
(375, 258, 'reset_password', NULL, '<p></p>', '2024-03-08 22:43:25', '2024-03-08 22:43:25'),
(376, 258, 'room_booking', NULL, '<p></p>', '2024-03-08 22:43:25', '2024-03-08 22:43:25'),
(377, 258, 'room_booking', NULL, '<p></p>', '2024-03-08 22:43:25', '2024-03-08 22:43:25'),
(378, 258, 'payment_received', NULL, '<p></p>', '2024-03-08 22:43:25', '2024-03-08 22:43:25'),
(379, 258, 'payment_cancelled', NULL, '<p></p>', '2024-03-08 22:43:25', '2024-03-08 22:43:25'),
(380, 258, 'course_enrolment', NULL, '<p></p>', '2024-03-08 22:43:25', '2024-03-08 22:43:25'),
(381, 258, 'course_enrolment_approved', NULL, '<p></p>', '2024-03-08 22:43:25', '2024-03-08 22:43:25'),
(382, 258, 'course_enrolment_rejected', NULL, '<p></p>', '2024-03-08 22:43:25', '2024-03-08 22:43:25'),
(383, 258, 'donation', NULL, '<p></p>', '2024-03-08 22:43:25', '2024-03-08 22:43:25'),
(384, 258, 'donation_approved', NULL, '<p></p>', '2024-03-08 22:43:25', '2024-03-08 22:43:25'),
(385, 259, 'email_verification', NULL, '<p></p>', '2024-03-08 22:51:33', '2024-03-08 22:51:33'),
(386, 259, 'product_order', NULL, '<p></p>', '2024-03-08 22:51:33', '2024-03-08 22:51:33'),
(387, 259, 'reset_password', NULL, '<p></p>', '2024-03-08 22:51:33', '2024-03-08 22:51:33'),
(388, 259, 'room_booking', NULL, '<p></p>', '2024-03-08 22:51:33', '2024-03-08 22:51:33'),
(389, 259, 'room_booking', NULL, '<p></p>', '2024-03-08 22:51:33', '2024-03-08 22:51:33'),
(390, 259, 'payment_received', NULL, '<p></p>', '2024-03-08 22:51:33', '2024-03-08 22:51:33'),
(391, 259, 'payment_cancelled', NULL, '<p></p>', '2024-03-08 22:51:33', '2024-03-08 22:51:33'),
(392, 259, 'course_enrolment', NULL, '<p></p>', '2024-03-08 22:51:33', '2024-03-08 22:51:33'),
(393, 259, 'course_enrolment_approved', NULL, '<p></p>', '2024-03-08 22:51:33', '2024-03-08 22:51:33'),
(394, 259, 'course_enrolment_rejected', NULL, '<p></p>', '2024-03-08 22:51:33', '2024-03-08 22:51:33'),
(395, 259, 'donation', NULL, '<p></p>', '2024-03-08 22:51:33', '2024-03-08 22:51:33'),
(396, 259, 'donation_approved', NULL, '<p></p>', '2024-03-08 22:51:33', '2024-03-08 22:51:33'),
(397, 261, 'email_verification', NULL, '<p></p>', '2024-03-08 23:00:31', '2024-03-08 23:00:31'),
(398, 261, 'product_order', NULL, '<p></p>', '2024-03-08 23:00:31', '2024-03-08 23:00:31'),
(399, 261, 'reset_password', NULL, '<p></p>', '2024-03-08 23:00:31', '2024-03-08 23:00:31'),
(400, 261, 'room_booking', NULL, '<p></p>', '2024-03-08 23:00:31', '2024-03-08 23:00:31'),
(401, 261, 'room_booking', NULL, '<p></p>', '2024-03-08 23:00:31', '2024-03-08 23:00:31'),
(402, 261, 'payment_received', NULL, '<p></p>', '2024-03-08 23:00:31', '2024-03-08 23:00:31'),
(403, 261, 'payment_cancelled', NULL, '<p></p>', '2024-03-08 23:00:31', '2024-03-08 23:00:31'),
(404, 261, 'course_enrolment', NULL, '<p></p>', '2024-03-08 23:00:31', '2024-03-08 23:00:31'),
(405, 261, 'course_enrolment_approved', NULL, '<p></p>', '2024-03-08 23:00:31', '2024-03-08 23:00:31'),
(406, 261, 'course_enrolment_rejected', NULL, '<p></p>', '2024-03-08 23:00:31', '2024-03-08 23:00:31'),
(407, 261, 'donation', NULL, '<p></p>', '2024-03-08 23:00:31', '2024-03-08 23:00:31'),
(408, 261, 'donation_approved', NULL, '<p></p>', '2024-03-08 23:00:31', '2024-03-08 23:00:31'),
(409, 263, 'email_verification', NULL, '<p></p>', '2024-03-08 23:06:35', '2024-03-08 23:06:35'),
(410, 263, 'product_order', NULL, '<p></p>', '2024-03-08 23:06:35', '2024-03-08 23:06:35'),
(411, 263, 'reset_password', NULL, '<p></p>', '2024-03-08 23:06:35', '2024-03-08 23:06:35'),
(412, 263, 'room_booking', NULL, '<p></p>', '2024-03-08 23:06:35', '2024-03-08 23:06:35'),
(413, 263, 'room_booking', NULL, '<p></p>', '2024-03-08 23:06:35', '2024-03-08 23:06:35'),
(414, 263, 'payment_received', NULL, '<p></p>', '2024-03-08 23:06:35', '2024-03-08 23:06:35'),
(415, 263, 'payment_cancelled', NULL, '<p></p>', '2024-03-08 23:06:35', '2024-03-08 23:06:35'),
(416, 263, 'course_enrolment', NULL, '<p></p>', '2024-03-08 23:06:35', '2024-03-08 23:06:35'),
(417, 263, 'course_enrolment_approved', NULL, '<p></p>', '2024-03-08 23:06:35', '2024-03-08 23:06:35'),
(418, 263, 'course_enrolment_rejected', NULL, '<p></p>', '2024-03-08 23:06:35', '2024-03-08 23:06:35'),
(419, 263, 'donation', NULL, '<p></p>', '2024-03-08 23:06:35', '2024-03-08 23:06:35'),
(420, 263, 'donation_approved', NULL, '<p></p>', '2024-03-08 23:06:35', '2024-03-08 23:06:35'),
(421, 264, 'email_verification', NULL, '<p></p>', '2024-03-08 23:07:48', '2024-03-08 23:07:48'),
(422, 264, 'product_order', NULL, '<p></p>', '2024-03-08 23:07:48', '2024-03-08 23:07:48'),
(423, 264, 'reset_password', NULL, '<p></p>', '2024-03-08 23:07:48', '2024-03-08 23:07:48'),
(424, 264, 'room_booking', NULL, '<p></p>', '2024-03-08 23:07:48', '2024-03-08 23:07:48'),
(425, 264, 'room_booking', NULL, '<p></p>', '2024-03-08 23:07:48', '2024-03-08 23:07:48'),
(426, 264, 'payment_received', NULL, '<p></p>', '2024-03-08 23:07:48', '2024-03-08 23:07:48'),
(427, 264, 'payment_cancelled', NULL, '<p></p>', '2024-03-08 23:07:48', '2024-03-08 23:07:48'),
(428, 264, 'course_enrolment', NULL, '<p></p>', '2024-03-08 23:07:48', '2024-03-08 23:07:48'),
(429, 264, 'course_enrolment_approved', NULL, '<p></p>', '2024-03-08 23:07:48', '2024-03-08 23:07:48'),
(430, 264, 'course_enrolment_rejected', NULL, '<p></p>', '2024-03-08 23:07:48', '2024-03-08 23:07:48'),
(431, 264, 'donation', NULL, '<p></p>', '2024-03-08 23:07:48', '2024-03-08 23:07:48'),
(432, 264, 'donation_approved', NULL, '<p></p>', '2024-03-08 23:07:48', '2024-03-08 23:07:48'),
(433, 265, 'email_verification', NULL, '<p></p>', '2024-03-08 23:09:10', '2024-03-08 23:09:10'),
(434, 265, 'product_order', NULL, '<p></p>', '2024-03-08 23:09:10', '2024-03-08 23:09:10'),
(435, 265, 'reset_password', NULL, '<p></p>', '2024-03-08 23:09:10', '2024-03-08 23:09:10'),
(436, 265, 'room_booking', NULL, '<p></p>', '2024-03-08 23:09:10', '2024-03-08 23:09:10'),
(437, 265, 'room_booking', NULL, '<p></p>', '2024-03-08 23:09:10', '2024-03-08 23:09:10'),
(438, 265, 'payment_received', NULL, '<p></p>', '2024-03-08 23:09:10', '2024-03-08 23:09:10'),
(439, 265, 'payment_cancelled', NULL, '<p></p>', '2024-03-08 23:09:10', '2024-03-08 23:09:10'),
(440, 265, 'course_enrolment', NULL, '<p></p>', '2024-03-08 23:09:10', '2024-03-08 23:09:10'),
(441, 265, 'course_enrolment_approved', NULL, '<p></p>', '2024-03-08 23:09:10', '2024-03-08 23:09:10'),
(442, 265, 'course_enrolment_rejected', NULL, '<p></p>', '2024-03-08 23:09:10', '2024-03-08 23:09:10'),
(443, 265, 'donation', NULL, '<p></p>', '2024-03-08 23:09:10', '2024-03-08 23:09:10'),
(444, 265, 'donation_approved', NULL, '<p></p>', '2024-03-08 23:09:10', '2024-03-08 23:09:10'),
(445, 266, 'email_verification', NULL, '<p></p>', '2024-03-08 23:24:25', '2024-03-08 23:24:25'),
(446, 266, 'product_order', NULL, '<p></p>', '2024-03-08 23:24:25', '2024-03-08 23:24:25'),
(447, 266, 'reset_password', NULL, '<p></p>', '2024-03-08 23:24:25', '2024-03-08 23:24:25'),
(448, 266, 'room_booking', NULL, '<p></p>', '2024-03-08 23:24:25', '2024-03-08 23:24:25'),
(449, 266, 'room_booking', NULL, '<p></p>', '2024-03-08 23:24:25', '2024-03-08 23:24:25'),
(450, 266, 'payment_received', NULL, '<p></p>', '2024-03-08 23:24:25', '2024-03-08 23:24:25'),
(451, 266, 'payment_cancelled', NULL, '<p></p>', '2024-03-08 23:24:25', '2024-03-08 23:24:25'),
(452, 266, 'course_enrolment', NULL, '<p></p>', '2024-03-08 23:24:25', '2024-03-08 23:24:25'),
(453, 266, 'course_enrolment_approved', NULL, '<p></p>', '2024-03-08 23:24:25', '2024-03-08 23:24:25'),
(454, 266, 'course_enrolment_rejected', NULL, '<p></p>', '2024-03-08 23:24:25', '2024-03-08 23:24:25'),
(455, 266, 'donation', NULL, '<p></p>', '2024-03-08 23:24:25', '2024-03-08 23:24:25'),
(456, 266, 'donation_approved', NULL, '<p></p>', '2024-03-08 23:24:25', '2024-03-08 23:24:25'),
(457, 267, 'email_verification', NULL, '<p></p>', '2024-03-08 23:30:13', '2024-03-08 23:30:13'),
(458, 267, 'product_order', NULL, '<p></p>', '2024-03-08 23:30:13', '2024-03-08 23:30:13'),
(459, 267, 'reset_password', NULL, '<p></p>', '2024-03-08 23:30:13', '2024-03-08 23:30:13'),
(460, 267, 'room_booking', NULL, '<p></p>', '2024-03-08 23:30:13', '2024-03-08 23:30:13'),
(461, 267, 'room_booking', NULL, '<p></p>', '2024-03-08 23:30:13', '2024-03-08 23:30:13'),
(462, 267, 'payment_received', NULL, '<p></p>', '2024-03-08 23:30:13', '2024-03-08 23:30:13'),
(463, 267, 'payment_cancelled', NULL, '<p></p>', '2024-03-08 23:30:13', '2024-03-08 23:30:13'),
(464, 267, 'course_enrolment', NULL, '<p></p>', '2024-03-08 23:30:13', '2024-03-08 23:30:13'),
(465, 267, 'course_enrolment_approved', NULL, '<p></p>', '2024-03-08 23:30:13', '2024-03-08 23:30:13'),
(466, 267, 'course_enrolment_rejected', NULL, '<p></p>', '2024-03-08 23:30:13', '2024-03-08 23:30:13'),
(467, 267, 'donation', NULL, '<p></p>', '2024-03-08 23:30:13', '2024-03-08 23:30:13'),
(468, 267, 'donation_approved', NULL, '<p></p>', '2024-03-08 23:30:13', '2024-03-08 23:30:13'),
(469, 268, 'email_verification', NULL, '<p></p>', '2024-03-08 23:31:37', '2024-03-08 23:31:37'),
(470, 268, 'product_order', NULL, '<p></p>', '2024-03-08 23:31:37', '2024-03-08 23:31:37'),
(471, 268, 'reset_password', NULL, '<p></p>', '2024-03-08 23:31:37', '2024-03-08 23:31:37'),
(472, 268, 'room_booking', NULL, '<p></p>', '2024-03-08 23:31:37', '2024-03-08 23:31:37'),
(473, 268, 'room_booking', NULL, '<p></p>', '2024-03-08 23:31:37', '2024-03-08 23:31:37'),
(474, 268, 'payment_received', NULL, '<p></p>', '2024-03-08 23:31:37', '2024-03-08 23:31:37'),
(475, 268, 'payment_cancelled', NULL, '<p></p>', '2024-03-08 23:31:37', '2024-03-08 23:31:37'),
(476, 268, 'course_enrolment', NULL, '<p></p>', '2024-03-08 23:31:37', '2024-03-08 23:31:37'),
(477, 268, 'course_enrolment_approved', NULL, '<p></p>', '2024-03-08 23:31:37', '2024-03-08 23:31:37'),
(478, 268, 'course_enrolment_rejected', NULL, '<p></p>', '2024-03-08 23:31:37', '2024-03-08 23:31:37'),
(479, 268, 'donation', NULL, '<p></p>', '2024-03-08 23:31:37', '2024-03-08 23:31:37'),
(480, 268, 'donation_approved', NULL, '<p></p>', '2024-03-08 23:31:37', '2024-03-08 23:31:37'),
(481, 269, 'email_verification', NULL, '<p></p>', '2024-03-08 23:33:06', '2024-03-08 23:33:06'),
(482, 269, 'product_order', NULL, '<p></p>', '2024-03-08 23:33:06', '2024-03-08 23:33:06'),
(483, 269, 'reset_password', NULL, '<p></p>', '2024-03-08 23:33:06', '2024-03-08 23:33:06'),
(484, 269, 'room_booking', NULL, '<p></p>', '2024-03-08 23:33:06', '2024-03-08 23:33:06'),
(485, 269, 'room_booking', NULL, '<p></p>', '2024-03-08 23:33:06', '2024-03-08 23:33:06'),
(486, 269, 'payment_received', NULL, '<p></p>', '2024-03-08 23:33:06', '2024-03-08 23:33:06'),
(487, 269, 'payment_cancelled', NULL, '<p></p>', '2024-03-08 23:33:06', '2024-03-08 23:33:06'),
(488, 269, 'course_enrolment', NULL, '<p></p>', '2024-03-08 23:33:06', '2024-03-08 23:33:06'),
(489, 269, 'course_enrolment_approved', NULL, '<p></p>', '2024-03-08 23:33:06', '2024-03-08 23:33:06'),
(490, 269, 'course_enrolment_rejected', NULL, '<p></p>', '2024-03-08 23:33:06', '2024-03-08 23:33:06'),
(491, 269, 'donation', NULL, '<p></p>', '2024-03-08 23:33:06', '2024-03-08 23:33:06'),
(492, 269, 'donation_approved', NULL, '<p></p>', '2024-03-08 23:33:06', '2024-03-08 23:33:06'),
(493, 270, 'email_verification', NULL, '<p></p>', '2024-03-08 23:35:56', '2024-03-08 23:35:56'),
(494, 270, 'product_order', NULL, '<p></p>', '2024-03-08 23:35:56', '2024-03-08 23:35:56'),
(495, 270, 'reset_password', NULL, '<p></p>', '2024-03-08 23:35:56', '2024-03-08 23:35:56'),
(496, 270, 'room_booking', NULL, '<p></p>', '2024-03-08 23:35:56', '2024-03-08 23:35:56'),
(497, 270, 'room_booking', NULL, '<p></p>', '2024-03-08 23:35:56', '2024-03-08 23:35:56'),
(498, 270, 'payment_received', NULL, '<p></p>', '2024-03-08 23:35:56', '2024-03-08 23:35:56'),
(499, 270, 'payment_cancelled', NULL, '<p></p>', '2024-03-08 23:35:56', '2024-03-08 23:35:56'),
(500, 270, 'course_enrolment', NULL, '<p></p>', '2024-03-08 23:35:56', '2024-03-08 23:35:56'),
(501, 270, 'course_enrolment_approved', NULL, '<p></p>', '2024-03-08 23:35:56', '2024-03-08 23:35:56'),
(502, 270, 'course_enrolment_rejected', NULL, '<p></p>', '2024-03-08 23:35:56', '2024-03-08 23:35:56'),
(503, 270, 'donation', NULL, '<p></p>', '2024-03-08 23:35:56', '2024-03-08 23:35:56'),
(504, 270, 'donation_approved', NULL, '<p></p>', '2024-03-08 23:35:56', '2024-03-08 23:35:56'),
(505, 271, 'email_verification', NULL, '<p></p>', '2024-03-08 23:36:40', '2024-03-08 23:36:40'),
(506, 271, 'product_order', NULL, '<p></p>', '2024-03-08 23:36:40', '2024-03-08 23:36:40'),
(507, 271, 'reset_password', NULL, '<p></p>', '2024-03-08 23:36:40', '2024-03-08 23:36:40'),
(508, 271, 'room_booking', NULL, '<p></p>', '2024-03-08 23:36:40', '2024-03-08 23:36:40'),
(509, 271, 'room_booking', NULL, '<p></p>', '2024-03-08 23:36:40', '2024-03-08 23:36:40'),
(510, 271, 'payment_received', NULL, '<p></p>', '2024-03-08 23:36:40', '2024-03-08 23:36:40'),
(511, 271, 'payment_cancelled', NULL, '<p></p>', '2024-03-08 23:36:40', '2024-03-08 23:36:40'),
(512, 271, 'course_enrolment', NULL, '<p></p>', '2024-03-08 23:36:40', '2024-03-08 23:36:40'),
(513, 271, 'course_enrolment_approved', NULL, '<p></p>', '2024-03-08 23:36:40', '2024-03-08 23:36:40'),
(514, 271, 'course_enrolment_rejected', NULL, '<p></p>', '2024-03-08 23:36:40', '2024-03-08 23:36:40'),
(515, 271, 'donation', NULL, '<p></p>', '2024-03-08 23:36:40', '2024-03-08 23:36:40'),
(516, 271, 'donation_approved', NULL, '<p></p>', '2024-03-08 23:36:40', '2024-03-08 23:36:40'),
(541, 274, 'email_verification', NULL, '<p></p>', '2024-04-15 23:27:01', '2024-04-15 23:27:01'),
(542, 274, 'product_order', NULL, '<p></p>', '2024-04-15 23:27:01', '2024-04-15 23:27:01'),
(543, 274, 'reset_password', NULL, '<p></p>', '2024-04-15 23:27:01', '2024-04-15 23:27:01'),
(544, 274, 'room_booking', NULL, '<p></p>', '2024-04-15 23:27:01', '2024-04-15 23:27:01'),
(545, 274, 'room_booking', NULL, '<p></p>', '2024-04-15 23:27:01', '2024-04-15 23:27:01'),
(546, 274, 'payment_received', NULL, '<p></p>', '2024-04-15 23:27:01', '2024-04-15 23:27:01'),
(547, 274, 'payment_cancelled', NULL, '<p></p>', '2024-04-15 23:27:01', '2024-04-15 23:27:01'),
(548, 274, 'course_enrolment', NULL, '<p></p>', '2024-04-15 23:27:01', '2024-04-15 23:27:01'),
(549, 274, 'course_enrolment_approved', NULL, '<p></p>', '2024-04-15 23:27:01', '2024-04-15 23:27:01'),
(550, 274, 'course_enrolment_rejected', NULL, '<p></p>', '2024-04-15 23:27:01', '2024-04-15 23:27:01'),
(551, 274, 'donation', NULL, '<p></p>', '2024-04-15 23:27:01', '2024-04-15 23:27:01'),
(552, 274, 'donation_approved', NULL, '<p></p>', '2024-04-15 23:27:01', '2024-04-15 23:27:01');

-- --------------------------------------------------------

--
-- Table structure for table `user_faqs`
--

CREATE TABLE `user_faqs` (
  `id` int NOT NULL,
  `language_id` int NOT NULL,
  `user_id` int NOT NULL,
  `question` varchar(255) NOT NULL,
  `answer` text NOT NULL,
  `serial_number` int NOT NULL,
  `featured` tinyint NOT NULL DEFAULT '0' COMMENT '1- featured, 0 - not featured',
  `created_at` timestamp NOT NULL DEFAULT CURRENT_TIMESTAMP,
  `updated_at` timestamp NOT NULL DEFAULT CURRENT_TIMESTAMP
) ENGINE=InnoDB DEFAULT CHARSET=utf8mb3;

--
-- Dumping data for table `user_faqs`
--

INSERT INTO `user_faqs` (`id`, `language_id`, `user_id`, `question`, `answer`, `serial_number`, `featured`, `created_at`, `updated_at`) VALUES
(18, 183, 169, 'There are many variations of passages of Lorem Ipsum available', 'There are many variations of passages of Lorem Ipsum available, but the majority have suffered alteration in some form, by injected humour, or randomised words which don\'t look even slightly believable', 1, 0, '2021-11-15 03:57:52', '2021-11-15 03:57:52'),
(19, 183, 169, 'If you are going to use a passage of Lorem Ipsum', 'If you are going to use a passage of Lorem Ipsum, you need to be sure there isn\'t anything embarrassing hidden in the middle of text. All the Lorem Ipsum generators on the Internet tend to repeat predefined chunks as necessary', 2, 0, '2021-11-15 04:03:38', '2021-11-15 04:03:38'),
(20, 183, 169, 'when an unknown printer took a galley of type and scrambled', 'It is a long established fact that a reader will be distracted by the readable content of a page when looking at its layout. The point of using Lorem Ipsum is that it has a more-or-less normal distribution of letters', 3, 0, '2021-11-15 04:04:23', '2021-11-15 04:04:23'),
(21, 183, 169, 'There are many variations of passages of Lorem Ipsum available', 'There are many variations of passages of Lorem Ipsum available, but the majority have suffered alteration in some form, by injected humour, or randomised words which don\'t look even slightly believable', 1, 0, '2021-11-15 03:57:52', '2021-11-15 03:57:52'),
(22, 183, 169, 'If you are going to use a passage of Lorem Ipsum', 'If you are going to use a passage of Lorem Ipsum, you need to be sure there isn\'t anything embarrassing hidden in the middle of text. All the Lorem Ipsum generators on the Internet tend to repeat predefined chunks as necessary', 2, 0, '2021-11-15 04:03:38', '2021-11-15 04:03:38'),
(23, 183, 169, 'when an unknown printer took a galley of type and scrambled', 'It is a long established fact that a reader will be distracted by the readable content of a page when looking at its layout. The point of using Lorem Ipsum is that it has a more-or-less normal distribution of letters', 3, 0, '2021-11-15 04:04:23', '2021-11-15 04:04:23'),
(24, 183, 169, 'There are many variations of passages of Lorem Ipsum available', 'There are many variations of passages of Lorem Ipsum available, but the majority have suffered alteration in some form, by injected humour, or randomised words which don\'t look even slightly believable', 1, 0, '2021-11-15 03:57:52', '2021-11-15 03:57:52'),
(27, 184, 169, 'هناك العديد من الأنواع المتوفرة لنصوص لوريم إيبسوم', 'هناك العديد من الأشكال المتوفرة لنصوص لوريم إيبسوم ، لكن الغالبية قد تعرضت للتغيير بشكل ما ، عن طريق إدخال بعض الفكاهة أو الكلمات العشوائية التي لا تبدو قابلة للتصديق إلى حد ما', 1, 0, '2021-11-15 03:57:52', '2021-11-15 03:57:52'),
(28, 184, 169, 'إذا كنت ستستخدم فقرة من لوريم إيبسوم', 'إذا كنت ستستخدم مقطعًا من لوريم إيبسوم ، فعليك التأكد من عدم وجود أي شيء محرج مخفي في منتصف النص. تميل جميع مولدات Lorem Ipsum على الإنترنت إلى تكرار الأجزاء المحددة مسبقًا حسب الضرورة', 2, 0, '2021-11-15 04:03:38', '2021-11-15 04:03:38'),
(29, 184, 169, 'عندما أخذت طابعة غير معروفة لوحًا من النوع وتدافعت', 'هناك حقيقة مثبتة منذ زمن طويل وهي أن المحتوى المقروء لصفحة ما سيلهي القارئ عن التركيز على الشكل الخارجي للنص أو شكل توضع الفقرات في الصفحة التي يقرأها. الهدف من استخدام Lorem Ipsum هو أنه يحتوي على توزيع طبيعي للأحرف إلى حد ما', 3, 0, '2021-11-15 04:04:23', '2021-11-15 04:04:23'),
(30, 184, 169, 'هناك العديد من الأنواع المتوفرة لنصوص لوريم إيبسوم', 'هناك العديد من الأشكال المتوفرة لنصوص لوريم إيبسوم ، لكن الغالبية قد تعرضت للتغيير بشكل ما ، عن طريق إدخال بعض الفكاهة أو الكلمات العشوائية التي لا تبدو قابلة للتصديق إلى حد ما', 1, 0, '2021-11-15 03:57:52', '2021-11-15 03:57:52'),
(31, 184, 169, 'إذا كنت ستستخدم فقرة من لوريم إيبسوم', 'إذا كنت ستستخدم مقطعًا من لوريم إيبسوم ، فعليك التأكد من عدم وجود أي شيء محرج مخفي في منتصف النص. تميل جميع مولدات Lorem Ipsum على الإنترنت إلى تكرار الأجزاء المحددة مسبقًا حسب الضرورة', 2, 0, '2021-11-15 04:03:38', '2021-11-15 04:03:38'),
(32, 184, 169, 'عندما أخذت طابعة غير معروفة لوحًا من النوع وتدافعت', 'هناك حقيقة مثبتة منذ زمن طويل وهي أن المحتوى المقروء لصفحة ما سيلهي القارئ عن التركيز على الشكل الخارجي للنص أو شكل توضع الفقرات في الصفحة التي يقرأها. الهدف من استخدام Lorem Ipsum هو أنه يحتوي على توزيع طبيعي للأحرف إلى حد ما', 3, 0, '2021-11-15 04:04:23', '2021-11-15 04:04:23'),
(33, 184, 169, 'هناك العديد من الأنواع المتوفرة لنصوص لوريم إيبسوم', 'هناك العديد من الأشكال المتوفرة لنصوص لوريم إيبسوم ، لكن الغالبية قد تعرضت للتغيير بشكل ما ، عن طريق إدخال بعض الفكاهة أو الكلمات العشوائية التي لا تبدو قابلة للتصديق إلى حد ما', 1, 0, '2021-11-15 03:57:52', '2021-11-15 03:57:52'),
(34, 185, 170, 'There are many variations of passages of Lorem Ipsum available', 'There are many variations of passages of Lorem Ipsum available, but the majority have suffered alteration in some form, by injected humour, or randomised words which don\'t look even slightly believable', 1, 0, '2021-11-15 03:57:52', '2021-11-15 03:57:52'),
(35, 185, 170, 'If you are going to use a passage of Lorem Ipsum', 'If you are going to use a passage of Lorem Ipsum, you need to be sure there isn\'t anything embarrassing hidden in the middle of text. All the Lorem Ipsum generators on the Internet tend to repeat predefined chunks as necessary', 2, 0, '2021-11-15 04:03:38', '2021-11-15 04:03:38'),
(36, 185, 170, 'when an unknown printer took a galley of type and scrambled', 'It is a long established fact that a reader will be distracted by the readable content of a page when looking at its layout. The point of using Lorem Ipsum is that it has a more-or-less normal distribution of letters', 3, 0, '2021-11-15 04:04:23', '2021-11-15 04:04:23'),
(37, 185, 170, 'There are many variations of passages of Lorem Ipsum available', 'There are many variations of passages of Lorem Ipsum available, but the majority have suffered alteration in some form, by injected humour, or randomised words which don\'t look even slightly believable', 1, 0, '2021-11-15 03:57:52', '2021-11-15 03:57:52'),
(38, 185, 170, 'If you are going to use a passage of Lorem Ipsum', 'If you are going to use a passage of Lorem Ipsum, you need to be sure there isn\'t anything embarrassing hidden in the middle of text. All the Lorem Ipsum generators on the Internet tend to repeat predefined chunks as necessary', 2, 0, '2021-11-15 04:03:38', '2021-11-15 04:03:38'),
(39, 185, 170, 'when an unknown printer took a galley of type and scrambled', 'It is a long established fact that a reader will be distracted by the readable content of a page when looking at its layout. The point of using Lorem Ipsum is that it has a more-or-less normal distribution of letters', 3, 0, '2021-11-15 04:04:23', '2021-11-15 04:04:23'),
(40, 185, 170, 'There are many variations of passages of Lorem Ipsum available', 'There are many variations of passages of Lorem Ipsum available, but the majority have suffered alteration in some form, by injected humour, or randomised words which don\'t look even slightly believable', 1, 0, '2021-11-15 03:57:52', '2021-11-15 03:57:52'),
(41, 186, 170, 'هناك العديد من الأنواع المتوفرة لنصوص لوريم إيبسوم', 'هناك العديد من الأشكال المتوفرة لنصوص لوريم إيبسوم ، لكن الغالبية قد تعرضت للتغيير بشكل ما ، عن طريق إدخال بعض الفكاهة أو الكلمات العشوائية التي لا تبدو قابلة للتصديق إلى حد ما', 1, 0, '2021-11-15 03:57:52', '2021-11-15 03:57:52'),
(42, 186, 170, 'إذا كنت ستستخدم فقرة من لوريم إيبسوم', 'إذا كنت ستستخدم مقطعًا من لوريم إيبسوم ، فعليك التأكد من عدم وجود أي شيء محرج مخفي في منتصف النص. تميل جميع مولدات Lorem Ipsum على الإنترنت إلى تكرار الأجزاء المحددة مسبقًا حسب الضرورة', 2, 0, '2021-11-15 04:03:38', '2021-11-15 04:03:38'),
(43, 186, 170, 'عندما أخذت طابعة غير معروفة لوحًا من النوع وتدافعت', 'هناك حقيقة مثبتة منذ زمن طويل وهي أن المحتوى المقروء لصفحة ما سيلهي القارئ عن التركيز على الشكل الخارجي للنص أو شكل توضع الفقرات في الصفحة التي يقرأها. الهدف من استخدام Lorem Ipsum هو أنه يحتوي على توزيع طبيعي للأحرف إلى حد ما', 3, 0, '2021-11-15 04:04:23', '2021-11-15 04:04:23'),
(44, 186, 170, 'هناك العديد من الأنواع المتوفرة لنصوص لوريم إيبسوم', 'هناك العديد من الأشكال المتوفرة لنصوص لوريم إيبسوم ، لكن الغالبية قد تعرضت للتغيير بشكل ما ، عن طريق إدخال بعض الفكاهة أو الكلمات العشوائية التي لا تبدو قابلة للتصديق إلى حد ما', 1, 0, '2021-11-15 03:57:52', '2021-11-15 03:57:52'),
(45, 186, 170, 'إذا كنت ستستخدم فقرة من لوريم إيبسوم', 'إذا كنت ستستخدم مقطعًا من لوريم إيبسوم ، فعليك التأكد من عدم وجود أي شيء محرج مخفي في منتصف النص. تميل جميع مولدات Lorem Ipsum على الإنترنت إلى تكرار الأجزاء المحددة مسبقًا حسب الضرورة', 2, 0, '2021-11-15 04:03:38', '2021-11-15 04:03:38'),
(46, 186, 170, 'عندما أخذت طابعة غير معروفة لوحًا من النوع وتدافعت', 'هناك حقيقة مثبتة منذ زمن طويل وهي أن المحتوى المقروء لصفحة ما سيلهي القارئ عن التركيز على الشكل الخارجي للنص أو شكل توضع الفقرات في الصفحة التي يقرأها. الهدف من استخدام Lorem Ipsum هو أنه يحتوي على توزيع طبيعي للأحرف إلى حد ما', 3, 0, '2021-11-15 04:04:23', '2021-11-15 04:04:23'),
(47, 186, 170, 'هناك العديد من الأنواع المتوفرة لنصوص لوريم إيبسوم', 'هناك العديد من الأشكال المتوفرة لنصوص لوريم إيبسوم ، لكن الغالبية قد تعرضت للتغيير بشكل ما ، عن طريق إدخال بعض الفكاهة أو الكلمات العشوائية التي لا تبدو قابلة للتصديق إلى حد ما', 1, 0, '2021-11-15 03:57:52', '2021-11-15 03:57:52'),
(48, 187, 171, 'There are many variations of passages of Lorem Ipsum available', 'There are many variations of passages of Lorem Ipsum available, but the majority have suffered alteration in some form, by injected humour, or randomised words which don\'t look even slightly believable', 1, 1, '2021-11-15 03:57:52', '2021-11-15 03:57:52'),
(49, 187, 171, 'If you are going to use a passage of Lorem Ipsum', 'If you are going to use a passage of Lorem Ipsum, you need to be sure there isn\'t anything embarrassing hidden in the middle of text. All the Lorem Ipsum generators on the Internet tend to repeat predefined chunks as necessary', 2, 1, '2021-11-15 04:03:38', '2021-11-15 04:03:38'),
(50, 187, 171, 'when an unknown printer took a galley of type and scrambled', 'It is a long established fact that a reader will be distracted by the readable content of a page when looking at its layout. The point of using Lorem Ipsum is that it has a more-or-less normal distribution of letters', 3, 1, '2021-11-15 04:04:23', '2021-11-15 04:04:23'),
(51, 187, 171, 'There are many variations of passages of Lorem Ipsum available', 'There are many variations of passages of Lorem Ipsum available, but the majority have suffered alteration in some form, by injected humour, or randomised words which don\'t look even slightly believable', 1, 0, '2021-11-15 03:57:52', '2021-11-15 03:57:52'),
(52, 187, 171, 'If you are going to use a passage of Lorem Ipsum', 'If you are going to use a passage of Lorem Ipsum, you need to be sure there isn\'t anything embarrassing hidden in the middle of text. All the Lorem Ipsum generators on the Internet tend to repeat predefined chunks as necessary', 2, 0, '2021-11-15 04:03:38', '2021-11-15 04:03:38'),
(53, 187, 171, 'when an unknown printer took a galley of type and scrambled', 'It is a long established fact that a reader will be distracted by the readable content of a page when looking at its layout. The point of using Lorem Ipsum is that it has a more-or-less normal distribution of letters', 3, 0, '2021-11-15 04:04:23', '2021-11-15 04:04:23'),
(54, 187, 171, 'There are many variations of passages of Lorem Ipsum available', 'There are many variations of passages of Lorem Ipsum available, but the majority have suffered alteration in some form, by injected humour, or randomised words which don\'t look even slightly believable', 1, 0, '2021-11-15 03:57:52', '2021-11-15 03:57:52'),
(55, 188, 171, 'هناك العديد من الأنواع المتوفرة لنصوص لوريم إيبسوم', 'هناك العديد من الأشكال المتوفرة لنصوص لوريم إيبسوم ، لكن الغالبية قد تعرضت للتغيير بشكل ما ، عن طريق إدخال بعض الفكاهة أو الكلمات العشوائية التي لا تبدو قابلة للتصديق إلى حد ما', 1, 1, '2021-11-15 03:57:52', '2021-11-15 03:57:52'),
(56, 188, 171, 'إذا كنت ستستخدم فقرة من لوريم إيبسوم', 'إذا كنت ستستخدم مقطعًا من لوريم إيبسوم ، فعليك التأكد من عدم وجود أي شيء محرج مخفي في منتصف النص. تميل جميع مولدات Lorem Ipsum على الإنترنت إلى تكرار الأجزاء المحددة مسبقًا حسب الضرورة', 2, 1, '2021-11-15 04:03:38', '2021-11-15 04:03:38'),
(57, 188, 171, 'عندما أخذت طابعة غير معروفة لوحًا من النوع وتدافعت', 'هناك حقيقة مثبتة منذ زمن طويل وهي أن المحتوى المقروء لصفحة ما سيلهي القارئ عن التركيز على الشكل الخارجي للنص أو شكل توضع الفقرات في الصفحة التي يقرأها. الهدف من استخدام Lorem Ipsum هو أنه يحتوي على توزيع طبيعي للأحرف إلى حد ما', 3, 1, '2021-11-15 04:04:23', '2021-11-15 04:04:23'),
(58, 188, 171, 'هناك العديد من الأنواع المتوفرة لنصوص لوريم إيبسوم', 'هناك العديد من الأشكال المتوفرة لنصوص لوريم إيبسوم ، لكن الغالبية قد تعرضت للتغيير بشكل ما ، عن طريق إدخال بعض الفكاهة أو الكلمات العشوائية التي لا تبدو قابلة للتصديق إلى حد ما', 1, 0, '2021-11-15 03:57:52', '2021-11-15 03:57:52'),
(59, 188, 171, 'إذا كنت ستستخدم فقرة من لوريم إيبسوم', 'إذا كنت ستستخدم مقطعًا من لوريم إيبسوم ، فعليك التأكد من عدم وجود أي شيء محرج مخفي في منتصف النص. تميل جميع مولدات Lorem Ipsum على الإنترنت إلى تكرار الأجزاء المحددة مسبقًا حسب الضرورة', 2, 0, '2021-11-15 04:03:38', '2021-11-15 04:03:38'),
(60, 188, 171, 'عندما أخذت طابعة غير معروفة لوحًا من النوع وتدافعت', 'هناك حقيقة مثبتة منذ زمن طويل وهي أن المحتوى المقروء لصفحة ما سيلهي القارئ عن التركيز على الشكل الخارجي للنص أو شكل توضع الفقرات في الصفحة التي يقرأها. الهدف من استخدام Lorem Ipsum هو أنه يحتوي على توزيع طبيعي للأحرف إلى حد ما', 3, 0, '2021-11-15 04:04:23', '2021-11-15 04:04:23'),
(61, 188, 171, 'هناك العديد من الأنواع المتوفرة لنصوص لوريم إيبسوم', 'هناك العديد من الأشكال المتوفرة لنصوص لوريم إيبسوم ، لكن الغالبية قد تعرضت للتغيير بشكل ما ، عن طريق إدخال بعض الفكاهة أو الكلمات العشوائية التي لا تبدو قابلة للتصديق إلى حد ما', 1, 0, '2021-11-15 03:57:52', '2021-11-15 03:57:52'),
(62, 184, 169, 'EEEEEEEEe', 'sdfsd', 3, 1, '2022-03-09 03:17:39', '2022-03-09 03:25:19'),
(63, 190, 172, 'There are many variations of passages of Lorem Ipsum available', 'There are many variations of passages of Lorem Ipsum available, but the majority have suffered alteration in some form, by injected humour, or randomised words which don\'t look even slightly believable', 1, 1, '2021-11-14 21:57:52', '2021-11-14 21:57:52'),
(64, 190, 172, 'If you are going to use a passage of Lorem Ipsum', 'If you are going to use a passage of Lorem Ipsum, you need to be sure there isn\'t anything embarrassing hidden in the middle of text. All the Lorem Ipsum generators on the Internet tend to repeat predefined chunks as necessary', 2, 1, '2021-11-14 22:03:38', '2021-11-14 22:03:38'),
(65, 190, 172, 'when an unknown printer took a galley of type and scrambled', 'It is a long established fact that a reader will be distracted by the readable content of a page when looking at its layout. The point of using Lorem Ipsum is that it has a more-or-less normal distribution of letters', 3, 1, '2021-11-14 22:04:23', '2021-11-14 22:04:23'),
(66, 190, 172, 'There are many variations of passages of Lorem Ipsum available', 'There are many variations of passages of Lorem Ipsum available, but the majority have suffered alteration in some form, by injected humour, or randomised words which don\'t look even slightly believable', 1, 0, '2021-11-14 21:57:52', '2021-11-14 21:57:52'),
(67, 190, 172, 'If you are going to use a passage of Lorem Ipsum', 'If you are going to use a passage of Lorem Ipsum, you need to be sure there isn\'t anything embarrassing hidden in the middle of text. All the Lorem Ipsum generators on the Internet tend to repeat predefined chunks as necessary', 2, 0, '2021-11-14 22:03:38', '2021-11-14 22:03:38'),
(68, 190, 172, 'when an unknown printer took a galley of type and scrambled', 'It is a long established fact that a reader will be distracted by the readable content of a page when looking at its layout. The point of using Lorem Ipsum is that it has a more-or-less normal distribution of letters', 3, 0, '2021-11-14 22:04:23', '2021-11-14 22:04:23'),
(69, 190, 172, 'There are many variations of passages of Lorem Ipsum available', 'There are many variations of passages of Lorem Ipsum available, but the majority have suffered alteration in some form, by injected humour, or randomised words which don\'t look even slightly believable', 1, 0, '2021-11-14 21:57:52', '2021-11-14 21:57:52'),
(70, 251, 172, 'هناك العديد من الأنواع المتوفرة لنصوص لوريم إيبسوم', 'هناك العديد من الأشكال المتوفرة لنصوص لوريم إيبسوم ، لكن الغالبية قد تعرضت للتغيير بشكل ما ، عن طريق إدخال بعض الفكاهة أو الكلمات العشوائية التي لا تبدو قابلة للتصديق إلى حد ما', 1, 1, '2021-11-14 21:57:52', '2021-11-14 21:57:52'),
(71, 251, 172, 'إذا كنت ستستخدم فقرة من لوريم إيبسوم', 'إذا كنت ستستخدم مقطعًا من لوريم إيبسوم ، فعليك التأكد من عدم وجود أي شيء محرج مخفي في منتصف النص. تميل جميع مولدات Lorem Ipsum على الإنترنت إلى تكرار الأجزاء المحددة مسبقًا حسب الضرورة', 2, 1, '2021-11-14 22:03:38', '2021-11-14 22:03:38'),
(72, 251, 172, 'عندما أخذت طابعة غير معروفة لوحًا من النوع وتدافعت', 'هناك حقيقة مثبتة منذ زمن طويل وهي أن المحتوى المقروء لصفحة ما سيلهي القارئ عن التركيز على الشكل الخارجي للنص أو شكل توضع الفقرات في الصفحة التي يقرأها. الهدف من استخدام Lorem Ipsum هو أنه يحتوي على توزيع طبيعي للأحرف إلى حد ما', 3, 1, '2021-11-14 22:04:23', '2021-11-14 22:04:23'),
(73, 251, 172, 'هناك العديد من الأنواع المتوفرة لنصوص لوريم إيبسوم', 'هناك العديد من الأشكال المتوفرة لنصوص لوريم إيبسوم ، لكن الغالبية قد تعرضت للتغيير بشكل ما ، عن طريق إدخال بعض الفكاهة أو الكلمات العشوائية التي لا تبدو قابلة للتصديق إلى حد ما', 1, 0, '2021-11-14 21:57:52', '2021-11-14 21:57:52'),
(74, 251, 172, 'إذا كنت ستستخدم فقرة من لوريم إيبسوم', 'إذا كنت ستستخدم مقطعًا من لوريم إيبسوم ، فعليك التأكد من عدم وجود أي شيء محرج مخفي في منتصف النص. تميل جميع مولدات Lorem Ipsum على الإنترنت إلى تكرار الأجزاء المحددة مسبقًا حسب الضرورة', 2, 0, '2021-11-14 22:03:38', '2021-11-14 22:03:38'),
(75, 251, 172, 'عندما أخذت طابعة غير معروفة لوحًا من النوع وتدافعت', 'هناك حقيقة مثبتة منذ زمن طويل وهي أن المحتوى المقروء لصفحة ما سيلهي القارئ عن التركيز على الشكل الخارجي للنص أو شكل توضع الفقرات في الصفحة التي يقرأها. الهدف من استخدام Lorem Ipsum هو أنه يحتوي على توزيع طبيعي للأحرف إلى حد ما', 3, 0, '2021-11-14 22:04:23', '2021-11-14 22:04:23'),
(76, 251, 172, 'هناك العديد من الأنواع المتوفرة لنصوص لوريم إيبسوم', 'هناك العديد من الأشكال المتوفرة لنصوص لوريم إيبسوم ، لكن الغالبية قد تعرضت للتغيير بشكل ما ، عن طريق إدخال بعض الفكاهة أو الكلمات العشوائية التي لا تبدو قابلة للتصديق إلى حد ما', 1, 0, '2021-11-14 21:57:52', '2021-11-14 21:57:52'),
(77, 194, 175, 'There are many variations of passages of Lorem Ipsum available', 'There are many variations of passages of Lorem Ipsum available, but the majority have suffered alteration in some form, by injected humour, or randomised words which don\'t look even slightly believable', 1, 1, '2021-11-14 21:57:52', '2021-11-14 21:57:52'),
(78, 194, 175, 'If you are going to use a passage of Lorem Ipsum', 'If you are going to use a passage of Lorem Ipsum, you need to be sure there isn\'t anything embarrassing hidden in the middle of text. All the Lorem Ipsum generators on the Internet tend to repeat predefined chunks as necessary', 2, 1, '2021-11-14 22:03:38', '2021-11-14 22:03:38'),
(79, 194, 175, 'when an unknown printer took a galley of type and scrambled', 'It is a long established fact that a reader will be distracted by the readable content of a page when looking at its layout. The point of using Lorem Ipsum is that it has a more-or-less normal distribution of letters', 3, 1, '2021-11-14 22:04:23', '2021-11-14 22:04:23'),
(80, 194, 175, 'There are many variations of passages of Lorem Ipsum available', 'There are many variations of passages of Lorem Ipsum available, but the majority have suffered alteration in some form, by injected humour, or randomised words which don\'t look even slightly believable', 1, 0, '2021-11-14 21:57:52', '2021-11-14 21:57:52'),
(81, 194, 175, 'If you are going to use a passage of Lorem Ipsum', 'If you are going to use a passage of Lorem Ipsum, you need to be sure there isn\'t anything embarrassing hidden in the middle of text. All the Lorem Ipsum generators on the Internet tend to repeat predefined chunks as necessary', 2, 0, '2021-11-14 22:03:38', '2021-11-14 22:03:38'),
(82, 194, 175, 'when an unknown printer took a galley of type and scrambled', 'It is a long established fact that a reader will be distracted by the readable content of a page when looking at its layout. The point of using Lorem Ipsum is that it has a more-or-less normal distribution of letters', 3, 0, '2021-11-14 22:04:23', '2021-11-14 22:04:23'),
(83, 194, 175, 'There are many variations of passages of Lorem Ipsum available', 'There are many variations of passages of Lorem Ipsum available, but the majority have suffered alteration in some form, by injected humour, or randomised words which don\'t look even slightly believable', 1, 0, '2021-11-14 21:57:52', '2021-11-14 21:57:52'),
(84, 195, 175, 'هناك العديد من الأنواع المتوفرة لنصوص لوريم إيبسوم', 'هناك العديد من الأشكال المتوفرة لنصوص لوريم إيبسوم ، لكن الغالبية قد تعرضت للتغيير بشكل ما ، عن طريق إدخال بعض الفكاهة أو الكلمات العشوائية التي لا تبدو قابلة للتصديق إلى حد ما', 1, 1, '2021-11-14 21:57:52', '2021-11-14 21:57:52'),
(85, 195, 175, 'إذا كنت ستستخدم فقرة من لوريم إيبسوم', 'إذا كنت ستستخدم مقطعًا من لوريم إيبسوم ، فعليك التأكد من عدم وجود أي شيء محرج مخفي في منتصف النص. تميل جميع مولدات Lorem Ipsum على الإنترنت إلى تكرار الأجزاء المحددة مسبقًا حسب الضرورة', 2, 1, '2021-11-14 22:03:38', '2021-11-14 22:03:38'),
(86, 195, 175, 'عندما أخذت طابعة غير معروفة لوحًا من النوع وتدافعت', 'هناك حقيقة مثبتة منذ زمن طويل وهي أن المحتوى المقروء لصفحة ما سيلهي القارئ عن التركيز على الشكل الخارجي للنص أو شكل توضع الفقرات في الصفحة التي يقرأها. الهدف من استخدام Lorem Ipsum هو أنه يحتوي على توزيع طبيعي للأحرف إلى حد ما', 3, 1, '2021-11-14 22:04:23', '2021-11-14 22:04:23'),
(87, 195, 175, 'هناك العديد من الأنواع المتوفرة لنصوص لوريم إيبسوم', 'هناك العديد من الأشكال المتوفرة لنصوص لوريم إيبسوم ، لكن الغالبية قد تعرضت للتغيير بشكل ما ، عن طريق إدخال بعض الفكاهة أو الكلمات العشوائية التي لا تبدو قابلة للتصديق إلى حد ما', 1, 0, '2021-11-14 21:57:52', '2021-11-14 21:57:52'),
(88, 195, 175, 'إذا كنت ستستخدم فقرة من لوريم إيبسوم', 'إذا كنت ستستخدم مقطعًا من لوريم إيبسوم ، فعليك التأكد من عدم وجود أي شيء محرج مخفي في منتصف النص. تميل جميع مولدات Lorem Ipsum على الإنترنت إلى تكرار الأجزاء المحددة مسبقًا حسب الضرورة', 2, 0, '2021-11-14 22:03:38', '2021-11-14 22:03:38'),
(89, 195, 175, 'عندما أخذت طابعة غير معروفة لوحًا من النوع وتدافعت', 'هناك حقيقة مثبتة منذ زمن طويل وهي أن المحتوى المقروء لصفحة ما سيلهي القارئ عن التركيز على الشكل الخارجي للنص أو شكل توضع الفقرات في الصفحة التي يقرأها. الهدف من استخدام Lorem Ipsum هو أنه يحتوي على توزيع طبيعي للأحرف إلى حد ما', 3, 0, '2021-11-14 22:04:23', '2021-11-14 22:04:23'),
(90, 195, 175, 'هناك العديد من الأنواع المتوفرة لنصوص لوريم إيبسوم', 'هناك العديد من الأشكال المتوفرة لنصوص لوريم إيبسوم ، لكن الغالبية قد تعرضت للتغيير بشكل ما ، عن طريق إدخال بعض الفكاهة أو الكلمات العشوائية التي لا تبدو قابلة للتصديق إلى حد ما', 1, 0, '2021-11-14 21:57:52', '2021-11-14 21:57:52'),
(91, 254, 176, 'There are many variations of passages of Lorem Ipsum available', 'There are many variations of passages of Lorem Ipsum available, but the majority have suffered alteration in some form, by injected humour, or randomised words which don\'t look even slightly believable', 1, 1, '2021-11-14 21:57:52', '2021-11-14 21:57:52'),
(92, 254, 176, 'If you are going to use a passage of Lorem Ipsum', 'If you are going to use a passage of Lorem Ipsum, you need to be sure there isn\'t anything embarrassing hidden in the middle of text. All the Lorem Ipsum generators on the Internet tend to repeat predefined chunks as necessary', 2, 1, '2021-11-14 22:03:38', '2021-11-14 22:03:38'),
(93, 254, 176, 'when an unknown printer took a galley of type and scrambled', 'It is a long established fact that a reader will be distracted by the readable content of a page when looking at its layout. The point of using Lorem Ipsum is that it has a more-or-less normal distribution of letters', 3, 1, '2021-11-14 22:04:23', '2021-11-14 22:04:23'),
(94, 254, 176, 'There are many variations of passages of Lorem Ipsum available', 'There are many variations of passages of Lorem Ipsum available, but the majority have suffered alteration in some form, by injected humour, or randomised words which don\'t look even slightly believable', 1, 1, '2021-11-14 21:57:52', '2022-03-15 08:58:12'),
(95, 254, 176, 'If you are going to use a passage of Lorem Ipsum', 'If you are going to use a passage of Lorem Ipsum, you need to be sure there isn\'t anything embarrassing hidden in the middle of text. All the Lorem Ipsum generators on the Internet tend to repeat predefined chunks as necessary', 2, 1, '2021-11-14 22:03:38', '2022-03-15 08:58:16'),
(96, 254, 176, 'when an unknown printer took a galley of type and scrambled', 'It is a long established fact that a reader will be distracted by the readable content of a page when looking at its layout. The point of using Lorem Ipsum is that it has a more-or-less normal distribution of letters', 3, 0, '2021-11-14 22:04:23', '2021-11-14 22:04:23'),
(97, 254, 176, 'There are many variations of passages of Lorem Ipsum available', 'There are many variations of passages of Lorem Ipsum available, but the majority have suffered alteration in some form, by injected humour, or randomised words which don\'t look even slightly believable', 1, 0, '2021-11-14 21:57:52', '2021-11-14 21:57:52'),
(98, 255, 176, 'هناك العديد من الأنواع المتوفرة لنصوص لوريم إيبسوم', 'هناك العديد من الأشكال المتوفرة لنصوص لوريم إيبسوم ، لكن الغالبية قد تعرضت للتغيير بشكل ما ، عن طريق إدخال بعض الفكاهة أو الكلمات العشوائية التي لا تبدو قابلة للتصديق إلى حد ما', 1, 1, '2021-11-14 21:57:52', '2021-11-14 21:57:52'),
(99, 255, 176, 'إذا كنت ستستخدم فقرة من لوريم إيبسوم', 'إذا كنت ستستخدم مقطعًا من لوريم إيبسوم ، فعليك التأكد من عدم وجود أي شيء محرج مخفي في منتصف النص. تميل جميع مولدات Lorem Ipsum على الإنترنت إلى تكرار الأجزاء المحددة مسبقًا حسب الضرورة', 2, 1, '2021-11-14 22:03:38', '2021-11-14 22:03:38'),
(100, 255, 176, 'عندما أخذت طابعة غير معروفة لوحًا من النوع وتدافعت', 'هناك حقيقة مثبتة منذ زمن طويل وهي أن المحتوى المقروء لصفحة ما سيلهي القارئ عن التركيز على الشكل الخارجي للنص أو شكل توضع الفقرات في الصفحة التي يقرأها. الهدف من استخدام Lorem Ipsum هو أنه يحتوي على توزيع طبيعي للأحرف إلى حد ما', 3, 1, '2021-11-14 22:04:23', '2021-11-14 22:04:23'),
(101, 255, 176, 'هناك العديد من الأنواع المتوفرة لنصوص لوريم إيبسوم', 'هناك العديد من الأشكال المتوفرة لنصوص لوريم إيبسوم ، لكن الغالبية قد تعرضت للتغيير بشكل ما ، عن طريق إدخال بعض الفكاهة أو الكلمات العشوائية التي لا تبدو قابلة للتصديق إلى حد ما', 1, 1, '2021-11-14 21:57:52', '2022-03-15 08:58:26'),
(102, 255, 176, 'إذا كنت ستستخدم فقرة من لوريم إيبسوم', 'إذا كنت ستستخدم مقطعًا من لوريم إيبسوم ، فعليك التأكد من عدم وجود أي شيء محرج مخفي في منتصف النص. تميل جميع مولدات Lorem Ipsum على الإنترنت إلى تكرار الأجزاء المحددة مسبقًا حسب الضرورة', 2, 1, '2021-11-14 22:03:38', '2022-03-15 08:58:23'),
(103, 255, 176, 'عندما أخذت طابعة غير معروفة لوحًا من النوع وتدافعت', 'هناك حقيقة مثبتة منذ زمن طويل وهي أن المحتوى المقروء لصفحة ما سيلهي القارئ عن التركيز على الشكل الخارجي للنص أو شكل توضع الفقرات في الصفحة التي يقرأها. الهدف من استخدام Lorem Ipsum هو أنه يحتوي على توزيع طبيعي للأحرف إلى حد ما', 3, 0, '2021-11-14 22:04:23', '2021-11-14 22:04:23'),
(104, 255, 176, 'هناك العديد من الأنواع المتوفرة لنصوص لوريم إيبسوم', 'هناك العديد من الأشكال المتوفرة لنصوص لوريم إيبسوم ، لكن الغالبية قد تعرضت للتغيير بشكل ما ، عن طريق إدخال بعض الفكاهة أو الكلمات العشوائية التي لا تبدو قابلة للتصديق إلى حد ما', 1, 0, '2021-11-14 21:57:52', '2021-11-14 21:57:52'),
(105, 192, 174, 'There are many variations of passages of Lorem Ipsum available', 'There are many variations of passages of Lorem Ipsum available, but the majority have suffered alteration in some form, by injected humour, or randomised words which don\'t look even slightly believable', 1, 1, '2021-11-14 21:57:52', '2021-11-14 21:57:52'),
(106, 192, 174, 'If you are going to use a passage of Lorem Ipsum', 'If you are going to use a passage of Lorem Ipsum, you need to be sure there isn\'t anything embarrassing hidden in the middle of text. All the Lorem Ipsum generators on the Internet tend to repeat predefined chunks as necessary', 2, 1, '2021-11-14 22:03:38', '2021-11-14 22:03:38'),
(107, 192, 174, 'when an unknown printer took a galley of type and scrambled', 'It is a long established fact that a reader will be distracted by the readable content of a page when looking at its layout. The point of using Lorem Ipsum is that it has a more-or-less normal distribution of letters', 3, 1, '2021-11-14 22:04:23', '2021-11-14 22:04:23'),
(108, 192, 174, 'There are many variations of passages of Lorem Ipsum available', 'There are many variations of passages of Lorem Ipsum available, but the majority have suffered alteration in some form, by injected humour, or randomised words which don\'t look even slightly believable', 1, 1, '2021-11-14 21:57:52', '2022-03-15 08:58:12'),
(109, 192, 174, 'If you are going to use a passage of Lorem Ipsum', 'If you are going to use a passage of Lorem Ipsum, you need to be sure there isn\'t anything embarrassing hidden in the middle of text. All the Lorem Ipsum generators on the Internet tend to repeat predefined chunks as necessary', 2, 1, '2021-11-14 22:03:38', '2022-03-15 08:58:16'),
(110, 192, 174, 'when an unknown printer took a galley of type and scrambled', 'It is a long established fact that a reader will be distracted by the readable content of a page when looking at its layout. The point of using Lorem Ipsum is that it has a more-or-less normal distribution of letters', 3, 0, '2021-11-14 22:04:23', '2021-11-14 22:04:23'),
(111, 192, 174, 'There are many variations of passages of Lorem Ipsum available', 'There are many variations of passages of Lorem Ipsum available, but the majority have suffered alteration in some form, by injected humour, or randomised words which don\'t look even slightly believable', 1, 0, '2021-11-14 21:57:52', '2021-11-14 21:57:52'),
(112, 193, 174, 'هناك العديد من الأنواع المتوفرة لنصوص لوريم إيبسوم', 'هناك العديد من الأشكال المتوفرة لنصوص لوريم إيبسوم ، لكن الغالبية قد تعرضت للتغيير بشكل ما ، عن طريق إدخال بعض الفكاهة أو الكلمات العشوائية التي لا تبدو قابلة للتصديق إلى حد ما', 1, 1, '2021-11-14 21:57:52', '2021-11-14 21:57:52'),
(113, 193, 174, 'إذا كنت ستستخدم فقرة من لوريم إيبسوم', 'إذا كنت ستستخدم مقطعًا من لوريم إيبسوم ، فعليك التأكد من عدم وجود أي شيء محرج مخفي في منتصف النص. تميل جميع مولدات Lorem Ipsum على الإنترنت إلى تكرار الأجزاء المحددة مسبقًا حسب الضرورة', 2, 1, '2021-11-14 22:03:38', '2021-11-14 22:03:38'),
(114, 193, 174, 'عندما أخذت طابعة غير معروفة لوحًا من النوع وتدافعت', 'هناك حقيقة مثبتة منذ زمن طويل وهي أن المحتوى المقروء لصفحة ما سيلهي القارئ عن التركيز على الشكل الخارجي للنص أو شكل توضع الفقرات في الصفحة التي يقرأها. الهدف من استخدام Lorem Ipsum هو أنه يحتوي على توزيع طبيعي للأحرف إلى حد ما', 3, 1, '2021-11-14 22:04:23', '2021-11-14 22:04:23'),
(115, 193, 174, 'هناك العديد من الأنواع المتوفرة لنصوص لوريم إيبسوم', 'هناك العديد من الأشكال المتوفرة لنصوص لوريم إيبسوم ، لكن الغالبية قد تعرضت للتغيير بشكل ما ، عن طريق إدخال بعض الفكاهة أو الكلمات العشوائية التي لا تبدو قابلة للتصديق إلى حد ما', 1, 1, '2021-11-14 21:57:52', '2022-03-15 08:58:26'),
(116, 193, 174, 'إذا كنت ستستخدم فقرة من لوريم إيبسوم', 'إذا كنت ستستخدم مقطعًا من لوريم إيبسوم ، فعليك التأكد من عدم وجود أي شيء محرج مخفي في منتصف النص. تميل جميع مولدات Lorem Ipsum على الإنترنت إلى تكرار الأجزاء المحددة مسبقًا حسب الضرورة', 2, 1, '2021-11-14 22:03:38', '2022-03-15 08:58:23'),
(117, 193, 174, 'عندما أخذت طابعة غير معروفة لوحًا من النوع وتدافعت', 'هناك حقيقة مثبتة منذ زمن طويل وهي أن المحتوى المقروء لصفحة ما سيلهي القارئ عن التركيز على الشكل الخارجي للنص أو شكل توضع الفقرات في الصفحة التي يقرأها. الهدف من استخدام Lorem Ipsum هو أنه يحتوي على توزيع طبيعي للأحرف إلى حد ما', 3, 0, '2021-11-14 22:04:23', '2021-11-14 22:04:23'),
(118, 193, 174, 'هناك العديد من الأنواع المتوفرة لنصوص لوريم إيبسوم', 'هناك العديد من الأشكال المتوفرة لنصوص لوريم إيبسوم ، لكن الغالبية قد تعرضت للتغيير بشكل ما ، عن طريق إدخال بعض الفكاهة أو الكلمات العشوائية التي لا تبدو قابلة للتصديق إلى حد ما', 1, 0, '2021-11-14 21:57:52', '2021-11-14 21:57:52'),
(119, 252, 230, 'There are many variations of passages of Lorem Ipsum available', 'There are many variations of passages of Lorem Ipsum available, but the majority have suffered alteration in some form, by injected humour, or randomised words which don\'t look even slightly believable', 1, 1, '2021-11-14 21:57:52', '2021-11-14 21:57:52'),
(120, 252, 230, 'If you are going to use a passage of Lorem Ipsum', 'If you are going to use a passage of Lorem Ipsum, you need to be sure there isn\'t anything embarrassing hidden in the middle of text. All the Lorem Ipsum generators on the Internet tend to repeat predefined chunks as necessary', 2, 1, '2021-11-14 22:03:38', '2021-11-14 22:03:38'),
(121, 252, 230, 'when an unknown printer took a galley of type and scrambled', 'It is a long established fact that a reader will be distracted by the readable content of a page when looking at its layout. The point of using Lorem Ipsum is that it has a more-or-less normal distribution of letters', 3, 1, '2021-11-14 22:04:23', '2021-11-14 22:04:23'),
(122, 252, 230, 'There are many variations of passages of Lorem Ipsum available', 'There are many variations of passages of Lorem Ipsum available, but the majority have suffered alteration in some form, by injected humour, or randomised words which don\'t look even slightly believable', 1, 1, '2021-11-14 21:57:52', '2022-03-15 08:58:12'),
(123, 252, 230, 'If you are going to use a passage of Lorem Ipsum', 'If you are going to use a passage of Lorem Ipsum, you need to be sure there isn\'t anything embarrassing hidden in the middle of text. All the Lorem Ipsum generators on the Internet tend to repeat predefined chunks as necessary', 2, 1, '2021-11-14 22:03:38', '2022-03-15 08:58:16'),
(124, 252, 230, 'when an unknown printer took a galley of type and scrambled', 'It is a long established fact that a reader will be distracted by the readable content of a page when looking at its layout. The point of using Lorem Ipsum is that it has a more-or-less normal distribution of letters', 3, 0, '2021-11-14 22:04:23', '2021-11-14 22:04:23'),
(125, 252, 230, 'There are many variations of passages of Lorem Ipsum available', 'There are many variations of passages of Lorem Ipsum available, but the majority have suffered alteration in some form, by injected humour, or randomised words which don\'t look even slightly believable', 1, 0, '2021-11-14 21:57:52', '2021-11-14 21:57:52'),
(126, 253, 230, 'هناك العديد من الأنواع المتوفرة لنصوص لوريم إيبسوم', 'هناك العديد من الأشكال المتوفرة لنصوص لوريم إيبسوم ، لكن الغالبية قد تعرضت للتغيير بشكل ما ، عن طريق إدخال بعض الفكاهة أو الكلمات العشوائية التي لا تبدو قابلة للتصديق إلى حد ما', 1, 1, '2021-11-14 21:57:52', '2021-11-14 21:57:52'),
(127, 253, 230, 'إذا كنت ستستخدم فقرة من لوريم إيبسوم', 'إذا كنت ستستخدم مقطعًا من لوريم إيبسوم ، فعليك التأكد من عدم وجود أي شيء محرج مخفي في منتصف النص. تميل جميع مولدات Lorem Ipsum على الإنترنت إلى تكرار الأجزاء المحددة مسبقًا حسب الضرورة', 2, 1, '2021-11-14 22:03:38', '2021-11-14 22:03:38'),
(128, 253, 230, 'عندما أخذت طابعة غير معروفة لوحًا من النوع وتدافعت', 'هناك حقيقة مثبتة منذ زمن طويل وهي أن المحتوى المقروء لصفحة ما سيلهي القارئ عن التركيز على الشكل الخارجي للنص أو شكل توضع الفقرات في الصفحة التي يقرأها. الهدف من استخدام Lorem Ipsum هو أنه يحتوي على توزيع طبيعي للأحرف إلى حد ما', 3, 1, '2021-11-14 22:04:23', '2021-11-14 22:04:23'),
(129, 253, 230, 'هناك العديد من الأنواع المتوفرة لنصوص لوريم إيبسوم', 'هناك العديد من الأشكال المتوفرة لنصوص لوريم إيبسوم ، لكن الغالبية قد تعرضت للتغيير بشكل ما ، عن طريق إدخال بعض الفكاهة أو الكلمات العشوائية التي لا تبدو قابلة للتصديق إلى حد ما', 1, 1, '2021-11-14 21:57:52', '2022-03-15 08:58:26'),
(130, 253, 230, 'إذا كنت ستستخدم فقرة من لوريم إيبسوم', 'إذا كنت ستستخدم مقطعًا من لوريم إيبسوم ، فعليك التأكد من عدم وجود أي شيء محرج مخفي في منتصف النص. تميل جميع مولدات Lorem Ipsum على الإنترنت إلى تكرار الأجزاء المحددة مسبقًا حسب الضرورة', 2, 1, '2021-11-14 22:03:38', '2022-03-15 08:58:23'),
(131, 253, 230, 'هناك العديد من الأنواع المتوفرة لنصوص لوريم إيبسوم', 'هناك العديد من الأشكال المتوفرة لنصوص لوريم إيبسوم ، لكن الغالبية قد تعرضت للتغيير بشكل ما ، عن طريق إدخال بعض الفكاهة أو الكلمات العشوائية التي لا تبدو قابلة للتصديق إلى حد ما', 1, 0, '2021-11-14 21:57:52', '2021-11-14 21:57:52'),
(132, 258, 232, 'Where can I get some ?', 'ghjfh', 1, 0, '2023-09-12 02:46:21', '2023-09-12 02:46:21'),
(133, 256, 231, 'Why this app is so awesome', 'Anim pariatur cliche reprehenderit, enim eiusmod high life accusamus terry richardson ad squid. 3 wolf moon officia aute, non cupidatat skateboard dolor brunch. Food truck quinoa nesciunt laborum eiusmod.', 1, 0, '2024-10-10 03:27:42', '2024-10-10 03:27:42'),
(134, 256, 231, 'What does LOREM mean?', 'Lorem ipsum dolor sit amet, consectetur adipisici elit…’ (complete text) is dummy text that is not meant to mean anything. It is used as a placeholder in magazine layouts, for example, in order to give an impression of the finished document. The text is intentionally unintelligible so that the viewer is not distracted by the content. The language is not real Latin and even the first word ‘Lorem’ does not exist. It is said that the lorem ipsum text has been common among typesetters since the 16th century.', 2, 0, '2024-10-10 03:27:54', '2024-10-10 03:27:54'),
(135, 256, 231, 'Where can I subscribe to your newsletter?', 'We often send out our newsletter with news and great offers. We will never disclose your data to third parties and you can unsubscribe from the newsletter at any time.', 3, 0, '2024-10-10 03:28:07', '2024-10-10 03:28:07'),
(136, 256, 231, 'Where can in edit my address?', 'If you created a new account after or while ordering you can edit both addresses (for billing and shipping) in your', 4, 0, '2024-10-10 03:28:20', '2024-10-10 03:28:20');

-- --------------------------------------------------------

--
-- Table structure for table `user_features`
--

CREATE TABLE `user_features` (
  `id` bigint UNSIGNED NOT NULL,
  `user_id` int DEFAULT NULL,
  `language_id` int DEFAULT NULL,
  `icon` varchar(255) CHARACTER SET utf8mb4 COLLATE utf8mb4_unicode_ci DEFAULT NULL,
  `title` varchar(255) CHARACTER SET utf8mb4 COLLATE utf8mb4_unicode_ci DEFAULT NULL,
  `text` varchar(255) CHARACTER SET utf8mb4 COLLATE utf8mb4_unicode_ci DEFAULT NULL,
  `serial_number` int DEFAULT NULL,
  `created_at` timestamp NULL DEFAULT NULL,
  `updated_at` timestamp NULL DEFAULT NULL,
  `color` varchar(255) CHARACTER SET utf8mb4 COLLATE utf8mb4_unicode_ci DEFAULT NULL
) ENGINE=InnoDB DEFAULT CHARSET=utf8mb4 COLLATE=utf8mb4_unicode_ci;

--
-- Dumping data for table `user_features`
--

INSERT INTO `user_features` (`id`, `user_id`, `language_id`, `icon`, `title`, `text`, `serial_number`, `created_at`, `updated_at`, `color`) VALUES
(6, 169, 183, '1650696562banner-icon-1.png', 'Online Support 24/7.', 'Online Support 24/7.', 1, '2022-04-23 06:41:41', '2022-04-23 07:03:06', NULL),
(7, 169, 183, '1650696618banner-icon-2.png', 'Money Return Back.', 'quis  ullamco laboris nisi ut', 2, '2022-04-23 06:50:18', '2022-04-23 07:02:56', NULL),
(8, 169, 183, '1650696648banner-icon-3.png', '100% Secure Checkout.', 'quis nos laboris nisi ut', 3, '2022-04-23 06:50:48', '2022-04-23 07:02:50', NULL),
(18, 230, 252, '1672555656banner-icon-1.png', 'Online Support 24/7.', 'consequat. Duis aute irure.', 1, '2023-01-01 00:47:36', '2023-01-01 00:47:36', NULL),
(19, 230, 252, '1672555736banner-icon-3.png', '7 Days Replacement.', 'consequat. Duis aute irure.', 2, '2023-01-01 00:48:56', '2023-01-03 04:26:11', NULL),
(20, 230, 252, '1672555818banner-icon-2.png', 'Global Currency.', 'consequat. Duis aute irure.', 3, '2023-01-01 00:50:18', '2023-01-03 04:27:06', NULL),
(21, 230, 253, '1672555955banner-icon-2.png', 'قبول العملات العالمي', 'lorem ipsum كما يُعرف أحيانًا', 1, '2023-01-01 00:52:35', '2023-01-01 00:52:35', NULL),
(22, 230, 253, '1672556097banner-icon-3.png', 'ضمان استبدال 7 أيام', 'يُعرف أحيانًا باسم lorem ipsum', 2, '2023-01-01 00:54:57', '2023-01-01 00:54:57', NULL),
(23, 230, 253, '1672556309banner-icon-1.png', 'دعم عبر الإنترنت 24/7', 'lorem ipsum كـ  من المعروف', 3, '2023-01-01 00:58:29', '2023-01-01 00:58:29', NULL),
(24, 231, 256, NULL, 'Course Completion Certificate', 'See the E Learning Tools your competitors are already using - Start Now! Get App helps more than 800k businesses find the best software for their needs.', 1, '2023-06-18 00:58:22', '2023-06-18 00:58:22', NULL),
(25, 231, 256, NULL, 'Quizzes, Videos, Code Snippets & More', 'See the E Learning Tools your competitors are already using - Start Now! Get App helps more than 800k businesses find the best software for their needs.', 2, '2023-06-18 00:58:51', '2023-06-18 00:58:51', NULL),
(26, 231, 256, NULL, 'Highly Qualified Mentors & Instructors', 'See the E Learning Tools your competitors are already using - Start Now! Get App helps more than 800k businesses find the best software for their needs.', 3, '2023-06-18 00:59:15', '2023-06-18 00:59:15', NULL),
(27, 231, 256, NULL, 'Drag & Drop Lesson Contents Decoration', 'See the E Learning Tools your competitors are already using - Start Now! Get App helps more than 800k businesses find the best software for their needs.', 4, '2023-06-18 00:59:39', '2023-06-18 00:59:39', NULL),
(28, 233, 259, '16871768521 (1).png', 'Surprise Box', 'Replenis our unto the fill set make night beno blessed mid you creature signs.Beast is to replenish saying out whales years years face called.', 1, '2023-06-19 06:14:12', '2023-06-19 06:14:12', 'DC3545'),
(29, 233, 259, '16871768802 (1).png', 'Become Volunteer', 'Replenis our unto the fill set make night beno blessed mid you creature signs.Beast is to replenish saying out whales years years face called.', 2, '2023-06-19 06:14:40', '2023-06-19 06:18:23', '28A745'),
(30, 233, 259, '16871769183 (1).png', 'Send Donation', 'Replenis our unto the fill set make night beno blessed mid you creature signs.Beast is to replenish saying out whales years years face called.', 3, '2023-06-19 06:15:18', '2023-06-19 06:15:18', 'FD7E14');

-- --------------------------------------------------------

--
-- Table structure for table `user_footer_quick_links`
--

CREATE TABLE `user_footer_quick_links` (
  `id` int NOT NULL,
  `language_id` int NOT NULL,
  `title` varchar(255) NOT NULL,
  `url` varchar(255) NOT NULL,
  `serial_number` int NOT NULL,
  `user_id` int NOT NULL,
  `created_at` timestamp NOT NULL DEFAULT CURRENT_TIMESTAMP,
  `updated_at` timestamp NOT NULL DEFAULT CURRENT_TIMESTAMP
) ENGINE=InnoDB DEFAULT CHARSET=utf8mb3;

--
-- Dumping data for table `user_footer_quick_links`
--

INSERT INTO `user_footer_quick_links` (`id`, `language_id`, `title`, `url`, `serial_number`, `user_id`, `created_at`, `updated_at`) VALUES
(17, 183, 'About Us', 'http://example.com/', 1, 169, '2021-11-15 03:22:12', '2021-11-15 03:22:12'),
(18, 183, 'Terms & Conditions', 'http://example.com/', 2, 169, '2021-11-15 03:22:26', '2021-11-15 03:22:26'),
(19, 183, 'Privacy Policy', 'http://example.com/', 3, 169, '2021-11-15 03:22:41', '2021-11-15 03:22:41'),
(20, 183, 'Contact Us', 'http://example.com/', 4, 169, '2021-11-15 03:45:32', '2021-11-15 03:45:32'),
(21, 184, 'معلومات عنا', 'http://example.com/', 1, 169, '2021-11-15 03:22:12', '2021-11-15 03:22:12'),
(22, 184, 'البنود و الظروف', 'http://example.com/', 2, 169, '2021-11-15 03:22:26', '2021-11-15 03:22:26'),
(23, 184, 'سياسة خاصة', 'http://example.com/', 3, 169, '2021-11-15 03:22:41', '2021-11-15 03:22:41'),
(24, 184, 'اتصل بنا', 'http://example.com/', 4, 169, '2021-11-15 03:45:32', '2021-11-15 03:45:32'),
(25, 185, 'About Us', 'http://example.com/', 1, 170, '2021-11-15 03:22:12', '2021-11-15 03:22:12'),
(26, 185, 'Terms & Conditions', 'http://example.com/', 2, 170, '2021-11-15 03:22:26', '2021-11-15 03:22:26'),
(27, 185, 'Privacy Policy', 'http://example.com/', 3, 170, '2021-11-15 03:22:41', '2021-11-15 03:22:41'),
(28, 185, 'Contact Us', 'http://example.com/', 4, 170, '2021-11-15 03:45:32', '2021-11-15 03:45:32'),
(29, 186, 'معلومات عنا', 'http://example.com/', 1, 170, '2021-11-15 03:22:12', '2021-11-15 03:22:12'),
(30, 186, 'البنود و الظروف', 'http://example.com/', 2, 170, '2021-11-15 03:22:26', '2021-11-15 03:22:26'),
(31, 186, 'سياسة خاصة', 'http://example.com/', 3, 170, '2021-11-15 03:22:41', '2021-11-15 03:22:41'),
(32, 186, 'اتصل بنا', 'http://example.com/', 4, 170, '2021-11-15 03:45:32', '2021-11-15 03:45:32'),
(33, 187, 'About Us', 'http://example.com/', 1, 171, '2021-11-15 03:22:12', '2021-11-15 03:22:12'),
(34, 187, 'Terms & Conditions', 'http://example.com/', 2, 171, '2021-11-15 03:22:26', '2021-11-15 03:22:26'),
(35, 187, 'Privacy Policy', 'http://example.com/', 3, 171, '2021-11-15 03:22:41', '2021-11-15 03:22:41'),
(36, 187, 'Contact Us', 'http://example.com/', 4, 171, '2021-11-15 03:45:32', '2021-11-15 03:45:32'),
(37, 188, 'معلومات عنا', 'http://example.com/', 1, 171, '2021-11-15 03:22:12', '2021-11-15 03:22:12'),
(38, 188, 'البنود و الظروف', 'http://example.com/', 2, 171, '2021-11-15 03:22:26', '2021-11-15 03:22:26'),
(39, 188, 'سياسة خاصة', 'http://example.com/', 3, 171, '2021-11-15 03:22:41', '2021-11-15 03:22:41'),
(40, 188, 'اتصل بنا', 'http://example.com/', 4, 171, '2021-11-15 03:45:32', '2021-11-15 03:45:32'),
(41, 190, 'About Us', 'http://example.com/', 1, 172, '2021-11-14 21:22:12', '2021-11-14 21:22:12'),
(42, 190, 'Terms & Conditions', 'http://example.com/', 2, 172, '2021-11-14 21:22:26', '2021-11-14 21:22:26'),
(43, 190, 'Privacy Policy', 'http://example.com/', 3, 172, '2021-11-14 21:22:41', '2021-11-14 21:22:41'),
(44, 190, 'Contact Us', 'http://example.com/', 4, 172, '2021-11-14 21:45:32', '2021-11-14 21:45:32'),
(45, 251, 'معلومات عنا', 'http://example.com/', 1, 172, '2021-11-14 21:22:12', '2021-11-14 21:22:12'),
(46, 251, 'البنود و الظروف', 'http://example.com/', 2, 172, '2021-11-14 21:22:26', '2021-11-14 21:22:26'),
(47, 251, 'سياسة خاصة', 'http://example.com/', 3, 172, '2021-11-14 21:22:41', '2021-11-14 21:22:41'),
(48, 251, 'اتصل بنا', 'http://example.com/', 4, 172, '2021-11-14 21:45:32', '2021-11-14 21:45:32'),
(49, 192, 'About Us', 'http://example.com/', 1, 174, '2021-11-14 21:22:12', '2021-11-14 21:22:12'),
(50, 192, 'Terms & Conditions', 'http://example.com/', 2, 174, '2021-11-14 21:22:26', '2021-11-14 21:22:26'),
(51, 192, 'Privacy Policy', 'http://example.com/', 3, 174, '2021-11-14 21:22:41', '2021-11-14 21:22:41'),
(52, 192, 'Contact Us', 'http://example.com/', 4, 174, '2021-11-14 21:45:32', '2021-11-14 21:45:32'),
(53, 193, 'معلومات عنا', 'http://example.com/', 1, 174, '2021-11-14 21:22:12', '2021-11-14 21:22:12'),
(54, 193, 'البنود و الظروف', 'http://example.com/', 2, 174, '2021-11-14 21:22:26', '2021-11-14 21:22:26'),
(55, 193, 'سياسة خاصة', 'http://example.com/', 3, 174, '2021-11-14 21:22:41', '2021-11-14 21:22:41'),
(56, 193, 'اتصل بنا', 'http://example.com/', 4, 174, '2021-11-14 21:45:32', '2021-11-14 21:45:32'),
(57, 194, 'About Us', 'http://example.com/', 1, 175, '2021-11-14 21:22:12', '2021-11-14 21:22:12'),
(58, 194, 'Terms & Conditions', 'http://example.com/', 2, 175, '2021-11-14 21:22:26', '2021-11-14 21:22:26'),
(59, 194, 'Privacy Policy', 'http://example.com/', 3, 175, '2021-11-14 21:22:41', '2021-11-14 21:22:41'),
(60, 194, 'Contact Us', 'http://example.com/', 4, 175, '2021-11-14 21:45:32', '2021-11-14 21:45:32'),
(61, 195, 'معلومات عنا', 'http://example.com/', 1, 175, '2021-11-14 21:22:12', '2021-11-14 21:22:12'),
(62, 195, 'البنود و الظروف', 'http://example.com/', 2, 175, '2021-11-14 21:22:26', '2021-11-14 21:22:26'),
(63, 195, 'سياسة خاصة', 'http://example.com/', 3, 175, '2021-11-14 21:22:41', '2021-11-14 21:22:41'),
(64, 195, 'اتصل بنا', 'http://example.com/', 4, 175, '2021-11-14 21:45:32', '2021-11-14 21:45:32'),
(65, 254, 'About Us', 'http://example.com/', 1, 176, '2021-11-14 21:22:12', '2021-11-14 21:22:12'),
(66, 254, 'Terms & Conditions', 'http://example.com/', 2, 176, '2021-11-14 21:22:26', '2021-11-14 21:22:26'),
(67, 254, 'Privacy Policy', 'http://example.com/', 3, 176, '2021-11-14 21:22:41', '2021-11-14 21:22:41'),
(68, 254, 'Contact Us', 'http://example.com/', 4, 176, '2021-11-14 21:45:32', '2021-11-14 21:45:32'),
(69, 255, 'معلومات عنا', 'http://example.com/', 1, 176, '2021-11-14 21:22:12', '2021-11-14 21:22:12'),
(70, 255, 'البنود و الظروف', 'http://example.com/', 2, 176, '2021-11-14 21:22:26', '2021-11-14 21:22:26'),
(71, 255, 'سياسة خاصة', 'http://example.com/', 3, 176, '2021-11-14 21:22:41', '2021-11-14 21:22:41'),
(72, 255, 'اتصل بنا', 'http://example.com/', 4, 176, '2021-11-14 21:45:32', '2021-11-14 21:45:32'),
(73, 252, 'About Us', 'http://example.com/', 1, 230, '2021-11-14 21:22:12', '2021-11-14 21:22:12'),
(74, 252, 'Terms & Conditions', 'http://example.com/', 2, 230, '2021-11-14 21:22:26', '2021-11-14 21:22:26'),
(75, 252, 'Privacy Policy', 'http://example.com/', 3, 230, '2021-11-14 21:22:41', '2021-11-14 21:22:41'),
(76, 252, 'Contact Us', 'http://example.com/', 4, 230, '2021-11-14 21:45:32', '2021-11-14 21:45:32'),
(77, 253, 'معلومات عنا', 'http://example.com/', 1, 230, '2021-11-14 21:22:12', '2021-11-14 21:22:12'),
(78, 253, 'البنود و الظروف', 'http://example.com/', 2, 230, '2021-11-14 21:22:26', '2021-11-14 21:22:26'),
(79, 253, 'سياسة خاصة', 'http://example.com/', 3, 230, '2021-11-14 21:22:41', '2021-11-14 21:22:41'),
(80, 256, 'Terms & Conditions', 'http://example.com/', 1, 231, '2023-06-18 02:32:02', '2023-06-18 02:32:02'),
(81, 256, 'Contact Us', 'http://example.com/', 2, 231, '2023-06-18 02:32:26', '2023-06-18 02:32:26'),
(82, 256, 'About Us', 'http://example.com/', 3, 231, '2023-06-18 02:32:44', '2023-06-18 02:32:44'),
(83, 258, 'About Us', 'http://localhost/hotelbooking/about-us', 1, 232, '2023-06-19 00:14:18', '2023-06-19 00:14:18'),
(84, 258, 'Terms & Conditions', 'http://localhost/hotelbooking/terms-&-conditions', 2, 232, '2023-06-19 00:14:40', '2023-06-19 00:14:40'),
(85, 258, 'FAQs', 'http://localhost/hotelbooking/faqs', 3, 232, '2023-06-19 00:14:56', '2023-06-19 00:14:56'),
(86, 258, 'Contact Us', 'http://localhost/hotelbooking/contact', 4, 232, '2023-06-19 00:15:09', '2023-06-19 00:15:09'),
(87, 258, 'Gallery', 'http://localhost/hotelbooking/gallery', 5, 232, '2023-06-19 00:15:22', '2023-06-19 00:15:22'),
(88, 258, 'Services', 'http://localhost/hotelbooking/services', 6, 232, '2023-06-19 00:15:40', '2023-06-19 00:15:40'),
(89, 259, 'About us', 'http://example.com/', 1, 233, '2023-06-19 05:37:36', '2023-06-19 05:37:36'),
(90, 259, 'Terms & Condition', 'http://example.com/', 2, 233, '2023-06-19 05:38:06', '2023-06-19 05:59:27'),
(91, 259, 'Contact', 'http://example.com/', 3, 233, '2023-06-19 05:38:15', '2023-06-19 05:38:15');

-- --------------------------------------------------------

--
-- Table structure for table `user_footer_texts`
--

CREATE TABLE `user_footer_texts` (
  `id` int NOT NULL,
  `language_id` int NOT NULL,
  `logo` text NOT NULL,
  `about_company` text,
  `copyright_text` text,
  `user_id` int NOT NULL,
  `created_at` timestamp NOT NULL DEFAULT CURRENT_TIMESTAMP,
  `updated_at` timestamp NOT NULL DEFAULT CURRENT_TIMESTAMP,
  `newsletter_text` varchar(255) DEFAULT NULL,
  `bg_image` varchar(255) DEFAULT NULL,
  `footer_color` varchar(255) DEFAULT NULL
) ENGINE=InnoDB DEFAULT CHARSET=utf8mb3;

--
-- Dumping data for table `user_footer_texts`
--

INSERT INTO `user_footer_texts` (`id`, `language_id`, `logo`, `about_company`, `copyright_text`, `user_id`, `created_at`, `updated_at`, `newsletter_text`, `bg_image`, `footer_color`) VALUES
(6, 183, '2636f58042ba53a3a8b1959e290298b9987a524d.png', 'Power of choice is untrammelled &amp; when nothing prevents our being able', 'Copyright © 2023. All rights reserved by Rolan', 169, '2021-11-14 21:21:51', '2021-11-15 01:45:36', 'Dolor sit amet consectetur adipiscing elit sed do eiusmod tempor incididunt', NULL, NULL),
(7, 184, '2636f58042ba53a3a8b1959e290298b9987a524d.png', 'قوة الاختيار غير مقيدة وأمبير. عندما لا شيء يمنعنا من أن نكون قادرين', 'حقوق النشر © 2023. جميع الحقوق محفوظة لـ Rolan', 169, '2021-11-14 21:21:51', '2021-11-15 01:45:36', 'خلافاَ للإعتقاد السائد فإن لوريم إيبسوم ليس نصاَ عشوائياً، بل إن له جذور في الأدب اللاتيني ', NULL, NULL),
(9, 185, 'e5ee3f6d54f0664b0b3879ae334e9b24bbf58eb1.png', 'Power of choice is untrammelled &amp; when nothing prevents our being able', 'Copyright © 2023. All rights reserved by Rolan', 170, '2021-11-14 21:21:51', '2021-11-16 23:59:30', 'Dolor sit amet consectetur adipiscing elit sed do eiusmod tempor incididunt', NULL, NULL),
(10, 186, '146ebe344d8957aab6e436778c34bba190b3f1b0.png', 'قوة الاختيار غير مقيدة وأمبير. عندما لا شيء يمنعنا من أن نكون قادرين', 'حقوق النشر © 2023. جميع الحقوق محفوظة لـ Rolan', 170, '2021-11-14 21:21:51', '2021-11-16 23:59:35', 'خلافاَ للإعتقاد السائد فإن لوريم إيبسوم ليس نصاَ عشوائياً، بل إن له جذور في الأدب اللاتيني ', NULL, NULL),
(12, 187, 'e5ee3f6d54f0664b0b3879ae334e9b24bbf58eb1.png', 'Power of choice is untrammelled &amp; when nothing prevents our being able', 'Copyright © 2023. All rights reserved by Rolan', 171, '2021-11-14 21:21:51', '2021-11-16 23:59:30', 'Dolor sit amet consectetur adipiscing elit sed do eiusmod tempor incididunt', NULL, NULL),
(13, 188, '146ebe344d8957aab6e436778c34bba190b3f1b0.png', 'قوة الاختيار غير مقيدة وأمبير. عندما لا شيء يمنعنا من أن نكون قادرين', 'حقوق النشر © 2023. جميع الحقوق محفوظة لـ Rolan', 171, '2021-11-14 21:21:51', '2021-11-16 23:59:35', 'خلافاَ للإعتقاد السائد فإن لوريم إيبسوم ليس نصاَ عشوائياً، بل إن له جذور في الأدب اللاتيني ', NULL, NULL),
(17, 192, '7556b078b136ecf0fccc9c390bfb3c1b086e4700.png', 'Power of choice is untrammelled &amp; when nothing prevents our being able. Dolor sit amet consectetur adipiscing elit sed do eiusmod tempor incididunt', '<p>Copyright © 2022. All rights reserved by Rangs</p>', 174, '2021-11-14 15:21:51', '2022-03-14 05:50:42', 'Dolor sit amet consectetur adipiscing elit sed do eiusmod tempor incididunt', NULL, NULL),
(18, 193, '61d2f05023dee4330b32223f6ec859f79b93e8ff.png', 'قوة الاختيار غير مقيدة وأمبير. عندما لا شيء يمنعنا من أن نكون قادرين. الألم مهم', 'حقوق النشر © 2023. جميع الحقوق محفوظة Synopharm', 174, '2021-11-14 15:21:51', '2022-03-14 05:40:54', 'خلافاَ للإعتقاد السائد فإن لوريم إيبسوم ليس نصاَ عشوائياً، بل إن له جذور في الأدب اللاتيني ', NULL, NULL),
(21, 194, '33ceedeebc40b7bd750b18d0ec4c9570cbe58cc5.png', 'Power of choice is untrammelled &amp; when nothing prevents our being able. Dolor sit amet consectetur adipiscing elit sed do eiusmod tempor incididunt', 'Copyright © 2023. All rights reserved by Genex', 175, '2021-11-14 15:21:51', '2023-01-04 01:45:59', 'Dolor sit amet consectetur adipiscing elit sed do eiusmod tempor incididunt', NULL, NULL),
(22, 255, '33ceedeebc40b7bd750b18d0ec4c9570cbe58cc5.png', 'قوة الاختيار غير مقيدة وأمبير. عندما لا شيء يمنعنا من أن نكون قادرين. الألم مهم', 'حقوق النشر © 2023. جميع الحقوق محفوظة Synopharm', 175, '2021-11-14 15:21:51', '2022-03-12 08:37:12', 'خلافاَ للإعتقاد السائد فإن لوريم إيبسوم ليس نصاَ عشوائياً، بل إن له جذور في الأدب اللاتيني ', NULL, NULL),
(23, 254, '51d4a5e2a6a86bfed01ee250ad932141e3d8368a.png', 'Power of choice is untrammelled &amp; when nothing prevents our being able. Dolor sit amet consectetur adipiscing elit sed do eiusmod tempor incididunt', 'Copyright © 2023. All rights reserved by Synopharm', 176, '2021-11-14 15:21:51', '2022-03-19 23:29:01', 'Printer took a galley of type and scrambled it to make a type specimenbook.', NULL, NULL),
(24, 197, '1153f8496258eb7bf615731b2e3c99a8ba454dcc.png', 'قوة الاختيار غير مقيدة وأمبير. عندما لا شيء يمنعنا من أن نكون قادرين. الألم مهم', 'حقوق النشر © 2023. جميع الحقوق محفوظة Synopharm', 176, '2021-11-14 15:21:51', '2022-03-19 23:29:34', 'أخذت الطابعة لوحًا من النوع وتدافعت عليه لعمل عينة كتابية.', NULL, NULL),
(25, 190, 'b3b51d3dbdd55fc817e7e280a463a6b9eb7b31cc.png', 'Power of choice is untrammelled &amp; when nothing prevents our being able. Dolor sit amet consectetur adipiscing elit sed do eiusmod tempor incididunt', '<p><span style=\"font-family:\'Nunito Sans\', sans-serif;font-size:16px;text-align:center;background-color:rgb(255,255,255);\"><font color=\"#000000\">Copyright © 2022. All rights reserved by Synopharm</font></span><br /></p>', 172, '2022-12-25 03:50:25', '2022-12-25 03:50:25', 'Power of choice is untrammelled &amp; when nothing prevents our being able. Dolor sit amet consectetur adipiscing elit sed do eiusmod tempor incididunt', NULL, NULL),
(26, 252, '9f61936e7bdc6308e1821de438fd5c636615fd57.png', 'Lorem Ipsum is simply dummied text of the printing and typesetting industry. Lorem Ipsum has been the industry\'s.', '<p>all right reserved Boutique 2023<br /></p>', 230, '2023-01-01 07:03:49', '2023-01-04 01:25:35', '', NULL, NULL),
(27, 253, 'c9e6cf235c66b5e21161d2480d1d1462fbb2a59a.png', 'قوة الاختيار غير مقيدة وأمبير. عندما لا شيء يمنعنا من أن نكون قادرين', 'حقوق النشر © 2023. جميع الحقوق محفوظة لـ Boutique', 230, '2021-11-14 21:21:51', '2023-01-04 00:51:37', 'خلافاَ للإعتقاد السائد فإن لوريم إيبسوم ليس نصاَ عشوائياً، بل إن له جذور في الأدب اللاتيني ', NULL, NULL),
(28, 255, '84376b3bbada34a18c1a5f06607373defd3e844b.png', 'قوة الاختيار غير محدودة وعندما لا شيء يمنعنا من أن نكون قادرين. قوة الاختيار غير محدودة وعندما لا شيء يمنعنا من أن نكون قادرينقوة الاختيار غير محدودة وعندما لا شيء يمنعنا من أن نكون قادرين. قوة الاختيار غير محدودة وعندما لا شيء يمنعنا من أن نكون قادرين', '<p>جميع الحقوق محفوظة<br /></p>', 176, '2023-01-04 01:35:37', '2023-01-04 01:35:37', 'قوة الاختيار غير محدودة', NULL, NULL),
(29, 195, '4f7daf2dc2950e694c228fc1cff5963c65d2f759.png', 'قوة الاختيار غير مقيدة وعندما لا شيء يمنعنا من ذلك. Dolor sit amet consectetur adipiscing elit sed do eiusmod tempor incidunt', '<p>حقوق النشر © 2023. جميع الحقوق محفوظة لشركة Genex<br /></p>', 175, '2023-01-04 01:47:15', '2023-01-04 01:47:15', 'ة الاختيار غير مقيدة وعندما', NULL, NULL),
(30, 251, 'aea91d2ec33e99dbc171fc5b6de369b77b0e57f6.png', 'قوة الاختيار غير مقيدة وعندما لا شيء يمنعنا من ذلك. Dolor sit amet consectetur adipiscing elit sed do eiusmod tempor incidunt', '<p>حقوق النشر © 2023. جميع الحقوق محفوظة Synopharm<br /></p>', 172, '2023-01-04 01:51:50', '2023-01-04 01:51:50', 'قوة الاختيار غير مقيدة وعندما لا شيء يمنعنا من ذلك. Dolor sit amet consectetur adipiscing elit sed do eiusmod tempor incidunt', NULL, NULL),
(31, 256, 'cd485187227792df059e0b6c6ad446aa92cc1c1c.png', 'Lorem ipsum dolor sit amet consectetur adipisicing elit. Possimus dignissimos quibusdam quia sit delectus. Cupiditate corporis, delectus quo ullam repudiandae illum culpa, magni modi, asperiores quis non magnam fugit vitae!', '<p><span style=\"color:rgb(248,249,250);font-family:Karla, sans-serif;font-size:16px;text-align:center;\">Copyright ©2023. All Rights Reserved.</span><br /></p>', 231, '2023-06-18 02:17:35', '2023-06-18 02:31:08', '', NULL, '001B61'),
(32, 258, '270a8f89225ddf68247f018211783233167eb533.png', 'Lorem Ipsum is simply dummy text of the printing and typesetting industry. Lorem Ipsum has been the industry', '<p><font color=\"#ffffff\">Copyright@2022. All Rights Reserved</font><br /></p>', 232, '2023-06-19 00:13:36', '2023-09-17 03:43:09', '', NULL, NULL),
(33, 259, '9de9e9407ed73d7202d34ed064a4317d1cf8c0bf.png', 'Lorem Ipsum is simply dummy text of the printing and typesetting industry. Lorem Ipsum has been the industry', '<p><span style=\"font-family:Rubik, sans-serif;font-size:16px;text-align:center;\"><font color=\"#ffffff\">Copyright © 2021. All rights reserved</font></span><br /></p>', 233, '2023-06-19 05:36:58', '2023-06-19 05:36:58', '', NULL, NULL);

-- --------------------------------------------------------

--
